000
CDUS43 KICT 242306
CLIICT


CLIMATE REPORT
NATIONAL WEATHER SERVICE WICHITA KS
506 PM CST MON NOV 24 2014


...................................

...THE WICHITA MID CONTINENT CLIMATE SUMMARY FOR NOVEMBER 24 2014...
VALID TODAY AS OF 500 PM LOCAL TIME.

CLIMATE NORMAL PERIOD 1981 TO 2010
CLIMATE RECORD PERIOD 1888 TO 2014


WEATHER ITEM   OBSERVED TIME   RECORD YEAR NORMAL DEPARTURE LAST
                VALUE   (LST)  VALUE       VALUE  FROM      YEAR
                                                  NORMAL
..................................................................
TEMPERATURE (F)
 TODAY
  MAXIMUM         53    248 PM  70    1915  52      1       29
  MINIMUM         34    759 AM  11    1970  31      3       19
                                      1950
                                      1938
  AVERAGE         44                        41      3       24

PRECIPITATION (IN)
  TODAY            0.00          0.60 1992   0.04  -0.04     0.00
  MONTH TO DATE    0.45                      1.18  -0.73     0.60
  SINCE SEP 1      2.33                      7.10  -4.77     5.68
  SINCE JAN 1     24.31                     31.19  -6.88    39.85

SNOWFALL (IN)
  TODAY           MM             2.0  2007   0.1   MM        0.0
  MONTH TO DATE    1.8                       0.8    0.0       T
  SINCE SEP 1      1.8                       0.9    0.9       T
  SINCE JUL 1      1.8                       0.9    0.9       T
  SNOW DEPTH       0

DEGREE DAYS
 HEATING
  TODAY           21                        24     -3       41
  MONTH TO DATE  576                       435    141      451
  SINCE SEP 1    738                       720     18      704
  SINCE JUL 1    739                       721     18      705

 COOLING
  TODAY            0                         0      0        0
  MONTH TO DATE    0                         0      0        0
  SINCE SEP 1    353                       257     96      365
  SINCE JAN 1   1849                      1684    165     1778
..................................................................


WIND (MPH)
  HIGHEST WIND SPEED    32   HIGHEST WIND DIRECTION    NW (320)
  HIGHEST GUST SPEED    39   HIGHEST GUST DIRECTION    NW (310)
  AVERAGE WIND SPEED    19.2


SKY COVER
  POSSIBLE SUNSHINE  MM
  AVERAGE SKY COVER 0.2


WEATHER CONDITIONS
 THE FOLLOWING WEATHER WAS RECORDED TODAY.
  NO SIGNIFICANT WEATHER WAS OBSERVED.


RELATIVE HUMIDITY (PERCENT)
 HIGHEST    64           300 AM
 LOWEST     22           300 PM
 AVERAGE    43

..........................................................


THE WICHITA MID CONTINENT CLIMATE NORMALS FOR TOMORROW
                         NORMAL    RECORD    YEAR
 MAXIMUM TEMPERATURE (F)   51        74      1910
 MINIMUM TEMPERATURE (F)   30        11      1993


SUNRISE AND SUNSET
NOVEMBER 24 2014......SUNRISE   719 AM CST   SUNSET   513 PM CST
NOVEMBER 25 2014......SUNRISE   720 AM CST   SUNSET   513 PM CST


-  INDICATES NEGATIVE NUMBERS.
R  INDICATES RECORD WAS SET OR TIED.
MM INDICATES DATA IS MISSING.
T  INDICATES TRACE AMOUNT.




$$

JMBW
