651
CDUS43 KICT 062307
CLIICT


CLIMATE REPORT
NATIONAL WEATHER SERVICE WICHITA KS
507 PM CST TUE DEC 6 2016


...................................

...THE WICHITA EISENHOWER NATIONAL CLIMATE SUMMARY FOR DECEMBER 6 2016...
VALID TODAY AS OF 0500 PM LOCAL TIME.

CLIMATE NORMAL PERIOD 1981 TO 2010
CLIMATE RECORD PERIOD 1888 TO 2016


WEATHER ITEM   OBSERVED TIME   RECORD YEAR NORMAL DEPARTURE LAST
                VALUE   (LST)  VALUE       VALUE  FROM      YEAR
                                                  NORMAL
..................................................................
TEMPERATURE (F)
 TODAY
  MAXIMUM         41    345 PM  74    1939  46     -5       58
  MINIMUM         30    829 AM  -1    1950  26      4       33
  AVERAGE         36                        36      0       46

PRECIPITATION (IN)
  TODAY            0.00          0.65 1974   0.04  -0.04     0.00
  MONTH TO DATE    0.37                      0.26   0.11     0.00
  SINCE DEC 1      0.37                      0.26   0.11     0.00
  SINCE JAN 1     50.31                     31.70  18.61    39.80

SNOWFALL (IN)
  TODAY            0.0           3.8  1909   0.1   -0.1      0.0
  MONTH TO DATE    0.0                       0.7   -0.7      0.0
  SINCE DEC 1      0.0                       0.7   -0.7      0.0
  SINCE JUL 1      0.0                       2.1   -2.1      0.3
  SNOW DEPTH       0

DEGREE DAYS
 HEATING
  TODAY           29                        29      0       19
  MONTH TO DATE  149                       169    -20      136
  SINCE DEC 1    149                       169    -20      136
  SINCE JUL 1    602                      1045   -443      705

 COOLING
  TODAY            0                         0      0        0
  MONTH TO DATE    0                         0      0        0
  SINCE DEC 1      0                         0      0        0
  SINCE JAN 1   2054                      1686    368     1907
..................................................................


WIND (MPH)
  HIGHEST WIND SPEED    26   HIGHEST WIND DIRECTION     N (360)
  HIGHEST GUST SPEED    36   HIGHEST GUST DIRECTION     N (360)
  AVERAGE WIND SPEED    14.6


SKY COVER
  POSSIBLE SUNSHINE  MM
  AVERAGE SKY COVER 0.5


WEATHER CONDITIONS
 THE FOLLOWING WEATHER WAS RECORDED TODAY.
  FOG


RELATIVE HUMIDITY (PERCENT)
 HIGHEST   100          1200 AM
 LOWEST     34           200 PM
 AVERAGE    67

..........................................................


THE WICHITA EISENHOWER NATIONAL CLIMATE NORMALS FOR TOMORROW
                         NORMAL    RECORD    YEAR
 MAXIMUM TEMPERATURE (F)   46        75      1966
 MINIMUM TEMPERATURE (F)   26         0      1917
                                             1909


SUNRISE AND SUNSET
DECEMBER  6 2016......SUNRISE   731 AM CST   SUNSET   511 PM CST
DECEMBER  7 2016......SUNRISE   732 AM CST   SUNSET   511 PM CST


-  INDICATES NEGATIVE NUMBERS.
R  INDICATES RECORD WAS SET OR TIED.
MM INDICATES DATA IS MISSING.
T  INDICATES TRACE AMOUNT.




$$
