056
CDUS43 KICT 120641
CLIICT


CLIMATE REPORT
NATIONAL WEATHER SERVICE WICHITA KS
1241 AM CST FRI FEB 12 2016


...................................

...THE WICHITA EISENHOWER NATIONAL CLIMATE SUMMARY FOR FEBRUARY 11 2016...

CLIMATE NORMAL PERIOD 1981 TO 2010
CLIMATE RECORD PERIOD 1888 TO 2016


WEATHER ITEM   OBSERVED TIME   RECORD YEAR NORMAL DEPARTURE LAST
                VALUE   (LST)  VALUE       VALUE  FROM      YEAR
                                                  NORMAL
..................................................................
TEMPERATURE (F)
 YESTERDAY
  MAXIMUM         49    439 PM  77    1951  47      2       44
  MINIMUM         28   1159 PM -17    1899  25      3       24
  AVERAGE         39                        36      3       34

PRECIPITATION (IN)
  YESTERDAY        0.00          0.71 1894   0.04  -0.04     0.00
  MONTH TO DATE    0.55                      0.41   0.14     0.03
  SINCE DEC 1      2.96                      2.44   0.52     2.43
  SINCE JAN 1      0.74                      1.24  -0.50     1.14

SNOWFALL (IN)
  YESTERDAY        0.0           7.5  1894   0.1   -0.1      0.0
  MONTH TO DATE    0.0                       1.5   -1.5      0.1
  SINCE DEC 1      0.5                       9.3   -8.8      8.3
  SINCE JUL 1      0.8                      10.7   -9.9     10.1
  SNOW DEPTH       0

DEGREE DAYS
 HEATING
  YESTERDAY       26                        29     -3       31
  MONTH TO DATE  282                       332    -50      305
  SINCE DEC 1   1964                      2316   -352     2079
  SINCE JUL 1   2533                      3192   -659     2959

 COOLING
  YESTERDAY        0                         0      0        0
  MONTH TO DATE    0                         0      0        0
  SINCE DEC 1      0                         0      0        0
  SINCE JAN 1      0                         0      0        0
..................................................................


WIND (MPH)
  HIGHEST WIND SPEED    20   HIGHEST WIND DIRECTION     N (20)
  HIGHEST GUST SPEED    23   HIGHEST GUST DIRECTION    NE (30)
  AVERAGE WIND SPEED     6.5


SKY COVER
  POSSIBLE SUNSHINE  MM
  AVERAGE SKY COVER 0.4


WEATHER CONDITIONS
 THE FOLLOWING WEATHER WAS RECORDED YESTERDAY.
  NO SIGNIFICANT WEATHER WAS OBSERVED.


RELATIVE HUMIDITY (PERCENT)
 HIGHEST    78           800 AM
 LOWEST     42           300 PM
 AVERAGE    60

..........................................................


THE WICHITA EISENHOWER NATIONAL CLIMATE NORMALS FOR TODAY
                         NORMAL    RECORD    YEAR
 MAXIMUM TEMPERATURE (F)   47        81      1962
 MINIMUM TEMPERATURE (F)   25       -22      1899


SUNRISE AND SUNSET
FEBRUARY 12 2016......SUNRISE   723 AM CST   SUNSET   605 PM CST
FEBRUARY 13 2016......SUNRISE   722 AM CST   SUNSET   606 PM CST


-  INDICATES NEGATIVE NUMBERS.
R  INDICATES RECORD WAS SET OR TIED.
MM INDICATES DATA IS MISSING.
T  INDICATES TRACE AMOUNT.




$$
