000
CDUS43 KICT 252305
CLIICT


CLIMATE REPORT
NATIONAL WEATHER SERVICE WICHITA KS
504 PM CST THU DEC 25 2014


...................................

...THE WICHITA MID CONTINENT CLIMATE SUMMARY FOR DECEMBER 25 2014...
VALID TODAY AS OF 500 PM LOCAL TIME.

CLIMATE NORMAL PERIOD 1981 TO 2010
CLIMATE RECORD PERIOD 1888 TO 2014


WEATHER ITEM   OBSERVED TIME   RECORD YEAR NORMAL DEPARTURE LAST
                VALUE   (LST)  VALUE       VALUE  FROM      YEAR
                                                  NORMAL
..................................................................
TEMPERATURE (F)
 TODAY
  MAXIMUM         57    252 PM  65    1960  42     15       41
                                      1954
                                      1950
  MINIMUM         32   1216 AM  -6    1983  23      9       18
  AVERAGE         45                        32     13       30

PRECIPITATION (IN)
  TODAY            0.00          0.53 1940   0.04  -0.04     0.00
  MONTH TO DATE    1.22                      1.02   0.20     0.60
  SINCE DEC 1      1.22                      1.02   0.20     0.60
  SINCE JAN 1     25.53                     32.46  -6.93    40.45

SNOWFALL (IN)
  TODAY            0.0           4.0  1894   0.2   -0.2      0.0
  MONTH TO DATE    2.7                       3.4   -0.7      3.4
  SINCE DEC 1      2.7                       3.4   -0.7      3.4
  SINCE JUL 1      4.5                       4.8   -0.3      3.4
  SNOW DEPTH       0

DEGREE DAYS
 HEATING
  TODAY           20                        33    -13       35
  MONTH TO DATE  597                       769   -172      873
  SINCE DEC 1    597                       769   -172      873
  SINCE JUL 1   1477                      1645   -168     1758

 COOLING
  TODAY            0                         0      0        0
  MONTH TO DATE    0                         0      0        0
  SINCE DEC 1      0                         0      0        0
  SINCE JAN 1   1849                      1686    163     1778
..................................................................


WIND (MPH)
  HIGHEST WIND SPEED    38   HIGHEST WIND DIRECTION     S (190)
  HIGHEST GUST SPEED    47   HIGHEST GUST DIRECTION     S (200)
  AVERAGE WIND SPEED    20.5


SKY COVER
  POSSIBLE SUNSHINE  MM
  AVERAGE SKY COVER 0.3


WEATHER CONDITIONS
 THE FOLLOWING WEATHER WAS RECORDED TODAY.
  NO SIGNIFICANT WEATHER WAS OBSERVED.


RELATIVE HUMIDITY (PERCENT)
 HIGHEST    72          1200 AM
 LOWEST     32           100 PM
 AVERAGE    52

..........................................................


THE WICHITA MID CONTINENT CLIMATE NORMALS FOR TOMORROW
                         NORMAL    RECORD    YEAR
 MAXIMUM TEMPERATURE (F)   42        69      2008
 MINIMUM TEMPERATURE (F)   22        -6      1892


SUNRISE AND SUNSET
DECEMBER 25 2014......SUNRISE   743 AM CST   SUNSET   517 PM CST
DECEMBER 26 2014......SUNRISE   743 AM CST   SUNSET   517 PM CST


-  INDICATES NEGATIVE NUMBERS.
R  INDICATES RECORD WAS SET OR TIED.
MM INDICATES DATA IS MISSING.
T  INDICATES TRACE AMOUNT.




$$

JMBW
