000
CDUS43 KICT 150642
CLIICT


CLIMATE REPORT
NATIONAL WEATHER SERVICE WICHITA KS
1242 AM CST FRI DEC 15 2017


...................................

...THE WICHITA EISENHOWER NATIONAL CLIMATE SUMMARY FOR DECEMBER 14 2017...

CLIMATE NORMAL PERIOD 1981 TO 2010
CLIMATE RECORD PERIOD 1888 TO 2017


WEATHER ITEM   OBSERVED TIME   RECORD YEAR NORMAL DEPARTURE LAST
                VALUE   (LST)  VALUE       VALUE  FROM      YEAR
                                                  NORMAL
..................................................................
TEMPERATURE (F)
 YESTERDAY
  MAXIMUM         51    316 PM  70    1948  43      8       37
  MINIMUM         34    248 AM  -6    1901  24     10       18
  AVERAGE         43                        34      9       28

PRECIPITATION (IN)
  YESTERDAY        0.00          0.71 2011   0.04  -0.04     0.00
  MONTH TO DATE    0.00                      0.60  -0.60     0.37
  SINCE DEC 1      0.00                      0.60  -0.60     0.37
  SINCE JAN 1     33.81                     32.04   1.77    50.31

SNOWFALL (IN)
  YESTERDAY        0.0           7.5  1987   0.2   -0.2      0.0
  MONTH TO DATE    0.0                       1.9   -1.9       T
  SINCE DEC 1      0.0                       1.9   -1.9       T
  SINCE JUL 1      0.0                       3.3   -3.3       T
  SNOW DEPTH       0

DEGREE DAYS
 HEATING
  YESTERDAY       22                        31     -9       37
  MONTH TO DATE  309                       412   -103      445
  SINCE DEC 1    309                       412   -103      445
  SINCE JUL 1   1039                      1288   -249      898

 COOLING
  YESTERDAY        0                         0      0        0
  MONTH TO DATE    0                         0      0        0
  SINCE DEC 1      0                         0      0        0
  SINCE JAN 1   1785                      1686     99     2054
..................................................................


WIND (MPH)
  HIGHEST WIND SPEED    22   HIGHEST WIND DIRECTION    NW (320)
  HIGHEST GUST SPEED    27   HIGHEST GUST DIRECTION    NW (320)
  AVERAGE WIND SPEED    10.8


SKY COVER
  POSSIBLE SUNSHINE  MM
  AVERAGE SKY COVER 0.5


WEATHER CONDITIONS
 THE FOLLOWING WEATHER WAS RECORDED YESTERDAY.
  NO SIGNIFICANT WEATHER WAS OBSERVED.


RELATIVE HUMIDITY (PERCENT)
 HIGHEST    79          1100 PM
 LOWEST     39           200 PM
 AVERAGE    59

..........................................................


THE WICHITA EISENHOWER NATIONAL CLIMATE NORMALS FOR TODAY
                         NORMAL    RECORD    YEAR
 MAXIMUM TEMPERATURE (F)   43        66      2006
                                             1939
 MINIMUM TEMPERATURE (F)   24       -10      1989


SUNRISE AND SUNSET
DECEMBER 15 2017......SUNRISE   738 AM CST   SUNSET   512 PM CST
DECEMBER 16 2017......SUNRISE   738 AM CST   SUNSET   513 PM CST


-  INDICATES NEGATIVE NUMBERS.
R  INDICATES RECORD WAS SET OR TIED.
MM INDICATES DATA IS MISSING.
T  INDICATES TRACE AMOUNT.




$$
