000
CDUS43 KICT 240631
CLIICT

CLIMATE REPORT
NATIONAL WEATHER SERVICE WICHITA KS
129 AM CDT FRI MAR 24 2017

...................................

...THE WICHITA EISENHOWER NATIONAL CLIMATE SUMMARY FOR MARCH 23 2017...

CLIMATE NORMAL PERIOD 1981 TO 2010
CLIMATE RECORD PERIOD 1888 TO 2017


WEATHER ITEM   OBSERVED TIME   RECORD YEAR NORMAL DEPARTURE LAST
                VALUE   (LST)  VALUE       VALUE  FROM      YEAR
                                                  NORMAL
..................................................................
TEMPERATURE (F)
 YESTERDAY
  MAXIMUM         82    353 PM  84    1967  60     22       78
  MINIMUM         53    548 AM  14    1974  37     16       42
  AVERAGE         68                        49     19       60

PRECIPITATION (IN)
  YESTERDAY        0.00          2.13 1984   0.09  -0.09      T
  MONTH TO DATE    0.02                      1.91  -1.89     0.91
  SINCE MAR 1      0.02                      1.91  -1.89     0.91
  SINCE JAN 1      3.64                      3.92  -0.28     1.65

SNOWFALL (IN)
  YESTERDAY        0.0           5.5  1912   0.0    0.0      0.0
  MONTH TO DATE    T                         1.8   -1.8       T
  SINCE MAR 1      T                         1.8   -1.8       T
  SINCE JUL 1      2.0                      14.2  -12.2      0.8
  SNOW DEPTH       0

DEGREE DAYS
 HEATING
  YESTERDAY        0                        16    -16        5
  MONTH TO DATE  317                       455   -138      278
  SINCE MAR 1    317                       455   -138      278
  SINCE JUL 1   3161                      4095   -934     3128

 COOLING
  YESTERDAY        3                         0      3        0
  MONTH TO DATE   18                         0     18        3
  SINCE MAR 1     18                         0     18        3
  SINCE JAN 1     18                         0     18        3
..................................................................


WIND (MPH)
  HIGHEST WIND SPEED    36   HIGHEST WIND DIRECTION     S (180)
  HIGHEST GUST SPEED    44   HIGHEST GUST DIRECTION     S (180)
  AVERAGE WIND SPEED    20.9


SKY COVER
  POSSIBLE SUNSHINE  MM
  AVERAGE SKY COVER 0.7


WEATHER CONDITIONS
 THE FOLLOWING WEATHER WAS RECORDED YESTERDAY.
  NO SIGNIFICANT WEATHER WAS OBSERVED.


RELATIVE HUMIDITY (PERCENT)
 HIGHEST    83           600 AM
 LOWEST     34           400 PM
 AVERAGE    59

..........................................................


THE WICHITA EISENHOWER NATIONAL CLIMATE NORMALS FOR TODAY
                         NORMAL    RECORD    YEAR
 MAXIMUM TEMPERATURE (F)   61        85      1929
                                             1907
 MINIMUM TEMPERATURE (F)   37        10      1974


SUNRISE AND SUNSET
MARCH 24 2017.........SUNRISE   727 AM CDT   SUNSET   746 PM CDT
MARCH 25 2017.........SUNRISE   725 AM CDT   SUNSET   746 PM CDT


-  INDICATES NEGATIVE NUMBERS.
R  INDICATES RECORD WAS SET OR TIED.
MM INDICATES DATA IS MISSING.
T  INDICATES TRACE AMOUNT.

$$
