000
CDUS43 KICT 100645
CLIICT


CLIMATE REPORT
NATIONAL WEATHER SERVICE WICHITA KS
1245 AM CST SUN DEC 10 2017


...................................

...THE WICHITA EISENHOWER NATIONAL CLIMATE SUMMARY FOR DECEMBER 9 2017...

CLIMATE NORMAL PERIOD 1981 TO 2010
CLIMATE RECORD PERIOD 1888 TO 2017


WEATHER ITEM   OBSERVED TIME   RECORD YEAR NORMAL DEPARTURE LAST
                VALUE   (LST)  VALUE       VALUE  FROM      YEAR
                                                  NORMAL
..................................................................
TEMPERATURE (F)
 YESTERDAY
  MAXIMUM         53    352 PM  67    1946  45      8       29
                                      1896
  MINIMUM         26   1147 PM  -4    1919  25      1       12
  AVERAGE         40                        35      5       21

PRECIPITATION (IN)
  YESTERDAY        0.00          1.79 1911   0.04  -0.04     0.00
  MONTH TO DATE    0.00                      0.39  -0.39     0.37
  SINCE DEC 1      0.00                      0.39  -0.39     0.37
  SINCE JAN 1     33.81                     31.83   1.98    50.31

SNOWFALL (IN)
  YESTERDAY        0.0           3.4  1947   0.1   -0.1      0.0
  MONTH TO DATE    0.0                       1.1   -1.1       T
  SINCE DEC 1      0.0                       1.1   -1.1       T
  SINCE JUL 1      0.0                       2.5   -2.5       T
  SNOW DEPTH       0

DEGREE DAYS
 HEATING
  YESTERDAY       25                        30     -5       44
  MONTH TO DATE  212                       258    -46      273
  SINCE DEC 1    212                       258    -46      273
  SINCE JUL 1    942                      1134   -192      726

 COOLING
  YESTERDAY        0                         0      0        0
  MONTH TO DATE    0                         0      0        0
  SINCE DEC 1      0                         0      0        0
  SINCE JAN 1   1785                      1686     99     2054
..................................................................


WIND (MPH)
  HIGHEST WIND SPEED    23   HIGHEST WIND DIRECTION    NW (320)
  HIGHEST GUST SPEED    28   HIGHEST GUST DIRECTION    NW (330)
  AVERAGE WIND SPEED    10.9


SKY COVER
  POSSIBLE SUNSHINE  MM
  AVERAGE SKY COVER 0.1


WEATHER CONDITIONS
 THE FOLLOWING WEATHER WAS RECORDED YESTERDAY.
  NO SIGNIFICANT WEATHER WAS OBSERVED.


RELATIVE HUMIDITY (PERCENT)
 HIGHEST    85          1200 AM
 LOWEST     29           300 PM
 AVERAGE    57

..........................................................


THE WICHITA EISENHOWER NATIONAL CLIMATE NORMALS FOR TODAY
                         NORMAL    RECORD    YEAR
 MAXIMUM TEMPERATURE (F)   44        72      1890
 MINIMUM TEMPERATURE (F)   25        -3      1919


SUNRISE AND SUNSET
DECEMBER 10 2017......SUNRISE   734 AM CST   SUNSET   511 PM CST
DECEMBER 11 2017......SUNRISE   735 AM CST   SUNSET   511 PM CST


-  INDICATES NEGATIVE NUMBERS.
R  INDICATES RECORD WAS SET OR TIED.
MM INDICATES DATA IS MISSING.
T  INDICATES TRACE AMOUNT.




$$
