000
CDUS43 KICT 200618
CLIICT


CLIMATE REPORT
NATIONAL WEATHER SERVICE WICHITA KS
118 AM CDT SUN JUL 20 2014


...................................

...THE WICHITA MID CONTINENT KS CLIMATE SUMMARY FOR JULY 19 2014...

CLIMATE NORMAL PERIOD 1981 TO 2010
CLIMATE RECORD PERIOD 1888 TO 2014


WEATHER ITEM   OBSERVED TIME   RECORD YEAR NORMAL DEPARTURE LAST
                VALUE   (LST)  VALUE       VALUE  FROM      YEAR
                                                  NORMAL
..................................................................
TEMPERATURE (F)
 YESTERDAY
  MAXIMUM         82    344 PM 109    2006  93    -11       96
  MINIMUM         57R   454 AM  61    2009  70    -13       69
                                      1947
                                      1910
  AVERAGE         70                        81    -11       83

PRECIPITATION (IN)
  YESTERDAY        0.00          2.10 1969   0.09  -0.09     0.00
  MONTH TO DATE    2.86                      2.19   0.67     1.37
  SINCE JUN 1     13.32                      7.39   5.93     3.20
  SINCE JAN 1     19.39                     19.25   0.14    17.22

SNOWFALL (IN)
  YESTERDAY        0.0           0.0  2007   0.0    0.0      0.0
  MONTH TO DATE    0.0                       0.0    0.0      0.0
  SINCE JUN 1      0.0                       0.0    0.0      0.0
  SINCE JUL 1      0.0                       0.0    0.0      0.0
  SNOW DEPTH       0

DEGREE DAYS
 HEATING
  YESTERDAY        0                         0      0        0
  MONTH TO DATE    1                         0      1        0
  SINCE JUN 1      1                         6     -5        3
  SINCE JUL 1      1                         0      1        0

 COOLING
  YESTERDAY        5                        16    -11       18
  MONTH TO DATE  196                       299   -103      308
  SINCE JUN 1    538                       628    -90      710
  SINCE JAN 1    805                       764     41      848
..................................................................


WIND (MPH)
  HIGHEST WIND SPEED    21   HIGHEST WIND DIRECTION    SE (140)
  HIGHEST GUST SPEED    18   HIGHEST GUST DIRECTION     S (180)
  AVERAGE WIND SPEED    10.3


SKY COVER
  POSSIBLE SUNSHINE  MM
  AVERAGE SKY COVER 0.4


WEATHER CONDITIONS
 THE FOLLOWING WEATHER WAS RECORDED YESTERDAY.
  FOG


RELATIVE HUMIDITY (PERCENT)
 HIGHEST   100           500 AM
 LOWEST     58           300 PM
 AVERAGE    79

..........................................................


THE WICHITA MID CONTINENT KS CLIMATE NORMALS FOR TODAY
                         NORMAL    RECORD    YEAR
 MAXIMUM TEMPERATURE (F)   93       109      2006
 MINIMUM TEMPERATURE (F)   70        55      1971


SUNRISE AND SUNSET
JULY 20 2014..........SUNRISE   624 AM CDT   SUNSET   848 PM CDT
JULY 21 2014..........SUNRISE   625 AM CDT   SUNSET   847 PM CDT


-  INDICATES NEGATIVE NUMBERS.
R  INDICATES RECORD WAS SET OR TIED.
MM INDICATES DATA IS MISSING.
T  INDICATES TRACE AMOUNT.




$$
