000
CDUS43 KICT 212205
CLIICT


CLIMATE REPORT
NATIONAL WEATHER SERVICE WICHITA KS
505 PM CDT SAT MAY 21 2016


...................................

...THE WICHITA EISENHOWER NATIONAL CLIMATE SUMMARY FOR MAY 21 2016...
VALID TODAY AS OF 0500 PM LOCAL TIME.

CLIMATE NORMAL PERIOD 1981 TO 2010
CLIMATE RECORD PERIOD 1888 TO 2016


WEATHER ITEM   OBSERVED TIME   RECORD YEAR NORMAL DEPARTURE LAST
                VALUE   (LST)  VALUE       VALUE  FROM      YEAR
                                                  NORMAL
..................................................................
TEMPERATURE (F)
 TODAY
  MAXIMUM         77    152 PM  99    1925  78     -1       66
  MINIMUM         58    401 AM  36    1967  57      1       45
  AVERAGE         68                        68      0       56

PRECIPITATION (IN)
  TODAY            0.00          3.05 1891   0.15  -0.15     0.00
  MONTH TO DATE    1.90                      2.97  -1.07     8.18
  SINCE MAR 1      9.66                      8.25   1.41    11.08
  SINCE JAN 1     10.40                     10.26   0.14    12.85

SNOWFALL (IN)
  TODAY            0.0           0.0  2007   0.0    0.0      0.0
                                      2001
  MONTH TO DATE    0.0                       0.0    0.0      0.0
  SINCE MAR 1      3.5                       2.5    1.0      1.1
  SINCE JUL 1      4.3                      14.9  -10.6     18.0
  SNOW DEPTH       0

DEGREE DAYS
 HEATING
  TODAY            0                         2     -2        9
  MONTH TO DATE   91                        68     23       59
  SINCE MAR 1    654                       936   -282      696
  SINCE JUL 1   3504                      4576  -1072     4261

 COOLING
  TODAY            3                         4     -1        0
  MONTH TO DATE   22                        56    -34       55
  SINCE MAR 1     59                        82    -23       83
  SINCE JAN 1     59                        82    -23       83
..................................................................


WIND (MPH)
  HIGHEST WIND SPEED    23   HIGHEST WIND DIRECTION     S (160)
  HIGHEST GUST SPEED    30   HIGHEST GUST DIRECTION     S (160)
  AVERAGE WIND SPEED    14.3


SKY COVER
  POSSIBLE SUNSHINE  MM
  AVERAGE SKY COVER 0.9


WEATHER CONDITIONS
 THE FOLLOWING WEATHER WAS RECORDED TODAY.
  NO SIGNIFICANT WEATHER WAS OBSERVED.


RELATIVE HUMIDITY (PERCENT)
 HIGHEST    90           300 AM
 LOWEST     64           100 PM
 AVERAGE    77

..........................................................


THE WICHITA EISENHOWER NATIONAL CLIMATE NORMALS FOR TOMORROW
                         NORMAL    RECORD    YEAR
 MAXIMUM TEMPERATURE (F)   78        95      1956
 MINIMUM TEMPERATURE (F)   57        38      1931


SUNRISE AND SUNSET
MAY 21 2016...........SUNRISE   615 AM CDT   SUNSET   838 PM CDT
MAY 22 2016...........SUNRISE   615 AM CDT   SUNSET   839 PM CDT


-  INDICATES NEGATIVE NUMBERS.
R  INDICATES RECORD WAS SET OR TIED.
MM INDICATES DATA IS MISSING.
T  INDICATES TRACE AMOUNT.




$$
