000
CDUS43 KICT 232202
CLIICT


CLIMATE REPORT
NATIONAL WEATHER SERVICE WICHITA KS
502 PM CDT WED JUL 23 2014


...................................

...THE WICHITA MID CONTINENT CLIMATE SUMMARY FOR JULY 23 2014...
VALID TODAY AS OF 500 PM LOCAL TIME.

CLIMATE NORMAL PERIOD 1981 TO 2010
CLIMATE RECORD PERIOD 1888 TO 2014


WEATHER ITEM   OBSERVED TIME   RECORD YEAR NORMAL DEPARTURE LAST
                VALUE   (LST)  VALUE       VALUE  FROM      YEAR
                                                  NORMAL
..................................................................
TEMPERATURE (F)
 TODAY
  MAXIMUM         91    353 PM 109    1936  93     -2       92
  MINIMUM         74    547 AM  55    1970  70      4       69
  AVERAGE         83                        81      2       81

PRECIPITATION (IN)
  TODAY            0.00          2.61 1951   0.09  -0.09     1.02
  MONTH TO DATE    2.86                      2.57   0.29     3.63
  SINCE JUN 1     13.32                      7.77   5.55     5.46
  SINCE JAN 1     19.39                     19.63  -0.24    19.48

SNOWFALL (IN)
  TODAY            0.0           0.0  2007   0.0    0.0      0.0
  MONTH TO DATE    0.0                       0.0    0.0      0.0
  SINCE JUN 1      0.0                       0.0    0.0      0.0
  SINCE JUL 1      0.0                       0.0    0.0      0.0
  SNOW DEPTH       0

DEGREE DAYS
 HEATING
  TODAY            0                         0      0        0
  MONTH TO DATE    1                         0      1        0
  SINCE JUN 1      1                         6     -5        3
  SINCE JUL 1      1                         0      1        0

 COOLING
  TODAY           18                        16      2       16
  MONTH TO DATE  268                       363    -95      375
  SINCE JUN 1    610                       692    -82      777
  SINCE JAN 1    877                       828     49      915
..................................................................


WIND (MPH)
  HIGHEST WIND SPEED    26   HIGHEST WIND DIRECTION    NE (40)
  HIGHEST GUST SPEED    34   HIGHEST GUST DIRECTION    NE (50)
  AVERAGE WIND SPEED     7.7


SKY COVER
  POSSIBLE SUNSHINE   0 PERCENT
  AVERAGE SKY COVER 0.0


WEATHER CONDITIONS
 THE FOLLOWING WEATHER WAS RECORDED TODAY.
  NO SIGNIFICANT WEATHER WAS OBSERVED.


RELATIVE HUMIDITY (PERCENT)
 HIGHEST     0          1200 AM
 LOWEST      0          1200 AM
 AVERAGE     0

..........................................................


THE WICHITA MID CONTINENT CLIMATE NORMALS FOR TOMORROW
                         NORMAL    RECORD    YEAR
 MAXIMUM TEMPERATURE (F)   93       109      1981
                                             1936
 MINIMUM TEMPERATURE (F)   70        58      1911


SUNRISE AND SUNSET
JULY 23 2014..........SUNRISE   626 AM CDT   SUNSET   846 PM CDT
JULY 24 2014..........SUNRISE   627 AM CDT   SUNSET   845 PM CDT


-  INDICATES NEGATIVE NUMBERS.
R  INDICATES RECORD WAS SET OR TIED.
MM INDICATES DATA IS MISSING.
T  INDICATES TRACE AMOUNT.




$$

JMBW
