000
CDUS43 KICT 180623
CLIICT


CLIMATE REPORT
NATIONAL WEATHER SERVICE WICHITA KS
1223 AM CST THU JAN 18 2018


...................................

...THE WICHITA EISENHOWER NATIONAL CLIMATE SUMMARY FOR JANUARY 17 2018...

CLIMATE NORMAL PERIOD 1981 TO 2010
CLIMATE RECORD PERIOD 1888 TO 2018


WEATHER ITEM   OBSERVED TIME   RECORD YEAR NORMAL DEPARTURE LAST
                VALUE   (LST)  VALUE       VALUE  FROM      YEAR
                                                  NORMAL
..................................................................
TEMPERATURE (F)
 YESTERDAY
  MAXIMUM         34    350 PM  66    1923  42     -8       51
  MINIMUM          1   1258 AM -12    1930  22    -21       32
  AVERAGE         18                        32    -14       42

PRECIPITATION (IN)
  YESTERDAY        0.00          1.40 2004   0.02  -0.02      T
  MONTH TO DATE    0.20                      0.40  -0.20     2.55
  SINCE DEC 1      0.23                      1.60  -1.37     3.21
  SINCE JAN 1      0.20                      0.40  -0.20     2.55

SNOWFALL (IN)
  YESTERDAY        0.0           6.2  1987   0.1   -0.1      0.0
  MONTH TO DATE    0.3                       1.8   -1.5       T
  SINCE DEC 1      0.3                       6.0   -5.7      2.0
  SINCE JUL 1      0.3                       7.4   -7.1      2.0
  SNOW DEPTH       T

DEGREE DAYS
 HEATING
  YESTERDAY       47                        33     14       23
  MONTH TO DATE  637                       561     76      555
  SINCE DEC 1   1503                      1528    -25     1542
  SINCE JUL 1   2233                      2404   -171     1995

 COOLING
  YESTERDAY        0                         0      0        0
  MONTH TO DATE    0                         0      0        0
  SINCE DEC 1      0                         0      0        0
  SINCE JAN 1      0                         0      0        0
..................................................................


WIND (MPH)
  HIGHEST WIND SPEED    20   HIGHEST WIND DIRECTION     S (180)
  HIGHEST GUST SPEED    23   HIGHEST GUST DIRECTION     S (170)
  AVERAGE WIND SPEED     9.8


SKY COVER
  POSSIBLE SUNSHINE  MM
  AVERAGE SKY COVER 0.0


WEATHER CONDITIONS
 THE FOLLOWING WEATHER WAS RECORDED YESTERDAY.
  NO SIGNIFICANT WEATHER WAS OBSERVED.


RELATIVE HUMIDITY (PERCENT)
 HIGHEST    95           600 AM
 LOWEST     32           300 PM
 AVERAGE    64

..........................................................


THE WICHITA EISENHOWER NATIONAL CLIMATE NORMALS FOR TODAY
                         NORMAL    RECORD    YEAR
 MAXIMUM TEMPERATURE (F)   43        65      2015
                                             1951
 MINIMUM TEMPERATURE (F)   22       -12      1930


SUNRISE AND SUNSET
JANUARY 18 2018.......SUNRISE   742 AM CST   SUNSET   538 PM CST
JANUARY 19 2018.......SUNRISE   742 AM CST   SUNSET   539 PM CST


-  INDICATES NEGATIVE NUMBERS.
R  INDICATES RECORD WAS SET OR TIED.
MM INDICATES DATA IS MISSING.
T  INDICATES TRACE AMOUNT.




$$
