000
CDUS43 KICT 152307
CLIICT


CLIMATE REPORT
NATIONAL WEATHER SERVICE WICHITA KS
507 PM CST WED FEB 15 2017


...................................

...THE WICHITA EISENHOWER NATIONAL CLIMATE SUMMARY FOR FEBRUARY 15 2017...
VALID TODAY AS OF 0500 PM LOCAL TIME.

CLIMATE NORMAL PERIOD 1981 TO 2010
CLIMATE RECORD PERIOD 1888 TO 2017


WEATHER ITEM   OBSERVED TIME   RECORD YEAR NORMAL DEPARTURE LAST
                VALUE   (LST)  VALUE       VALUE  FROM      YEAR
                                                  NORMAL
..................................................................
TEMPERATURE (F)
 TODAY
  MAXIMUM         59    351 PM  72    1947  48     11       62
                                      1927
  MINIMUM         30    728 AM  -5    1936  26      4       38
  AVERAGE         45                        37      8       50

PRECIPITATION (IN)
  TODAY            0.00          0.65 1938   0.04  -0.04      T
  MONTH TO DATE    0.03                      0.58  -0.55     0.55
  SINCE DEC 1      3.48                      2.61   0.87     2.96
  SINCE JAN 1      2.82                      1.41   1.41     0.74

SNOWFALL (IN)
  TODAY            0.0           4.5  1993   0.1   -0.1      0.0
  MONTH TO DATE    0.0                       2.0   -2.0      0.0
  SINCE DEC 1      2.0                       9.8   -7.8      0.5
  SINCE JUL 1      2.0                      11.2   -9.2      0.8
  SNOW DEPTH       0

DEGREE DAYS
 HEATING
  TODAY           20                        28     -8       15
  MONTH TO DATE  335                       445   -110      381
  SINCE DEC 1   2194                      2429   -235     2063
  SINCE JUL 1   2647                      3305   -658     2632

 COOLING
  TODAY            0                         0      0        0
  MONTH TO DATE    0                         0      0        0
  SINCE DEC 1      0                         0      0        0
  SINCE JAN 1      0                         0      0        0
..................................................................


WIND (MPH)
  HIGHEST WIND SPEED    16   HIGHEST WIND DIRECTION     N (360)
  HIGHEST GUST SPEED    20   HIGHEST GUST DIRECTION     N (360)
  AVERAGE WIND SPEED    10.5


SKY COVER
  POSSIBLE SUNSHINE  MM
  AVERAGE SKY COVER 0.1


WEATHER CONDITIONS
 THE FOLLOWING WEATHER WAS RECORDED TODAY.
  NO SIGNIFICANT WEATHER WAS OBSERVED.


RELATIVE HUMIDITY (PERCENT)
 HIGHEST    72           500 AM
 LOWEST     24           300 PM
 AVERAGE    48

..........................................................


THE WICHITA EISENHOWER NATIONAL CLIMATE NORMALS FOR TOMORROW
                         NORMAL    RECORD    YEAR
 MAXIMUM TEMPERATURE (F)   49        72      1898
 MINIMUM TEMPERATURE (F)   26        -6      1903


SUNRISE AND SUNSET
FEBRUARY 15 2017......SUNRISE   719 AM CST   SUNSET   609 PM CST
FEBRUARY 16 2017......SUNRISE   718 AM CST   SUNSET   610 PM CST


-  INDICATES NEGATIVE NUMBERS.
R  INDICATES RECORD WAS SET OR TIED.
MM INDICATES DATA IS MISSING.
T  INDICATES TRACE AMOUNT.




$$
