000
CDUS43 KICT 230623
CLIICT


CLIMATE REPORT
NATIONAL WEATHER SERVICE WICHITA KS
1223 AM CST SUN NOV 23 2014


...................................

...THE WICHITA MID CONTINENT KS CLIMATE SUMMARY FOR NOVEMBER 22 2014...

CLIMATE NORMAL PERIOD 1981 TO 2010
CLIMATE RECORD PERIOD 1888 TO 2014


WEATHER ITEM   OBSERVED TIME   RECORD YEAR NORMAL DEPARTURE LAST
                VALUE   (LST)  VALUE       VALUE  FROM      YEAR
                                                  NORMAL
..................................................................
TEMPERATURE (F)
 YESTERDAY
  MAXIMUM         62    333 PM  78    1966  53      9       30
  MINIMUM         43    135 AM   8    1929  32     11       24
  AVERAGE         53                        42     11       27

PRECIPITATION (IN)
  YESTERDAY        T             1.45 1999   0.04  -0.04      T
  MONTH TO DATE    0.36                      1.10  -0.74     0.60
  SINCE SEP 1      2.24                      7.02  -4.78     5.68
  SINCE JAN 1     24.22                     31.11  -6.89    39.85

SNOWFALL (IN)
  YESTERDAY        0.0           2.3  1971   0.0    0.0       T
  MONTH TO DATE    1.8                       0.6    1.2       T
  SINCE SEP 1      1.8                       0.7    1.1       T
  SINCE JUL 1      1.8                       0.7    1.1       T
  SNOW DEPTH       0

DEGREE DAYS
 HEATING
  YESTERDAY       12                        23    -11       38
  MONTH TO DATE  541                       388    153      374
  SINCE SEP 1    703                       673     30      627
  SINCE JUL 1    704                       674     30      628

 COOLING
  YESTERDAY        0                         0      0        0
  MONTH TO DATE    0                         0      0        0
  SINCE SEP 1    353                       257     96      365
  SINCE JAN 1   1849                      1684    165     1778
..................................................................


WIND (MPH)
  HIGHEST WIND SPEED    25   HIGHEST WIND DIRECTION     S (190)
  HIGHEST GUST SPEED    30   HIGHEST GUST DIRECTION     S (180)
  AVERAGE WIND SPEED    11.6


SKY COVER
  POSSIBLE SUNSHINE  MM
  AVERAGE SKY COVER 1.0


WEATHER CONDITIONS
 THE FOLLOWING WEATHER WAS RECORDED YESTERDAY.
  LIGHT RAIN
  FOG
  FOG W/VISIBILITY <= 1/4 MILE


RELATIVE HUMIDITY (PERCENT)
 HIGHEST   100          1200 AM
 LOWEST     72           300 PM
 AVERAGE    86

..........................................................


THE WICHITA MID CONTINENT KS CLIMATE NORMALS FOR TODAY
                         NORMAL    RECORD    YEAR
 MAXIMUM TEMPERATURE (F)   52        72      2005
                                             1966
                                             1904
 MINIMUM TEMPERATURE (F)   31         9      1898


SUNRISE AND SUNSET
NOVEMBER 23 2014......SUNRISE   718 AM CST   SUNSET   514 PM CST
NOVEMBER 24 2014......SUNRISE   719 AM CST   SUNSET   513 PM CST


-  INDICATES NEGATIVE NUMBERS.
R  INDICATES RECORD WAS SET OR TIED.
MM INDICATES DATA IS MISSING.
T  INDICATES TRACE AMOUNT.




$$
