000
CDUS43 KICT 030622
CLIICT


CLIMATE REPORT
NATIONAL WEATHER SERVICE WICHITA KS
1221 AM CST TUE MAR 3 2015


...................................

...THE WICHITA EISENHOWER NATIONAL CLIMATE SUMMARY FOR MARCH 2 2015...

CLIMATE NORMAL PERIOD 1981 TO 2010
CLIMATE RECORD PERIOD 1888 TO 2015


WEATHER ITEM   OBSERVED TIME   RECORD YEAR NORMAL DEPARTURE LAST
                VALUE   (LST)  VALUE       VALUE  FROM      YEAR
                                                  NORMAL
..................................................................
TEMPERATURE (F)
 YESTERDAY
  MAXIMUM         35    412 PM  83    1901  53    -18       11
  MINIMUM         14   1246 AM   1    1922  31    -17        4
  AVERAGE         25                        42    -17        8

PRECIPITATION (IN)
  YESTERDAY        0.00          1.19 1979   0.06  -0.06     0.20
  MONTH TO DATE    0.06                      0.12  -0.06     0.22
  SINCE MAR 1      0.06                      0.12  -0.06     0.22
  SINCE JAN 1      1.71                      2.13  -0.42     1.21

SNOWFALL (IN)
  YESTERDAY        0.0           5.0  1912   0.0    0.0      2.6
  MONTH TO DATE    0.1                       0.1    0.0      3.2
  SINCE MAR 1      0.1                       0.1    0.0      3.2
  SINCE JUL 1     17.0                      12.5    4.5     22.7
  SNOW DEPTH       2

DEGREE DAYS
 HEATING
  YESTERDAY       40                        23     17       57
  MONTH TO DATE   80                        46     34       97
  SINCE MAR 1     80                        46     34       97
  SINCE JUL 1   3645                      3686    -41     4016

 COOLING
  YESTERDAY        0                         0      0        0
  MONTH TO DATE    0                         0      0        0
  SINCE MAR 1      0                         0      0        0
  SINCE JAN 1      0                         0      0        0
..................................................................


WIND (MPH)
  HIGHEST WIND SPEED    25   HIGHEST WIND DIRECTION     S (170)
  HIGHEST GUST SPEED    31   HIGHEST GUST DIRECTION     S (180)
  AVERAGE WIND SPEED     9.8


SKY COVER
  POSSIBLE SUNSHINE  MM
  AVERAGE SKY COVER 0.9


WEATHER CONDITIONS
 THE FOLLOWING WEATHER WAS RECORDED YESTERDAY.
  FOG
  HAZE


RELATIVE HUMIDITY (PERCENT)
 HIGHEST    92          1000 PM
 LOWEST     51           100 PM
 AVERAGE    72

..........................................................


THE WICHITA EISENHOWER NATIONAL CLIMATE NORMALS FOR TODAY
                         NORMAL    RECORD    YEAR
 MAXIMUM TEMPERATURE (F)   54        80      1994
                                             1910
 MINIMUM TEMPERATURE (F)   31        -2      1960


SUNRISE AND SUNSET
MARCH  3 2015.........SUNRISE   659 AM CST   SUNSET   625 PM CST
MARCH  4 2015.........SUNRISE   657 AM CST   SUNSET   626 PM CST


-  INDICATES NEGATIVE NUMBERS.
R  INDICATES RECORD WAS SET OR TIED.
MM INDICATES DATA IS MISSING.
T  INDICATES TRACE AMOUNT.




$$
