000
CDUS43 KICT 250630
CLIICT


CLIMATE REPORT
NATIONAL WEATHER SERVICE WICHITA KS
1230 AM CST SAT FEB 25 2017


...................................

...THE WICHITA EISENHOWER NATIONAL CLIMATE SUMMARY FOR FEBRUARY 24 2017...

CLIMATE NORMAL PERIOD 1981 TO 2010
CLIMATE RECORD PERIOD 1888 TO 2017


WEATHER ITEM   OBSERVED TIME   RECORD YEAR NORMAL DEPARTURE LAST
                VALUE   (LST)  VALUE       VALUE  FROM      YEAR
                                                  NORMAL
..................................................................
TEMPERATURE (F)
 YESTERDAY
  MAXIMUM         42   1211 AM  79    1956  51     -9       57
                                      1930
  MINIMUM         24   1159 PM  -4    1913  29     -5       29
  AVERAGE         33                        40     -7       43

PRECIPITATION (IN)
  YESTERDAY        0.00          0.88 2001   0.05  -0.05     0.00
  MONTH TO DATE    0.83                      0.99  -0.16     0.55
  SINCE DEC 1      4.28                      3.02   1.26     2.96
  SINCE JAN 1      3.62                      1.82   1.80     0.74

SNOWFALL (IN)
  YESTERDAY        0.0           1.7  1934   0.1   -0.1      0.0
  MONTH TO DATE    0.0                       2.9   -2.9      0.0
  SINCE DEC 1      2.0                      10.7   -8.7      0.5
  SINCE JUL 1      2.0                      12.1  -10.1      0.8
  SNOW DEPTH       0

DEGREE DAYS
 HEATING
  YESTERDAY       32                        25      7       22
  MONTH TO DATE  448                       682   -234      508
  SINCE DEC 1   2307                      2666   -359     2190
  SINCE JUL 1   2760                      3542   -782     2759

 COOLING
  YESTERDAY        0                         0      0        0
  MONTH TO DATE    0                         0      0        0
  SINCE DEC 1      0                         0      0        0
  SINCE JAN 1      0                         0      0        0
..................................................................


WIND (MPH)
  HIGHEST WIND SPEED    31   HIGHEST WIND DIRECTION    NW (320)
  HIGHEST GUST SPEED    40   HIGHEST GUST DIRECTION     N (340)
  AVERAGE WIND SPEED    21.3


SKY COVER
  POSSIBLE SUNSHINE  MM
  AVERAGE SKY COVER 0.8


WEATHER CONDITIONS
 THE FOLLOWING WEATHER WAS RECORDED YESTERDAY.
  NO SIGNIFICANT WEATHER WAS OBSERVED.


RELATIVE HUMIDITY (PERCENT)
 HIGHEST    85           100 AM
 LOWEST     52           300 PM
 AVERAGE    69

..........................................................


THE WICHITA EISENHOWER NATIONAL CLIMATE NORMALS FOR TODAY
                         NORMAL    RECORD    YEAR
 MAXIMUM TEMPERATURE (F)   51        78      1986
 MINIMUM TEMPERATURE (F)   29         3      1960


SUNRISE AND SUNSET
FEBRUARY 25 2017......SUNRISE   706 AM CST   SUNSET   620 PM CST
FEBRUARY 26 2017......SUNRISE   705 AM CST   SUNSET   621 PM CST


-  INDICATES NEGATIVE NUMBERS.
R  INDICATES RECORD WAS SET OR TIED.
MM INDICATES DATA IS MISSING.
T  INDICATES TRACE AMOUNT.




$$
