449
CDUS43 KICT 230622
CLIICT

CLIMATE REPORT
NATIONAL WEATHER SERVICE WICHITA KS
121 AM CDT TUE MAY 23 2017


...................................

...THE WICHITA EISENHOWER NATIONAL CLIMATE SUMMARY FOR MAY 22 2017...

CLIMATE NORMAL PERIOD 1981 TO 2010
CLIMATE RECORD PERIOD 1888 TO 2017


WEATHER ITEM   OBSERVED TIME   RECORD YEAR NORMAL DEPARTURE LAST
                VALUE   (LST)  VALUE       VALUE  FROM      YEAR
                                                  NORMAL
..................................................................
TEMPERATURE (F)
 YESTERDAY
  MAXIMUM         69    220 PM  95    1956  78     -9       83
  MINIMUM         52   1143 PM  38    1931  57     -5       65
  AVERAGE         61                        68     -7       74

PRECIPITATION (IN)
  YESTERDAY        0.07          1.82 1938   0.16  -0.09     0.00
  MONTH TO DATE    4.30                      3.13   1.17     1.90
  SINCE MAR 1     15.08                      8.41   6.67     9.66
  SINCE JAN 1     18.70                     10.42   8.28    10.40

SNOWFALL (IN)
  YESTERDAY        0.0           T    2006   0.0    0.0      0.0
  MONTH TO DATE    0.0                       0.0    0.0      0.0
  SINCE MAR 1      T                         2.5   -2.5      3.5
  SINCE JUL 1      2.0                      14.9  -12.9      4.3
  SNOW DEPTH       0

DEGREE DAYS
 HEATING
  YESTERDAY        4                         2      2        0
  MONTH TO DATE   64                        70     -6       91
  SINCE MAR 1    729                       938   -209      654
  SINCE JUL 1   3573                      4578  -1005     3504

 COOLING
  YESTERDAY        0                         4     -4        9
  MONTH TO DATE   62                        60      2       31
  SINCE MAR 1    107                        86     21       68
  SINCE JAN 1    107                        86     21       68
..................................................................


WIND (MPH)
  HIGHEST WIND SPEED    16   HIGHEST WIND DIRECTION     S (170)
  HIGHEST GUST SPEED    20   HIGHEST GUST DIRECTION     S (180)
  AVERAGE WIND SPEED     5.9


SKY COVER
  POSSIBLE SUNSHINE  MM
  AVERAGE SKY COVER 0.8


WEATHER CONDITIONS
 THE FOLLOWING WEATHER WAS RECORDED YESTERDAY.
  LIGHT RAIN
  FOG
  FOG W/VISIBILITY <= 1/4 MILE


RELATIVE HUMIDITY (PERCENT)
 HIGHEST   100           700 PM
 LOWEST     58           300 PM
 AVERAGE    79

..........................................................


THE WICHITA EISENHOWER NATIONAL CLIMATE NORMALS FOR TODAY
                         NORMAL    RECORD    YEAR
 MAXIMUM TEMPERATURE (F)   79       100      1996
 MINIMUM TEMPERATURE (F)   58        40      1917
                                             1893


SUNRISE AND SUNSET
MAY 23 2017...........SUNRISE   614 AM CDT   SUNSET   839 PM CDT
MAY 24 2017...........SUNRISE   613 AM CDT   SUNSET   840 PM CDT


-  INDICATES NEGATIVE NUMBERS.
R  INDICATES RECORD WAS SET OR TIED.
MM INDICATES DATA IS MISSING.
T  INDICATES TRACE AMOUNT.




$$
