000
CDUS43 KICT 190629
CLIICT

CLIMATE REPORT
NATIONAL WEATHER SERVICE WICHITA KS
128 AM CDT THU MAY 19 2016

...................................

...THE WICHITA EISENHOWER NATIONAL CLIMATE SUMMARY FOR MAY 18 2016...

CLIMATE NORMAL PERIOD 1981 TO 2010
CLIMATE RECORD PERIOD 1888 TO 2016


WEATHER ITEM   OBSERVED TIME   RECORD YEAR NORMAL DEPARTURE LAST
                VALUE   (LST)  VALUE       VALUE  FROM      YEAR
                                                  NORMAL
..................................................................
TEMPERATURE (F)
 YESTERDAY
  MAXIMUM         68    301 PM  99    1956  77     -9       72
  MINIMUM         44    503 AM  38    1976  56    -12       57
  AVERAGE         56                        66    -10       65

PRECIPITATION (IN)
  YESTERDAY        0.00          2.74 1915   0.15  -0.15     0.00
  MONTH TO DATE    1.81                      2.50  -0.69     7.46
  SINCE MAR 1      9.57                      7.78   1.79    10.36
  SINCE JAN 1     10.31                      9.79   0.52    12.13

SNOWFALL (IN)
  YESTERDAY        0.0           0.0  2007   0.0    0.0      0.0
                                      2001
  MONTH TO DATE    0.0                       0.0    0.0      0.0
  SINCE MAR 1      3.5                       2.5    1.0      1.1
  SINCE JUL 1      4.3                      14.9  -10.6     18.0
  SNOW DEPTH       0

DEGREE DAYS
 HEATING
  YESTERDAY        9                         2      7        0
  MONTH TO DATE   80                        62     18       30
  SINCE MAR 1    643                       930   -287      667
  SINCE JUL 1   3493                      4570  -1077     4232

 COOLING
  YESTERDAY        0                         4     -4        0
  MONTH TO DATE   19                        44    -25       55
  SINCE MAR 1     56                        70    -14       83
  SINCE JAN 1     56                        70    -14       83
..................................................................


WIND (MPH)
  HIGHEST WIND SPEED    16   HIGHEST WIND DIRECTION    SE (150)
  HIGHEST GUST SPEED    20   HIGHEST GUST DIRECTION    SE (140)
  AVERAGE WIND SPEED     7.4


SKY COVER
  POSSIBLE SUNSHINE  MM
  AVERAGE SKY COVER 0.6


WEATHER CONDITIONS
 THE FOLLOWING WEATHER WAS RECORDED YESTERDAY.
  NO SIGNIFICANT WEATHER WAS OBSERVED.


RELATIVE HUMIDITY (PERCENT)
 HIGHEST    92           400 AM
 LOWEST     45           300 PM
 AVERAGE    69

..........................................................


THE WICHITA EISENHOWER NATIONAL CLIMATE NORMALS FOR TODAY
                         NORMAL    RECORD    YEAR
 MAXIMUM TEMPERATURE (F)   78        97      2006
                                             1933
 MINIMUM TEMPERATURE (F)   56        38      1894


SUNRISE AND SUNSET
MAY 19 2016...........SUNRISE   617 AM CDT   SUNSET   836 PM CDT
MAY 20 2016...........SUNRISE   616 AM CDT   SUNSET   837 PM CDT


-  INDICATES NEGATIVE NUMBERS.
R  INDICATES RECORD WAS SET OR TIED.
MM INDICATES DATA IS MISSING.
T  INDICATES TRACE AMOUNT.

$$
