000
CDUS43 KICT 250634
CLIICT


CLIMATE REPORT
NATIONAL WEATHER SERVICE WICHITA KS
1233 AM CST TUE NOV 25 2014


...................................

...THE WICHITA MID CONTINENT KS CLIMATE SUMMARY FOR NOVEMBER 24 2014...

CLIMATE NORMAL PERIOD 1981 TO 2010
CLIMATE RECORD PERIOD 1888 TO 2014


WEATHER ITEM   OBSERVED TIME   RECORD YEAR NORMAL DEPARTURE LAST
                VALUE   (LST)  VALUE       VALUE  FROM      YEAR
                                                  NORMAL
..................................................................
TEMPERATURE (F)
 YESTERDAY
  MAXIMUM         53    248 PM  70    1915  52      1       29
  MINIMUM         28    909 PM  11    1970  31     -3       19
                                      1950
                                      1938
  AVERAGE         41                        41      0       24

PRECIPITATION (IN)
  YESTERDAY        0.00          0.60 1992   0.04  -0.04     0.00
  MONTH TO DATE    0.45                      1.18  -0.73     0.60
  SINCE SEP 1      2.33                      7.10  -4.77     5.68
  SINCE JAN 1     24.31                     31.19  -6.88    39.85

SNOWFALL (IN)
  YESTERDAY        0.0           2.0  2007   0.1   -0.1      0.0
  MONTH TO DATE    1.8                       0.8    0.0       T
  SINCE SEP 1      1.8                       0.9    0.9       T
  SINCE JUL 1      1.8                       0.9    0.9       T
  SNOW DEPTH       0

DEGREE DAYS
 HEATING
  YESTERDAY       24                        24      0       41
  MONTH TO DATE  579                       435    144      451
  SINCE SEP 1    741                       720     21      704
  SINCE JUL 1    742                       721     21      705

 COOLING
  YESTERDAY        0                         0      0        0
  MONTH TO DATE    0                         0      0        0
  SINCE SEP 1    353                       257     96      365
  SINCE JAN 1   1849                      1684    165     1778
..................................................................


WIND (MPH)
  HIGHEST WIND SPEED    32   HIGHEST WIND DIRECTION    NW (320)
  HIGHEST GUST SPEED    39   HIGHEST GUST DIRECTION    NW (310)
  AVERAGE WIND SPEED    15.0


SKY COVER
  POSSIBLE SUNSHINE  MM
  AVERAGE SKY COVER 0.2


WEATHER CONDITIONS
 THE FOLLOWING WEATHER WAS RECORDED YESTERDAY.
  NO SIGNIFICANT WEATHER WAS OBSERVED.


RELATIVE HUMIDITY (PERCENT)
 HIGHEST    64           300 AM
 LOWEST     22           300 PM
 AVERAGE    43

..........................................................


THE WICHITA MID CONTINENT KS CLIMATE NORMALS FOR TODAY
                         NORMAL    RECORD    YEAR
 MAXIMUM TEMPERATURE (F)   51        74      1910
 MINIMUM TEMPERATURE (F)   30        11      1993


SUNRISE AND SUNSET
NOVEMBER 25 2014......SUNRISE   720 AM CST   SUNSET   513 PM CST
NOVEMBER 26 2014......SUNRISE   721 AM CST   SUNSET   513 PM CST


-  INDICATES NEGATIVE NUMBERS.
R  INDICATES RECORD WAS SET OR TIED.
MM INDICATES DATA IS MISSING.
T  INDICATES TRACE AMOUNT.




$$
