000
CDUS43 KICT 122307
CLIICT


CLIMATE REPORT
NATIONAL WEATHER SERVICE WICHITA KS
507 PM CST TUE DEC 12 2017


...................................

...THE WICHITA EISENHOWER NATIONAL CLIMATE SUMMARY FOR DECEMBER 12 2017...
VALID TODAY AS OF 0500 PM LOCAL TIME.

CLIMATE NORMAL PERIOD 1981 TO 2010
CLIMATE RECORD PERIOD 1888 TO 2017


WEATHER ITEM   OBSERVED TIME   RECORD YEAR NORMAL DEPARTURE LAST
                VALUE   (LST)  VALUE       VALUE  FROM      YEAR
                                                  NORMAL
..................................................................
TEMPERATURE (F)
 TODAY
  MAXIMUM         54   1255 PM  73    1889  44     10       36
  MINIMUM         26    728 AM  -4    1932  24      2       20
  AVERAGE         40                        34      6       28

PRECIPITATION (IN)
  TODAY            0.00          0.59 1946   0.04  -0.04     0.00
  MONTH TO DATE    0.00                      0.52  -0.52     0.37
  SINCE DEC 1      0.00                      0.52  -0.52     0.37
  SINCE JAN 1     33.81                     31.96   1.85    50.31

SNOWFALL (IN)
  TODAY            0.0           5.7  2003   0.2   -0.2      0.0
  MONTH TO DATE    0.0                       1.6   -1.6       T
  SINCE DEC 1      0.0                       1.6   -1.6       T
  SINCE JUL 1      0.0                       3.0   -3.0       T
  SNOW DEPTH       0

DEGREE DAYS
 HEATING
  TODAY           25                        31     -6       37
  MONTH TO DATE  269                       350    -81      368
  SINCE DEC 1    269                       350    -81      368
  SINCE JUL 1    999                      1226   -227      821

 COOLING
  TODAY            0                         0      0        0
  MONTH TO DATE    0                         0      0        0
  SINCE DEC 1      0                         0      0        0
  SINCE JAN 1   1785                      1686     99     2054
..................................................................


WIND (MPH)
  HIGHEST WIND SPEED    16   HIGHEST WIND DIRECTION     N (340)
  HIGHEST GUST SPEED    19   HIGHEST GUST DIRECTION     N (340)
  AVERAGE WIND SPEED     9.1


SKY COVER
  POSSIBLE SUNSHINE  MM
  AVERAGE SKY COVER 0.1


WEATHER CONDITIONS
 THE FOLLOWING WEATHER WAS RECORDED TODAY.
  NO SIGNIFICANT WEATHER WAS OBSERVED.


RELATIVE HUMIDITY (PERCENT)
 HIGHEST    85           500 AM
 LOWEST     35           400 PM
 AVERAGE    60

..........................................................


THE WICHITA EISENHOWER NATIONAL CLIMATE NORMALS FOR TOMORROW
                         NORMAL    RECORD    YEAR
 MAXIMUM TEMPERATURE (F)   44        75      1921
 MINIMUM TEMPERATURE (F)   24        -2      1961
                                             1917


SUNRISE AND SUNSET
DECEMBER 12 2017......SUNRISE   736 AM CST   SUNSET   512 PM CST
DECEMBER 13 2017......SUNRISE   736 AM CST   SUNSET   512 PM CST


-  INDICATES NEGATIVE NUMBERS.
R  INDICATES RECORD WAS SET OR TIED.
MM INDICATES DATA IS MISSING.
T  INDICATES TRACE AMOUNT.




$$
