000
CDUS43 KICT 300635
CLIICT


CLIMATE REPORT
NATIONAL WEATHER SERVICE WICHITA KS
135 AM CDT SAT MAY 30 2015


...................................

...THE WICHITA EISENHOWER NATIONAL CLIMATE SUMMARY FOR MAY 29 2015...

CLIMATE NORMAL PERIOD 1981 TO 2010
CLIMATE RECORD PERIOD 1888 TO 2015


WEATHER ITEM   OBSERVED TIME   RECORD YEAR NORMAL DEPARTURE LAST
                VALUE   (LST)  VALUE       VALUE  FROM      YEAR
                                                  NORMAL
..................................................................
TEMPERATURE (F)
 YESTERDAY
  MAXIMUM         80    400 PM 100    1913  81     -1       89
  MINIMUM         64   1159 PM  37    1947  60      4       65
  AVERAGE         72                        70      2       77

PRECIPITATION (IN)
  YESTERDAY        0.05          2.18 1918   0.17  -0.12     0.00
  MONTH TO DATE   11.77                      4.22   7.55     4.06
  SINCE MAR 1     14.67                      9.50   5.17     5.08
  SINCE JAN 1     16.44                     11.51   4.93     6.07

SNOWFALL (IN)
  YESTERDAY        0.0           0.0  2007   0.0    0.0      0.0
                                      2001
  MONTH TO DATE    0.0                       0.0    0.0      0.0
  SINCE MAR 1      1.1                       2.5   -1.4      3.5
  SINCE JUL 1     18.0                      14.9    3.1     23.0
  SNOW DEPTH       0

DEGREE DAYS
 HEATING
  YESTERDAY        0                         1     -1        0
  MONTH TO DATE   74                        78     -4       73
  SINCE MAR 1    711                       946   -235     1020
  SINCE JUL 1   4276                      4586   -310     4939

 COOLING
  YESTERDAY        7                         6      1       12
  MONTH TO DATE   83                        98    -15      213
  SINCE MAR 1    111                       124    -13      246
  SINCE JAN 1    111                       124    -13      246
..................................................................


WIND (MPH)
  HIGHEST WIND SPEED    26   HIGHEST WIND DIRECTION     N (350)
  HIGHEST GUST SPEED    35   HIGHEST GUST DIRECTION     N (350)
  AVERAGE WIND SPEED     5.6


SKY COVER
  POSSIBLE SUNSHINE  MM
  AVERAGE SKY COVER 0.8


WEATHER CONDITIONS
 THE FOLLOWING WEATHER WAS RECORDED YESTERDAY.
  THUNDERSTORM
  LIGHT RAIN
  FOG


RELATIVE HUMIDITY (PERCENT)
 HIGHEST    93           200 AM
 LOWEST     54           400 PM
 AVERAGE    74

..........................................................


THE WICHITA EISENHOWER NATIONAL CLIMATE NORMALS FOR TODAY
                         NORMAL    RECORD    YEAR
 MAXIMUM TEMPERATURE (F)   81        99      1998
                                             1985
 MINIMUM TEMPERATURE (F)   60        42      1889


SUNRISE AND SUNSET
MAY 30 2015...........SUNRISE   611 AM CDT   SUNSET   844 PM CDT
MAY 31 2015...........SUNRISE   610 AM CDT   SUNSET   845 PM CDT


-  INDICATES NEGATIVE NUMBERS.
R  INDICATES RECORD WAS SET OR TIED.
MM INDICATES DATA IS MISSING.
T  INDICATES TRACE AMOUNT.




$$
