000
CDUS43 KICT 220630
CLIICT


CLIMATE REPORT
NATIONAL WEATHER SERVICE WICHITA KS
130 AM CDT MON SEP 22 2014


...................................

...THE WICHITA MID CONTINENT KS CLIMATE SUMMARY FOR SEPTEMBER 21 2014...

CLIMATE NORMAL PERIOD 1981 TO 2010
CLIMATE RECORD PERIOD 1888 TO 2014


WEATHER ITEM   OBSERVED TIME   RECORD YEAR NORMAL DEPARTURE LAST
                VALUE   (LST)  VALUE       VALUE  FROM      YEAR
                                                  NORMAL
..................................................................
TEMPERATURE (F)
 YESTERDAY
  MAXIMUM         85    110 PM  99    1980  80      5       81
                                      1956
  MINIMUM         61   1159 PM  37    1983  57      4       51
  AVERAGE         73                        68      5       66

PRECIPITATION (IN)
  YESTERDAY        0.00          3.83 1931   0.10  -0.10     0.00
  MONTH TO DATE    0.17                      2.23  -2.06     1.58
  SINCE SEP 1      0.17                      2.23  -2.06     1.58
  SINCE JAN 1     22.15                     26.32  -4.17    35.75

SNOWFALL (IN)
  YESTERDAY        0.0           0.0  2007   0.0    0.0      0.0
  MONTH TO DATE    0.0                       0.0    0.0      0.0
  SINCE SEP 1      0.0                       0.0    0.0      0.0
  SINCE JUL 1      0.0                       0.0    0.0      0.0
  SNOW DEPTH       0

DEGREE DAYS
 HEATING
  YESTERDAY        0                         2     -2        0
  MONTH TO DATE   20                        14      6        0
  SINCE SEP 1     20                        14      6        0
  SINCE JUL 1     21                        15      6        1

 COOLING
  YESTERDAY        8                         5      3        1
  MONTH TO DATE  213                       182     31      273
  SINCE SEP 1    213                       182     31      273
  SINCE JAN 1   1709                      1609    100     1686
..................................................................


WIND (MPH)
  HIGHEST WIND SPEED    22   HIGHEST WIND DIRECTION    NE (50)
  HIGHEST GUST SPEED    26   HIGHEST GUST DIRECTION    NE (30)
  AVERAGE WIND SPEED    11.0


SKY COVER
  POSSIBLE SUNSHINE  MM
  AVERAGE SKY COVER 0.4


WEATHER CONDITIONS
 THE FOLLOWING WEATHER WAS RECORDED YESTERDAY.
  NO SIGNIFICANT WEATHER WAS OBSERVED.


RELATIVE HUMIDITY (PERCENT)
 HIGHEST    87          1200 AM
 LOWEST     20           100 PM
 AVERAGE    54

..........................................................


THE WICHITA MID CONTINENT KS CLIMATE NORMALS FOR TODAY
                         NORMAL    RECORD    YEAR
 MAXIMUM TEMPERATURE (F)   80        97      1988
 MINIMUM TEMPERATURE (F)   57        32      1995


SUNRISE AND SUNSET
SEPTEMBER 22 2014.....SUNRISE   717 AM CDT   SUNSET   727 PM CDT
SEPTEMBER 23 2014.....SUNRISE   718 AM CDT   SUNSET   725 PM CDT


-  INDICATES NEGATIVE NUMBERS.
R  INDICATES RECORD WAS SET OR TIED.
MM INDICATES DATA IS MISSING.
T  INDICATES TRACE AMOUNT.




$$
