000
CDUS43 KICT 220704
CLIICT


CLIMATE REPORT
NATIONAL WEATHER SERVICE WICHITA KS
103 AM CST WED NOV 22 2017


...................................

...THE WICHITA EISENHOWER NATIONAL CLIMATE SUMMARY FOR NOVEMBER 21 2017...

CLIMATE NORMAL PERIOD 1981 TO 2010
CLIMATE RECORD PERIOD 1888 TO 2017


WEATHER ITEM   OBSERVED TIME   RECORD YEAR NORMAL DEPARTURE LAST
                VALUE   (LST)  VALUE       VALUE  FROM      YEAR
                                                  NORMAL
..................................................................
TEMPERATURE (F)
 YESTERDAY
  MAXIMUM         56   1256 PM  74    2012  53      3       62
  MINIMUM         30   1159 PM  10    1898  32     -2       35
  AVERAGE         43                        43      0       49

PRECIPITATION (IN)
  YESTERDAY        0.00          1.07 1934   0.05  -0.05     0.00
  MONTH TO DATE    0.12                      1.06  -0.94     0.14
  SINCE SEP 1      6.06                      6.98  -0.92    13.48
  SINCE JAN 1     33.41                     31.07   2.34    49.82

SNOWFALL (IN)
  YESTERDAY        0.0           4.6  1898   0.1   -0.1      0.0
  MONTH TO DATE    0.0                       0.6   -0.6      0.0
  SINCE SEP 1      0.0                       0.7   -0.7      0.0
  SINCE JUL 1      0.0                       0.7   -0.7      0.0
  SNOW DEPTH       0

DEGREE DAYS
 HEATING
  YESTERDAY       22                        22      0       16
  MONTH TO DATE  369                       365      4      207
  SINCE SEP 1    593                       650    -57      297
  SINCE JUL 1    593                       651    -58      297

 COOLING
  YESTERDAY        0                         0      0        0
  MONTH TO DATE    2                         0      2       11
  SINCE SEP 1    346                       257     89      382
  SINCE JAN 1   1785                      1684    101     2054
..................................................................


WIND (MPH)
  HIGHEST WIND SPEED    31   HIGHEST WIND DIRECTION     N (360)
  HIGHEST GUST SPEED    38   HIGHEST GUST DIRECTION     N (360)
  AVERAGE WIND SPEED    14.4


SKY COVER
  POSSIBLE SUNSHINE  MM
  AVERAGE SKY COVER 0.4


WEATHER CONDITIONS
 THE FOLLOWING WEATHER WAS RECORDED YESTERDAY.
  NO SIGNIFICANT WEATHER WAS OBSERVED.


RELATIVE HUMIDITY (PERCENT)
 HIGHEST    79           700 AM
 LOWEST     23           700 PM
 AVERAGE    51

..........................................................


THE WICHITA EISENHOWER NATIONAL CLIMATE NORMALS FOR TODAY
                         NORMAL    RECORD    YEAR
 MAXIMUM TEMPERATURE (F)   53        78      1966
 MINIMUM TEMPERATURE (F)   32         8      1929


SUNRISE AND SUNSET
NOVEMBER 22 2017......SUNRISE   717 AM CST   SUNSET   514 PM CST
NOVEMBER 23 2017......SUNRISE   718 AM CST   SUNSET   514 PM CST


-  INDICATES NEGATIVE NUMBERS.
R  INDICATES RECORD WAS SET OR TIED.
MM INDICATES DATA IS MISSING.
T  INDICATES TRACE AMOUNT.




$$
