000
CDUS43 KICT 142208
CLIICT

CLIMATE REPORT
NATIONAL WEATHER SERVICE WICHITA KS
508 PM CDT FRI JUL 14 2017


...................................

...THE WICHITA EISENHOWER NATIONAL CLIMATE SUMMARY FOR JULY 14 2017...
VALID TODAY AS OF 0500 PM LOCAL TIME.

CLIMATE NORMAL PERIOD 1981 TO 2010
CLIMATE RECORD PERIOD 1888 TO 2017


WEATHER ITEM   OBSERVED TIME   RECORD YEAR NORMAL DEPARTURE LAST
                VALUE   (LST)  VALUE       VALUE  FROM      YEAR
                                                  NORMAL
..................................................................
TEMPERATURE (F)
 TODAY
  MAXIMUM         88    359 PM 113    1954  93     -5       84
  MINIMUM         72    641 AM  52    1990  70      2       69
                                      1967
  AVERAGE         80                        81     -1       77

PRECIPITATION (IN)
  TODAY            0.70          1.86 1907   0.11   0.59     0.50
  MONTH TO DATE    0.93                      1.69  -0.76     8.40
  SINCE JUN 1      5.51                      6.89  -1.38    11.23
  SINCE JAN 1     24.35                     18.75   5.60    26.79

SNOWFALL (IN)
  TODAY            0.0           0.0  2007   0.0    0.0      0.0
  MONTH TO DATE    0.0                       0.0    0.0      0.0
  SINCE JUN 1      0.0                       0.0    0.0      0.0
  SINCE JUL 1      0.0                       0.0    0.0      0.0
  SNOW DEPTH       0

DEGREE DAYS
 HEATING
  TODAY            0                         0      0        0
  MONTH TO DATE    0                         0      0        0
  SINCE JUN 1      0                         6     -6        0
  SINCE JUL 1      0                         0      0        0

 COOLING
  TODAY           15                        16     -1       12
  MONTH TO DATE  224                       219      5      248
  SINCE JUN 1    594                       548     46      734
  SINCE JAN 1    750                       684     66      864
..................................................................


WIND (MPH)
  HIGHEST WIND SPEED    16   HIGHEST WIND DIRECTION    SE (130)
  HIGHEST GUST SPEED    22   HIGHEST GUST DIRECTION     N (360)
  AVERAGE WIND SPEED     6.1


SKY COVER
  POSSIBLE SUNSHINE  MM
  AVERAGE SKY COVER 0.8


WEATHER CONDITIONS
 THE FOLLOWING WEATHER WAS RECORDED TODAY.
  THUNDERSTORM
  HEAVY RAIN
  RAIN
  LIGHT RAIN
  FOG


RELATIVE HUMIDITY (PERCENT)
 HIGHEST    93           300 AM
 LOWEST     59           300 PM
 AVERAGE    76

..........................................................


THE WICHITA EISENHOWER NATIONAL CLIMATE NORMALS FOR TOMORROW
                         NORMAL    RECORD    YEAR
 MAXIMUM TEMPERATURE (F)   93       110      1936
 MINIMUM TEMPERATURE (F)   70        55      2014
                                             1990


SUNRISE AND SUNSET
JULY 14 2017..........SUNRISE   620 AM CDT   SUNSET   851 PM CDT
JULY 15 2017..........SUNRISE   620 AM CDT   SUNSET   851 PM CDT


-  INDICATES NEGATIVE NUMBERS.
R  INDICATES RECORD WAS SET OR TIED.
MM INDICATES DATA IS MISSING.
T  INDICATES TRACE AMOUNT.




$$
