000
CDUS43 KICT 130636
CLIICT


CLIMATE REPORT
NATIONAL WEATHER SERVICE WICHITA KS
136 AM CDT WED SEP 13 2017


...................................

...THE WICHITA EISENHOWER NATIONAL CLIMATE SUMMARY FOR SEPTEMBER 12 2017...

CLIMATE NORMAL PERIOD 1981 TO 2010
CLIMATE RECORD PERIOD 1888 TO 2017


WEATHER ITEM   OBSERVED TIME   RECORD YEAR NORMAL DEPARTURE LAST
                VALUE   (LST)  VALUE       VALUE  FROM      YEAR
                                                  NORMAL
..................................................................
TEMPERATURE (F)
 YESTERDAY
  MAXIMUM         83    300 PM 101    1980  84     -1       88
  MINIMUM         56    502 AM  41    1902  61     -5       65
  AVERAGE         70                        73     -3       77

PRECIPITATION (IN)
  YESTERDAY        0.00         10.31 2008   0.11  -0.11     0.00
  MONTH TO DATE    0.13                      1.30  -1.17     8.96
  SINCE SEP 1      0.13                      1.30  -1.17     8.96
  SINCE JAN 1     27.48                     25.39   2.09    45.30

SNOWFALL (IN)
  YESTERDAY        0.0           0.0  2007   0.0    0.0      0.0
  MONTH TO DATE    0.0                       0.0    0.0      0.0
  SINCE SEP 1      0.0                       0.0    0.0      0.0
  SINCE JUL 1      0.0                       0.0    0.0      0.0
  SNOW DEPTH       0

DEGREE DAYS
 HEATING
  YESTERDAY        0                         1     -1        0
  MONTH TO DATE    1                         2     -1        0
  SINCE SEP 1      1                         2     -1        0
  SINCE JUL 1      1                         3     -2        0

 COOLING
  YESTERDAY        5                         8     -3       12
  MONTH TO DATE   94                       122    -28      142
  SINCE SEP 1     94                       122    -28      142
  SINCE JAN 1   1533                      1549    -16     1814
..................................................................


WIND (MPH)
  HIGHEST WIND SPEED    15   HIGHEST WIND DIRECTION    NE (40)
  HIGHEST GUST SPEED    23   HIGHEST GUST DIRECTION    NE (30)
  AVERAGE WIND SPEED     5.1


SKY COVER
  POSSIBLE SUNSHINE  MM
  AVERAGE SKY COVER 0.5


WEATHER CONDITIONS
 THE FOLLOWING WEATHER WAS RECORDED YESTERDAY.
  NO SIGNIFICANT WEATHER WAS OBSERVED.


RELATIVE HUMIDITY (PERCENT)
 HIGHEST    93           500 AM
 LOWEST     31           300 PM
 AVERAGE    62

..........................................................


THE WICHITA EISENHOWER NATIONAL CLIMATE NORMALS FOR TODAY
                         NORMAL    RECORD    YEAR
 MAXIMUM TEMPERATURE (F)   84       104      1893
 MINIMUM TEMPERATURE (F)   61        37      1890


SUNRISE AND SUNSET
SEPTEMBER 13 2017.....SUNRISE   710 AM CDT   SUNSET   740 PM CDT
SEPTEMBER 14 2017.....SUNRISE   711 AM CDT   SUNSET   739 PM CDT


-  INDICATES NEGATIVE NUMBERS.
R  INDICATES RECORD WAS SET OR TIED.
MM INDICATES DATA IS MISSING.
T  INDICATES TRACE AMOUNT.




$$
