000
CDUS43 KICT 182208
CLIICT

CLIMATE REPORT
NATIONAL WEATHER SERVICE WICHITA KS
508 PM CDT SAT OCT 18 2014


...................................

...THE WICHITA MID CONTINENT CLIMATE SUMMARY FOR OCTOBER 18 2014...
VALID TODAY AS OF 0500 PM LOCAL TIME.

CLIMATE NORMAL PERIOD 1981 TO 2010
CLIMATE RECORD PERIOD 1888 TO 2014


WEATHER ITEM   OBSERVED TIME   RECORD YEAR NORMAL DEPARTURE LAST
                VALUE   (LST)  VALUE       VALUE  FROM      YEAR
                                                  NORMAL
..................................................................
TEMPERATURE (F)
 TODAY
  MAXIMUM         65    359 PM  89    2005  69     -4       48
  MINIMUM         47    729 AM  30    2013  46      1       30
  AVERAGE         56                        58     -2       39

PRECIPITATION (IN)
  TODAY            0.00          1.24 1942   0.10  -0.10     0.28
  MONTH TO DATE    1.38                      1.75  -0.37     1.01
  SINCE SEP 1      1.85                      4.89  -3.04     3.04
  SINCE JAN 1     23.83                     28.98  -5.15    37.21

SNOWFALL (IN)
  TODAY            0.0           T    2013   0.0    0.0       T
  MONTH TO DATE    0.0                       0.0    0.0       T
  SINCE SEP 1      0.0                       0.0    0.0       T
  SINCE JUL 1      0.0                       0.0    0.0       T
  SNOW DEPTH       0

DEGREE DAYS
 HEATING
  TODAY            9                         8      1       26
  MONTH TO DATE   85                       108    -23      103
  SINCE SEP 1    105                       150    -45      107
  SINCE JUL 1    106                       151    -45      108

 COOLING
  TODAY            0                         1     -1        0
  MONTH TO DATE   44                        31     13       51
  SINCE SEP 1    319                       253     66      365
  SINCE JAN 1   1815                      1680    135     1778
..................................................................


WIND (MPH)
  HIGHEST WIND SPEED    14   HIGHEST WIND DIRECTION     N (10)
  HIGHEST GUST SPEED    16   HIGHEST GUST DIRECTION     N (340)
  AVERAGE WIND SPEED     7.5


SKY COVER
  POSSIBLE SUNSHINE  MM
  AVERAGE SKY COVER 0.6


WEATHER CONDITIONS
 THE FOLLOWING WEATHER WAS RECORDED TODAY.
  HAZE


RELATIVE HUMIDITY (PERCENT)
 HIGHEST    77           600 AM
 LOWEST     43           100 PM
 AVERAGE    60

..........................................................


THE WICHITA MID CONTINENT CLIMATE NORMALS FOR TOMORROW
                         NORMAL    RECORD    YEAR
 MAXIMUM TEMPERATURE (F)   69        86      1979
 MINIMUM TEMPERATURE (F)   46        23      1917


SUNRISE AND SUNSET
OCTOBER 18 2014.......SUNRISE   741 AM CDT   SUNSET   648 PM CDT
OCTOBER 19 2014.......SUNRISE   742 AM CDT   SUNSET   647 PM CDT


-  INDICATES NEGATIVE NUMBERS.
R  INDICATES RECORD WAS SET OR TIED.
MM INDICATES DATA IS MISSING.
T  INDICATES TRACE AMOUNT.




$$
