000
CDUS43 KICT 090624
CLIICT


CLIMATE REPORT
NATIONAL WEATHER SERVICE WICHITA KS
1222 AM CST TUE JAN 9 2018


...................................

...THE WICHITA EISENHOWER NATIONAL CLIMATE SUMMARY FOR JANUARY 8 2018...

CLIMATE NORMAL PERIOD 1981 TO 2010
CLIMATE RECORD PERIOD 1888 TO 2018


WEATHER ITEM   OBSERVED TIME   RECORD YEAR NORMAL DEPARTURE LAST
                VALUE   (LST)  VALUE       VALUE  FROM      YEAR
                                                  NORMAL
..................................................................
TEMPERATURE (F)
 YESTERDAY
  MAXIMUM         54    430 PM  75    2002  42     12       44
  MINIMUM         26    610 AM -11    1979  22      4       14
  AVERAGE         40                        32      8       29

PRECIPITATION (IN)
  YESTERDAY        0.00          1.50 1891   0.02  -0.02     0.00
  MONTH TO DATE    0.06                      0.19  -0.13     0.05
  SINCE DEC 1      0.09                      1.39  -1.30     0.71
  SINCE JAN 1      0.06                      0.19  -0.13     0.05

SNOWFALL (IN)
  YESTERDAY        0.0           5.2  1987   0.1   -0.1      0.0
  MONTH TO DATE    0.0                       0.9   -0.9       T
  SINCE DEC 1      T                         5.1   -5.1      2.0
  SINCE JUL 1      T                         6.5   -6.5      2.0
  SNOW DEPTH       0

DEGREE DAYS
 HEATING
  YESTERDAY       25                        33     -8       36
  MONTH TO DATE  307                       264     43      297
  SINCE DEC 1   1173                      1231    -58     1284
  SINCE JUL 1   1903                      2107   -204     1737

 COOLING
  YESTERDAY        0                         0      0        0
  MONTH TO DATE    0                         0      0        0
  SINCE DEC 1      0                         0      0        0
  SINCE JAN 1      0                         0      0        0
..................................................................


WIND (MPH)
  HIGHEST WIND SPEED    15   HIGHEST WIND DIRECTION     N (340)
  HIGHEST GUST SPEED    25   HIGHEST GUST DIRECTION     N (340)
  AVERAGE WIND SPEED     7.3


SKY COVER
  POSSIBLE SUNSHINE  MM
  AVERAGE SKY COVER 0.3


WEATHER CONDITIONS
 THE FOLLOWING WEATHER WAS RECORDED YESTERDAY.
  NO SIGNIFICANT WEATHER WAS OBSERVED.


RELATIVE HUMIDITY (PERCENT)
 HIGHEST   100           700 AM
 LOWEST     35           300 PM
 AVERAGE    68

..........................................................


THE WICHITA EISENHOWER NATIONAL CLIMATE NORMALS FOR TODAY
                         NORMAL    RECORD    YEAR
 MAXIMUM TEMPERATURE (F)   42        69      1902
 MINIMUM TEMPERATURE (F)   22        -7      1973


SUNRISE AND SUNSET
JANUARY  9 2018.......SUNRISE   745 AM CST   SUNSET   529 PM CST
JANUARY 10 2018.......SUNRISE   745 AM CST   SUNSET   530 PM CST


-  INDICATES NEGATIVE NUMBERS.
R  INDICATES RECORD WAS SET OR TIED.
MM INDICATES DATA IS MISSING.
T  INDICATES TRACE AMOUNT.




$$
