000
CDUS43 KICT 190623
CLIICT


CLIMATE REPORT
NATIONAL WEATHER SERVICE WICHITA KS
1222 AM CST WED NOV 19 2014


...................................

...THE WICHITA MID CONTINENT KS CLIMATE SUMMARY FOR NOVEMBER 18 2014...

CLIMATE NORMAL PERIOD 1981 TO 2010
CLIMATE RECORD PERIOD 1888 TO 2014


WEATHER ITEM   OBSERVED TIME   RECORD YEAR NORMAL DEPARTURE LAST
                VALUE   (LST)  VALUE       VALUE  FROM      YEAR
                                                  NORMAL
..................................................................
TEMPERATURE (F)
 YESTERDAY
  MAXIMUM         38   1159 PM  77    1942  55    -17       61
  MINIMUM          5R   700 AM  12    1903  33    -28       31
  AVERAGE         22                        44    -22       46

PRECIPITATION (IN)
  YESTERDAY        0.00          1.08 1992   0.04  -0.04     0.00
  MONTH TO DATE    0.34                      0.94  -0.60     0.30
  SINCE SEP 1      2.22                      6.86  -4.64     5.38
  SINCE JAN 1     24.20                     30.95  -6.75    39.55

SNOWFALL (IN)
  YESTERDAY        0.0           6.8  1984   0.1   -0.1      0.0
  MONTH TO DATE    1.8                       0.4    1.4      0.0
  SINCE SEP 1      1.8                       0.5    1.3       T
  SINCE JUL 1      1.8                       0.5    1.3       T
  SNOW DEPTH       1

DEGREE DAYS
 HEATING
  YESTERDAY       43                        21     22       19
  MONTH TO DATE  449                       300    149      288
  SINCE SEP 1    611                       585     26      541
  SINCE JUL 1    612                       586     26      542

 COOLING
  YESTERDAY        0                         0      0        0
  MONTH TO DATE    0                         0      0        0
  SINCE SEP 1    353                       257     96      365
  SINCE JAN 1   1849                      1684    165     1778
..................................................................


WIND (MPH)
  HIGHEST WIND SPEED    18   HIGHEST WIND DIRECTION     S (190)
  HIGHEST GUST SPEED    22   HIGHEST GUST DIRECTION     S (190)
  AVERAGE WIND SPEED     7.2


SKY COVER
  POSSIBLE SUNSHINE  MM
  AVERAGE SKY COVER 0.2


WEATHER CONDITIONS
 THE FOLLOWING WEATHER WAS RECORDED YESTERDAY.
  NO SIGNIFICANT WEATHER WAS OBSERVED.


RELATIVE HUMIDITY (PERCENT)
 HIGHEST    87           700 AM
 LOWEST     56           200 PM
 AVERAGE    72

..........................................................


THE WICHITA MID CONTINENT KS CLIMATE NORMALS FOR TODAY
                         NORMAL    RECORD    YEAR
 MAXIMUM TEMPERATURE (F)   54        79      2007
 MINIMUM TEMPERATURE (F)   33        10      1937


SUNRISE AND SUNSET
NOVEMBER 19 2014......SUNRISE   714 AM CST   SUNSET   516 PM CST
NOVEMBER 20 2014......SUNRISE   715 AM CST   SUNSET   515 PM CST


-  INDICATES NEGATIVE NUMBERS.
R  INDICATES RECORD WAS SET OR TIED.
MM INDICATES DATA IS MISSING.
T  INDICATES TRACE AMOUNT.




$$
