000
CDUS43 KICT 252308
CLIICT

CLIMATE REPORT
NATIONAL WEATHER SERVICE WICHITA KS
507 PM CST SUN JAN 25 2015


...................................

...THE WICHITA MID CONTINENT CLIMATE SUMMARY FOR JANUARY 25 2015...
VALID TODAY AS OF 0500 PM LOCAL TIME.

CLIMATE NORMAL PERIOD 1981 TO 2010
CLIMATE RECORD PERIOD 1888 TO 2015


WEATHER ITEM   OBSERVED TIME   RECORD YEAR NORMAL DEPARTURE LAST
                VALUE   (LST)  VALUE       VALUE  FROM      YEAR
                                                  NORMAL
..................................................................
TEMPERATURE (F)
 TODAY
  MAXIMUM         54   1222 AM  67    2005  43     11       59
                                      1911
  MINIMUM         46    751 AM  -6    1905  22     24       33
  AVERAGE         50                        33     17       46

PRECIPITATION (IN)
  TODAY            0.00          0.58 1898   0.03  -0.03     0.00
  MONTH TO DATE    0.44                      0.63  -0.19     0.11
  SINCE DEC 1      1.73                      1.83  -0.10     0.71
  SINCE JAN 1      0.44                      0.63  -0.19     0.11

SNOWFALL (IN)
  TODAY            0.0           3.3  1895   0.1   -0.1      0.0
  MONTH TO DATE    4.0                       2.8    1.2      2.9
  SINCE DEC 1      8.2                       7.0    1.2      6.3
  SINCE JUL 1     10.0                       8.4    1.6      6.3
  SNOW DEPTH       0

DEGREE DAYS
 HEATING
  TODAY           15                        32    -17       19
  MONTH TO DATE  821                       822     -1      815
  SINCE DEC 1   1646                      1789   -143     1885
  SINCE JUL 1   2526                      2665   -139     2770

 COOLING
  TODAY            0                         0      0        0
  MONTH TO DATE    0                         0      0        0
  SINCE DEC 1      0                         0      0        0
  SINCE JAN 1      0                         0      0        0
..................................................................


WIND (MPH)
  HIGHEST WIND SPEED    38   HIGHEST WIND DIRECTION    NW (330)
  HIGHEST GUST SPEED    48   HIGHEST GUST DIRECTION    NW (310)
  AVERAGE WIND SPEED    23.9


SKY COVER
  POSSIBLE SUNSHINE  MM
  AVERAGE SKY COVER 0.7


WEATHER CONDITIONS
 THE FOLLOWING WEATHER WAS RECORDED TODAY.
  NO SIGNIFICANT WEATHER WAS OBSERVED.


RELATIVE HUMIDITY (PERCENT)
 HIGHEST    54           200 AM
 LOWEST     41          1200 PM
 AVERAGE    48

..........................................................


THE WICHITA MID CONTINENT CLIMATE NORMALS FOR TOMORROW
                         NORMAL    RECORD    YEAR
 MAXIMUM TEMPERATURE (F)   44        69      1953
                                             1951
 MINIMUM TEMPERATURE (F)   22        -6      1904
                                             1902


SUNRISE AND SUNSET
JANUARY 25 2015.......SUNRISE   739 AM CST   SUNSET   546 PM CST
JANUARY 26 2015.......SUNRISE   738 AM CST   SUNSET   547 PM CST


-  INDICATES NEGATIVE NUMBERS.
R  INDICATES RECORD WAS SET OR TIED.
MM INDICATES DATA IS MISSING.
T  INDICATES TRACE AMOUNT.




$$
