906
CDUS43 KICT 200742
CLIICT


CLIMATE REPORT
NATIONAL WEATHER SERVICE WICHITA KS
241 AM CDT SAT AUG 20 2016


...................................

...THE WICHITA EISENHOWER NATIONAL CLIMATE SUMMARY FOR AUGUST 19 2016...

CLIMATE NORMAL PERIOD 1981 TO 2010
CLIMATE RECORD PERIOD 1888 TO 2016


WEATHER ITEM   OBSERVED TIME   RECORD YEAR NORMAL DEPARTURE LAST
                VALUE   (LST)  VALUE       VALUE  FROM      YEAR
                                                  NORMAL
..................................................................
TEMPERATURE (F)
 YESTERDAY
  MAXIMUM         91    144 PM 105    2011  91      0       77
                                      1936
  MINIMUM         69    945 PM  50    1950  69      0       58
  AVERAGE         80                        80      0       68

PRECIPITATION (IN)
  YESTERDAY        1.13          1.61 1994   0.12   1.01     0.04
  MONTH TO DATE    8.12                      2.23   5.89     3.78
  SINCE JUN 1     20.62                     10.75   9.87    13.38
  SINCE JAN 1     36.18                     22.61  13.57    29.82

SNOWFALL (IN)
  YESTERDAY        0.0           0.0  2007   0.0    0.0      0.0
  MONTH TO DATE    0.0                       0.0    0.0      0.0
  SINCE JUN 1      0.0                       0.0    0.0      0.0
  SINCE JUL 1      0.0                       0.0    0.0      0.0
  SNOW DEPTH       0

DEGREE DAYS
 HEATING
  YESTERDAY        0                         0      0        0
  MONTH TO DATE    0                         0      0        0
  SINCE JUN 1      0                         6     -6        0
  SINCE JUL 1      0                         0      0        0

 COOLING
  YESTERDAY       15                        15      0        3
  MONTH TO DATE  316                       299     17      269
  SINCE JUN 1   1390                      1125    265     1271
  SINCE JAN 1   1520                      1261    259     1384
..................................................................


WIND (MPH)
  HIGHEST WIND SPEED    28   HIGHEST WIND DIRECTION    NE (40)
  HIGHEST GUST SPEED    35   HIGHEST GUST DIRECTION     N (20)
  AVERAGE WIND SPEED    12.3


SKY COVER
  POSSIBLE SUNSHINE  MM
  AVERAGE SKY COVER 0.6


WEATHER CONDITIONS
 THE FOLLOWING WEATHER WAS RECORDED YESTERDAY.
  THUNDERSTORM
  HEAVY RAIN
  RAIN
  LIGHT RAIN
  FOG


RELATIVE HUMIDITY (PERCENT)
 HIGHEST   100           800 PM
 LOWEST     52           200 PM
 AVERAGE    76

..........................................................


THE WICHITA EISENHOWER NATIONAL CLIMATE NORMALS FOR TODAY
                         NORMAL    RECORD    YEAR
 MAXIMUM TEMPERATURE (F)   91       106      2001
                                             1896
 MINIMUM TEMPERATURE (F)   69        47      1950


SUNRISE AND SUNSET
AUGUST 20 2016........SUNRISE   650 AM CDT   SUNSET   815 PM CDT
AUGUST 21 2016........SUNRISE   651 AM CDT   SUNSET   814 PM CDT


-  INDICATES NEGATIVE NUMBERS.
R  INDICATES RECORD WAS SET OR TIED.
MM INDICATES DATA IS MISSING.
T  INDICATES TRACE AMOUNT.




$$
