000
CDUS43 KICT 042303
CLIICT


CLIMATE REPORT
NATIONAL WEATHER SERVICE WICHITA KS
503 PM CST MON DEC 4 2017


...................................

...THE WICHITA EISENHOWER NATIONAL CLIMATE SUMMARY FOR DECEMBER 4 2017...
VALID TODAY AS OF 0500 PM LOCAL TIME.

CLIMATE NORMAL PERIOD 1981 TO 2010
CLIMATE RECORD PERIOD 1888 TO 2017


WEATHER ITEM   OBSERVED TIME   RECORD YEAR NORMAL DEPARTURE LAST
                VALUE   (LST)  VALUE       VALUE  FROM      YEAR
                                                  NORMAL
..................................................................
TEMPERATURE (F)
 TODAY
  MAXIMUM         66   1047 AM  70    2001  47     19       52
  MINIMUM         54    459 PM   8    1902  27     27       31
  AVERAGE         60                        37     23       42

PRECIPITATION (IN)
  TODAY            0.00          2.81 1944   0.04  -0.04     0.16
  MONTH TO DATE    0.00                      0.18  -0.18     0.37
  SINCE DEC 1      0.00                      0.18  -0.18     0.37
  SINCE JAN 1     33.81                     31.62   2.19    50.31

SNOWFALL (IN)
  TODAY            0.0           5.1  2002   0.2   -0.2      0.0
  MONTH TO DATE    0.0                       0.5   -0.5      0.0
  SINCE DEC 1      0.0                       0.5   -0.5      0.0
  SINCE JUL 1      0.0                       1.9   -1.9      0.0
  SNOW DEPTH       0

DEGREE DAYS
 HEATING
  TODAY            5                        28    -23       23
  MONTH TO DATE   52                       111    -59       96
  SINCE DEC 1     52                       111    -59       96
  SINCE JUL 1    782                       987   -205      549

 COOLING
  TODAY            0                         0      0        0
  MONTH TO DATE    0                         0      0        0
  SINCE DEC 1      0                         0      0        0
  SINCE JAN 1   1785                      1686     99     2054
..................................................................


WIND (MPH)
  HIGHEST WIND SPEED    33   HIGHEST WIND DIRECTION    NW (320)
  HIGHEST GUST SPEED    43   HIGHEST GUST DIRECTION     S (190)
  AVERAGE WIND SPEED    23.4


SKY COVER
  POSSIBLE SUNSHINE  MM
  AVERAGE SKY COVER 0.9


WEATHER CONDITIONS
 THE FOLLOWING WEATHER WAS RECORDED TODAY.
  NO SIGNIFICANT WEATHER WAS OBSERVED.


RELATIVE HUMIDITY (PERCENT)
 HIGHEST    93           400 AM
 LOWEST     23           300 PM
 AVERAGE    58

..........................................................


THE WICHITA EISENHOWER NATIONAL CLIMATE NORMALS FOR TOMORROW
                         NORMAL    RECORD    YEAR
 MAXIMUM TEMPERATURE (F)   46        73      2001
 MINIMUM TEMPERATURE (F)   26         3      1964


SUNRISE AND SUNSET
DECEMBER  4 2017......SUNRISE   729 AM CST   SUNSET   511 PM CST
DECEMBER  5 2017......SUNRISE   730 AM CST   SUNSET   511 PM CST


-  INDICATES NEGATIVE NUMBERS.
R  INDICATES RECORD WAS SET OR TIED.
MM INDICATES DATA IS MISSING.
T  INDICATES TRACE AMOUNT.




$$
