000
CDUS43 KICT 122212
CLIICT


CLIMATE REPORT
NATIONAL WEATHER SERVICE WICHITA KS
511 PM CDT SAT APR 12 2014


...................................

...THE WICHITA MID CONTINENT CLIMATE SUMMARY FOR APRIL 12 2014...
VALID TODAY AS OF 0500 PM LOCAL TIME.

CLIMATE NORMAL PERIOD 1981 TO 2010
CLIMATE RECORD PERIOD 1888 TO 2014


WEATHER ITEM   OBSERVED TIME   RECORD YEAR NORMAL DEPARTURE LAST
                VALUE   (LST)  VALUE       VALUE  FROM      YEAR
                                                  NORMAL
..................................................................
TEMPERATURE (F)
 TODAY
  MAXIMUM         88    317 PM  96    1972  67     21       58
  MINIMUM         59    629 AM  21    1940  43     16       29
  AVERAGE         74                        55     19       44

PRECIPITATION (IN)
  TODAY            0.00          1.36 1896   0.08  -0.08     0.00
  MONTH TO DATE    0.41                      0.90  -0.49     1.63
  SINCE MAR 1      0.90                      3.59  -2.69     3.74
  SINCE JAN 1      1.89                      5.60  -3.71     6.76

SNOWFALL (IN)
  TODAY            0.0           0.8  1959   0.0    0.0      0.0
  MONTH TO DATE    0.0                       0.2   -0.2       T
  SINCE MAR 1      3.2                       2.5    0.7      5.3
  SINCE JUL 1     22.7                      14.9    7.8     29.8
  SNOW DEPTH       0

DEGREE DAYS
 HEATING
  TODAY            0                        11    -11       21
  MONTH TO DATE  123                       148    -25      195
  SINCE MAR 1    800                       725     75      861
  SINCE JUL 1   4719                      4365    354     4132

 COOLING
  TODAY            9                         1      8        0
  MONTH TO DATE    9                         5      4        2
  SINCE MAR 1      9                         7      2        2
  SINCE JAN 1      9                         7      2        2
..................................................................


WIND (MPH)
  HIGHEST WIND SPEED    35   HIGHEST WIND DIRECTION     S (170)
  HIGHEST GUST SPEED    42   HIGHEST GUST DIRECTION     S (190)
  AVERAGE WIND SPEED    20.1


SKY COVER
  POSSIBLE SUNSHINE  MM
  AVERAGE SKY COVER 0.6


WEATHER CONDITIONS
 THE FOLLOWING WEATHER WAS RECORDED TODAY.
  FOG
  HAZE


RELATIVE HUMIDITY (PERCENT)
 HIGHEST    93           600 AM
 LOWEST     34           300 PM
 AVERAGE    64

..........................................................


THE WICHITA MID CONTINENT CLIMATE NORMALS FOR TOMORROW
                         NORMAL    RECORD    YEAR
 MAXIMUM TEMPERATURE (F)   67        96      2006
 MINIMUM TEMPERATURE (F)   44        21      1950


SUNRISE AND SUNSET
APRIL 12 2014.........SUNRISE   659 AM CDT   SUNSET   803 PM CDT
APRIL 13 2014.........SUNRISE   657 AM CDT   SUNSET   803 PM CDT


-  INDICATES NEGATIVE NUMBERS.
R  INDICATES RECORD WAS SET OR TIED.
MM INDICATES DATA IS MISSING.
T  INDICATES TRACE AMOUNT.




$$
