000
CDUS43 KICT 120620
CLIICT


CLIMATE REPORT
NATIONAL WEATHER SERVICE WICHITA KS
1220 AM CST MON FEB 12 2018


...................................

...THE WICHITA EISENHOWER NATIONAL CLIMATE SUMMARY FOR FEBRUARY 11 2018...

CLIMATE NORMAL PERIOD 1981 TO 2010
CLIMATE RECORD PERIOD 1888 TO 2018


WEATHER ITEM   OBSERVED TIME   RECORD YEAR NORMAL DEPARTURE LAST
                VALUE   (LST)  VALUE       VALUE  FROM      YEAR
                                                  NORMAL
..................................................................
TEMPERATURE (F)
 YESTERDAY
  MAXIMUM         40    457 PM  77    1951  47     -7       73
  MINIMUM         15    809 AM -17    1899  25    -10       44
  AVERAGE         28                        36     -8       59

PRECIPITATION (IN)
  YESTERDAY        T             0.71 1894   0.04  -0.04     0.00
  MONTH TO DATE    T                         0.41  -0.41      T
  SINCE DEC 1      0.23                      2.44  -2.21     3.45
  SINCE JAN 1      0.20                      1.24  -1.04     2.79

SNOWFALL (IN)
  YESTERDAY        T             7.5  1894   0.1   -0.1      0.0
  MONTH TO DATE    T                         1.5   -1.5      0.0
  SINCE DEC 1      0.3                       9.3   -9.0      2.0
  SINCE JUL 1      0.3                      10.7  -10.4      2.0
  SNOW DEPTH       0

DEGREE DAYS
 HEATING
  YESTERDAY       37                        29      8        6
  MONTH TO DATE  392                       332     60      249
  SINCE DEC 1   2209                      2316   -107     2108
  SINCE JUL 1   2939                      3192   -253     2561

 COOLING
  YESTERDAY        0                         0      0        0
  MONTH TO DATE    0                         0      0        0
  SINCE DEC 1      0                         0      0        0
  SINCE JAN 1      0                         0      0        0
..................................................................


WIND (MPH)
  HIGHEST WIND SPEED    20   HIGHEST WIND DIRECTION     N (350)
  HIGHEST GUST SPEED    27   HIGHEST GUST DIRECTION     N (350)
  AVERAGE WIND SPEED     8.1


SKY COVER
  POSSIBLE SUNSHINE  MM
  AVERAGE SKY COVER 0.4


WEATHER CONDITIONS
 THE FOLLOWING WEATHER WAS RECORDED YESTERDAY.
  LIGHT SNOW
  FOG


RELATIVE HUMIDITY (PERCENT)
 HIGHEST    88           100 AM
 LOWEST     27           400 PM
 AVERAGE    58

..........................................................


THE WICHITA EISENHOWER NATIONAL CLIMATE NORMALS FOR TODAY
                         NORMAL    RECORD    YEAR
 MAXIMUM TEMPERATURE (F)   47        81      1962
 MINIMUM TEMPERATURE (F)   25       -22      1899


SUNRISE AND SUNSET
FEBRUARY 12 2018......SUNRISE   722 AM CST   SUNSET   606 PM CST
FEBRUARY 13 2018......SUNRISE   721 AM CST   SUNSET   607 PM CST


-  INDICATES NEGATIVE NUMBERS.
R  INDICATES RECORD WAS SET OR TIED.
MM INDICATES DATA IS MISSING.
T  INDICATES TRACE AMOUNT.




$$
