000
CDUS43 KICT 202310
CLIICT


CLIMATE REPORT
NATIONAL WEATHER SERVICE WICHITA KS
510 PM CST THU NOV 20 2014


...................................

...THE WICHITA MID CONTINENT CLIMATE SUMMARY FOR NOVEMBER 20 2014...
VALID TODAY AS OF 0500 PM LOCAL TIME.

CLIMATE NORMAL PERIOD 1981 TO 2010
CLIMATE RECORD PERIOD 1888 TO 2014


WEATHER ITEM   OBSERVED TIME   RECORD YEAR NORMAL DEPARTURE LAST
                VALUE   (LST)  VALUE       VALUE  FROM      YEAR
                                                  NORMAL
..................................................................
TEMPERATURE (F)
 TODAY
  MAXIMUM         52    351 PM  83    1897  54     -2       61
  MINIMUM         24    621 AM  13    1937  33     -9       50
  AVERAGE         38                        43     -5       56

PRECIPITATION (IN)
  TODAY            0.00          1.24 1979   0.04  -0.04     0.00
  MONTH TO DATE    0.34                      1.01  -0.67     0.30
  SINCE SEP 1      2.22                      6.93  -4.71     5.38
  SINCE JAN 1     24.20                     31.02  -6.82    39.55

SNOWFALL (IN)
  TODAY            0.0           1.2  1906   0.1   -0.1      0.0
  MONTH TO DATE    1.8                       0.5    1.3      0.0
  SINCE SEP 1      1.8                       0.6    1.2       T
  SINCE JUL 1      1.8                       0.6    1.2       T
  SNOW DEPTH       0

DEGREE DAYS
 HEATING
  TODAY           27                        22      5        9
  MONTH TO DATE  503                       343    160      311
  SINCE SEP 1    665                       628     37      564
  SINCE JUL 1    666                       629     37      565

 COOLING
  TODAY            0                         0      0        0
  MONTH TO DATE    0                         0      0        0
  SINCE SEP 1    353                       257     96      365
  SINCE JAN 1   1849                      1684    165     1778
..................................................................


WIND (MPH)
  HIGHEST WIND SPEED    13   HIGHEST WIND DIRECTION     E (80)
  HIGHEST GUST SPEED    16   HIGHEST GUST DIRECTION     E (80)
  AVERAGE WIND SPEED     6.2


SKY COVER
  POSSIBLE SUNSHINE  MM
  AVERAGE SKY COVER 0.3


WEATHER CONDITIONS
 THE FOLLOWING WEATHER WAS RECORDED TODAY.
  NO SIGNIFICANT WEATHER WAS OBSERVED.


RELATIVE HUMIDITY (PERCENT)
 HIGHEST    68           100 AM
 LOWEST     35           400 PM
 AVERAGE    52

..........................................................


THE WICHITA MID CONTINENT CLIMATE NORMALS FOR TOMORROW
                         NORMAL    RECORD    YEAR
 MAXIMUM TEMPERATURE (F)   53        74      2012
 MINIMUM TEMPERATURE (F)   32        10      1898


SUNRISE AND SUNSET
NOVEMBER 20 2014......SUNRISE   715 AM CST   SUNSET   515 PM CST
NOVEMBER 21 2014......SUNRISE   716 AM CST   SUNSET   515 PM CST


-  INDICATES NEGATIVE NUMBERS.
R  INDICATES RECORD WAS SET OR TIED.
MM INDICATES DATA IS MISSING.
T  INDICATES TRACE AMOUNT.




$$
