000
CDUS43 KICT 180625
CLIICT


CLIMATE REPORT
NATIONAL WEATHER SERVICE WICHITA KS
124 AM CDT MON AUG 18 2014


...................................

...THE WICHITA MID CONTINENT KS CLIMATE SUMMARY FOR AUGUST 17 2014...

CLIMATE NORMAL PERIOD 1981 TO 2010
CLIMATE RECORD PERIOD 1888 TO 2014


WEATHER ITEM   OBSERVED TIME   RECORD YEAR NORMAL DEPARTURE LAST
                VALUE   (LST)  VALUE       VALUE  FROM      YEAR
                                                  NORMAL
..................................................................
TEMPERATURE (F)
 YESTERDAY
  MAXIMUM         95    445 PM 106    1956  91      4       80
                                      1909
  MINIMUM         70    558 AM  57    1992  69      1       63
  AVERAGE         83                        80      3       72

PRECIPITATION (IN)
  YESTERDAY        T             1.57 1946   0.13  -0.13     0.00
  MONTH TO DATE    1.80                      1.98  -0.18    10.63
  SINCE JUN 1     15.33                     10.50   4.83    20.15
  SINCE JAN 1     21.40                     22.36  -0.96    34.17

SNOWFALL (IN)
  YESTERDAY        0.0           0.0  2007   0.0    0.0      0.0
  MONTH TO DATE    0.0                       0.0    0.0      0.0
  SINCE JUN 1      0.0                       0.0    0.0      0.0
  SINCE JUL 1      0.0                       0.0    0.0      0.0
  SNOW DEPTH       0

DEGREE DAYS
 HEATING
  YESTERDAY        0                         0      0        0
  MONTH TO DATE    0                         0      0        0
  SINCE JUN 1      1                         6     -5        4
  SINCE JUL 1      1                         0      1        1

 COOLING
  YESTERDAY       18                        15      3        7
  MONTH TO DATE  243                       269    -26      189
  SINCE JUN 1    968                      1095   -127     1050
  SINCE JAN 1   1235                      1231      4     1188
..................................................................


WIND (MPH)
  HIGHEST WIND SPEED    32   HIGHEST WIND DIRECTION     N (10)
  HIGHEST GUST SPEED    42   HIGHEST GUST DIRECTION     N (360)
  AVERAGE WIND SPEED     6.7


SKY COVER
  POSSIBLE SUNSHINE  MM
  AVERAGE SKY COVER 0.2


WEATHER CONDITIONS
 THE FOLLOWING WEATHER WAS RECORDED YESTERDAY.
  THUNDERSTORM
  LIGHT RAIN
  HAZE


RELATIVE HUMIDITY (PERCENT)
 HIGHEST    90           600 AM
 LOWEST     41           300 PM
 AVERAGE    66

..........................................................


THE WICHITA MID CONTINENT KS CLIMATE NORMALS FOR TODAY
                         NORMAL    RECORD    YEAR
 MAXIMUM TEMPERATURE (F)   91       106      1970
 MINIMUM TEMPERATURE (F)   69        54      1943


SUNRISE AND SUNSET
AUGUST 18 2014........SUNRISE   648 AM CDT   SUNSET   818 PM CDT
AUGUST 19 2014........SUNRISE   649 AM CDT   SUNSET   817 PM CDT


-  INDICATES NEGATIVE NUMBERS.
R  INDICATES RECORD WAS SET OR TIED.
MM INDICATES DATA IS MISSING.
T  INDICATES TRACE AMOUNT.




$$
