000
CDUS43 KICT 152310
CLIICT


CLIMATE REPORT
NATIONAL WEATHER SERVICE WICHITA KS
510 PM CST MON DEC 15 2014


...................................

...THE WICHITA MID CONTINENT CLIMATE SUMMARY FOR DECEMBER 15 2014...
VALID TODAY AS OF 0500 PM LOCAL TIME.

CLIMATE NORMAL PERIOD 1981 TO 2010
CLIMATE RECORD PERIOD 1888 TO 2014


WEATHER ITEM   OBSERVED TIME   RECORD YEAR NORMAL DEPARTURE LAST
                VALUE   (LST)  VALUE       VALUE  FROM      YEAR
                                                  NORMAL
..................................................................
TEMPERATURE (F)
 TODAY
  MAXIMUM         56   1209 AM  66    2006  43     13       63
                                      1939
  MINIMUM         39    509 PM -10    1989  24     15       19
  AVERAGE         48                        33     15       41

PRECIPITATION (IN)
  TODAY            0.00          2.57 1984   0.04  -0.04     0.00
  MONTH TO DATE    0.81                      0.64   0.17      T
  SINCE DEC 1      0.81                      0.64   0.17      T
  SINCE JAN 1     25.12                     32.08  -6.96    39.85

SNOWFALL (IN)
  TODAY            0.0           1.6  2007   0.1   -0.1      0.0
  MONTH TO DATE    0.0                       2.0   -2.0       T
  SINCE DEC 1      0.0                       2.0   -2.0       T
  SINCE JUL 1      1.8                       3.4   -1.6       T
  SNOW DEPTH       0

DEGREE DAYS
 HEATING
  TODAY           17                        32    -15       24
  MONTH TO DATE  331                       444   -113      538
  SINCE DEC 1    331                       444   -113      538
  SINCE JUL 1   1211                      1320   -109     1423

 COOLING
  TODAY            0                         0      0        0
  MONTH TO DATE    0                         0      0        0
  SINCE DEC 1      0                         0      0        0
  SINCE JAN 1   1849                      1686    163     1778
..................................................................


WIND (MPH)
  HIGHEST WIND SPEED    32   HIGHEST WIND DIRECTION    NW (310)
  HIGHEST GUST SPEED    39   HIGHEST GUST DIRECTION    NW (320)
  AVERAGE WIND SPEED    20.4


SKY COVER
  POSSIBLE SUNSHINE  MM
  AVERAGE SKY COVER 0.9


WEATHER CONDITIONS
 THE FOLLOWING WEATHER WAS RECORDED TODAY.
  NO SIGNIFICANT WEATHER WAS OBSERVED.


RELATIVE HUMIDITY (PERCENT)
 HIGHEST    83           400 AM
 LOWEST     55           300 PM
 AVERAGE    69

..........................................................


THE WICHITA MID CONTINENT CLIMATE NORMALS FOR TOMORROW
                         NORMAL    RECORD    YEAR
 MAXIMUM TEMPERATURE (F)   43        69      1939
 MINIMUM TEMPERATURE (F)   24        -6      1989


SUNRISE AND SUNSET
DECEMBER 15 2014......SUNRISE   737 AM CST   SUNSET   512 PM CST
DECEMBER 16 2014......SUNRISE   738 AM CST   SUNSET   513 PM CST


-  INDICATES NEGATIVE NUMBERS.
R  INDICATES RECORD WAS SET OR TIED.
MM INDICATES DATA IS MISSING.
T  INDICATES TRACE AMOUNT.




$$
