000
CDUS43 KICT 220646
CLIICT


CLIMATE REPORT
NATIONAL WEATHER SERVICE WICHITA KS
1245 AM CST MON DEC 22 2014


...................................

...THE WICHITA MID CONTINENT KS CLIMATE SUMMARY FOR DECEMBER 21 2014...

CLIMATE NORMAL PERIOD 1981 TO 2010
CLIMATE RECORD PERIOD 1888 TO 2014


WEATHER ITEM   OBSERVED TIME   RECORD YEAR NORMAL DEPARTURE LAST
                VALUE   (LST)  VALUE       VALUE  FROM      YEAR
                                                  NORMAL
..................................................................
TEMPERATURE (F)
 YESTERDAY
  MAXIMUM         46    513 PM  66    1893  42      4       28
  MINIMUM         41    854 AM  -8    1983  23     18       23
  AVERAGE         44                        32     12       26

PRECIPITATION (IN)
  YESTERDAY        0.04          0.70 1907   0.03   0.01     0.56
  MONTH TO DATE    1.16                      0.87   0.29     0.56
  SINCE DEC 1      1.16                      0.87   0.29     0.56
  SINCE JAN 1     25.47                     32.31  -6.84    40.41

SNOWFALL (IN)
  YESTERDAY        0.0           5.3  1983   0.1   -0.1      3.1
  MONTH TO DATE    2.7                       2.8   -0.1      3.1
  SINCE DEC 1      2.7                       2.8   -0.1      3.1
  SINCE JUL 1      4.5                       4.2    0.3      3.1
  SNOW DEPTH       0

DEGREE DAYS
 HEATING
  YESTERDAY       21                        33    -12       39
  MONTH TO DATE  503                       637   -134      693
  SINCE DEC 1    503                       637   -134      693
  SINCE JUL 1   1383                      1513   -130     1578

 COOLING
  YESTERDAY        0                         0      0        0
  MONTH TO DATE    0                         0      0        0
  SINCE DEC 1      0                         0      0        0
  SINCE JAN 1   1849                      1686    163     1778
..................................................................


WIND (MPH)
  HIGHEST WIND SPEED    24   HIGHEST WIND DIRECTION     S (160)
  HIGHEST GUST SPEED    30   HIGHEST GUST DIRECTION     S (170)
  AVERAGE WIND SPEED    14.5


SKY COVER
  POSSIBLE SUNSHINE  MM
  AVERAGE SKY COVER 1.0


WEATHER CONDITIONS
 THE FOLLOWING WEATHER WAS RECORDED YESTERDAY.
  LIGHT RAIN
  FOG
  HAZE


RELATIVE HUMIDITY (PERCENT)
 HIGHEST    92           200 PM
 LOWEST     76           400 AM
 AVERAGE    84

..........................................................


THE WICHITA MID CONTINENT KS CLIMATE NORMALS FOR TODAY
                         NORMAL    RECORD    YEAR
 MAXIMUM TEMPERATURE (F)   42        72      1896
 MINIMUM TEMPERATURE (F)   23       -16      1989


SUNRISE AND SUNSET
DECEMBER 22 2014......SUNRISE   741 AM CST   SUNSET   515 PM CST
DECEMBER 23 2014......SUNRISE   742 AM CST   SUNSET   516 PM CST


-  INDICATES NEGATIVE NUMBERS.
R  INDICATES RECORD WAS SET OR TIED.
MM INDICATES DATA IS MISSING.
T  INDICATES TRACE AMOUNT.




$$
