000
CDUS43 KICT 152206
CLIICT


CLIMATE REPORT
NATIONAL WEATHER SERVICE WICHITA KS
505 PM CDT FRI AUG 15 2014


...................................

...THE WICHITA MID CONTINENT CLIMATE SUMMARY FOR AUGUST 15 2014...
VALID TODAY AS OF 0500 PM LOCAL TIME.

CLIMATE NORMAL PERIOD 1981 TO 2010
CLIMATE RECORD PERIOD 1888 TO 2014


WEATHER ITEM   OBSERVED TIME   RECORD YEAR NORMAL DEPARTURE LAST
                VALUE   (LST)  VALUE       VALUE  FROM      YEAR
                                                  NORMAL
..................................................................
TEMPERATURE (F)
 TODAY
  MAXIMUM         94   1250 PM 107    1956  92      2       82
                                      1936
  MINIMUM         71    636 AM  55    1994  69      2       62
                                      1992
  AVERAGE         83                        80      3       72

PRECIPITATION (IN)
  TODAY            0.00          5.53 1938   0.13  -0.13     0.66
  MONTH TO DATE    1.76                      1.72   0.04    10.62
  SINCE JUN 1     15.29                     10.24   5.05    20.14
  SINCE JAN 1     21.36                     22.10  -0.74    34.16

SNOWFALL (IN)
  TODAY            0.0           T    2009   0.0    0.0      0.0
  MONTH TO DATE    0.0                       0.0    0.0      0.0
  SINCE JUN 1      0.0                       0.0    0.0      0.0
  SINCE JUL 1      0.0                       0.0    0.0      0.0
  SNOW DEPTH       0

DEGREE DAYS
 HEATING
  TODAY            0                         0      0        0
  MONTH TO DATE    0                         0      0        0
  SINCE JUN 1      1                         6     -5        4
  SINCE JUL 1      1                         0      1        1

 COOLING
  TODAY           18                        15      3        7
  MONTH TO DATE  207                       239    -32      176
  SINCE JUN 1    932                      1065   -133     1037
  SINCE JAN 1   1199                      1201     -2     1175
..................................................................


WIND (MPH)
  HIGHEST WIND SPEED    25   HIGHEST WIND DIRECTION     S (200)
  HIGHEST GUST SPEED    29   HIGHEST GUST DIRECTION     S (200)
  AVERAGE WIND SPEED    13.9


SKY COVER
  POSSIBLE SUNSHINE  MM
  AVERAGE SKY COVER 0.8


WEATHER CONDITIONS
 THE FOLLOWING WEATHER WAS RECORDED TODAY.
  HAZE


RELATIVE HUMIDITY (PERCENT)
 HIGHEST    79           200 AM
 LOWEST     33           100 PM
 AVERAGE    56

..........................................................


THE WICHITA MID CONTINENT CLIMATE NORMALS FOR TOMORROW
                         NORMAL    RECORD    YEAR
 MAXIMUM TEMPERATURE (F)   92       106      1983
                                             1956
 MINIMUM TEMPERATURE (F)   69        56      1992


SUNRISE AND SUNSET
AUGUST 15 2014........SUNRISE   645 AM CDT   SUNSET   822 PM CDT
AUGUST 16 2014........SUNRISE   646 AM CDT   SUNSET   821 PM CDT


-  INDICATES NEGATIVE NUMBERS.
R  INDICATES RECORD WAS SET OR TIED.
MM INDICATES DATA IS MISSING.
T  INDICATES TRACE AMOUNT.




$$

SGS
