000
CDUS43 KICT 110640
CLIICT


CLIMATE REPORT
NATIONAL WEATHER SERVICE WICHITA KS
140 AM CDT MON SEP 11 2017


...................................

...THE WICHITA EISENHOWER NATIONAL CLIMATE SUMMARY FOR SEPTEMBER 10 2017...

CLIMATE NORMAL PERIOD 1981 TO 2010
CLIMATE RECORD PERIOD 1888 TO 2017


WEATHER ITEM   OBSERVED TIME   RECORD YEAR NORMAL DEPARTURE LAST
                VALUE   (LST)  VALUE       VALUE  FROM      YEAR
                                                  NORMAL
..................................................................
TEMPERATURE (F)
 YESTERDAY
  MAXIMUM         85   1255 PM 105    1984  85      0       77
  MINIMUM         58    538 AM  43    1907  62     -4       58
  AVERAGE         72                        74     -2       68

PRECIPITATION (IN)
  YESTERDAY        0.00          2.70 1894   0.10  -0.10     0.00
  MONTH TO DATE    0.13                      1.09  -0.96     8.96
  SINCE SEP 1      0.13                      1.09  -0.96     8.96
  SINCE JAN 1     27.48                     25.18   2.30    45.30

SNOWFALL (IN)
  YESTERDAY        0.0           0.0  2007   0.0    0.0      0.0
  MONTH TO DATE    0.0                       0.0    0.0      0.0
  SINCE SEP 1      0.0                       0.0    0.0      0.0
  SINCE JUL 1      0.0                       0.0    0.0      0.0
  SNOW DEPTH       0

DEGREE DAYS
 HEATING
  YESTERDAY        0                         0      0        0
  MONTH TO DATE    1                         0      1        0
  SINCE SEP 1      1                         0      1        0
  SINCE JUL 1      1                         1      0        0

 COOLING
  YESTERDAY        7                         9     -2        3
  MONTH TO DATE   82                       105    -23      127
  SINCE SEP 1     82                       105    -23      127
  SINCE JAN 1   1521                      1532    -11     1799
..................................................................


WIND (MPH)
  HIGHEST WIND SPEED    21   HIGHEST WIND DIRECTION     S (180)
  HIGHEST GUST SPEED    33   HIGHEST GUST DIRECTION     S (170)
  AVERAGE WIND SPEED    10.1


SKY COVER
  POSSIBLE SUNSHINE  MM
  AVERAGE SKY COVER 0.3


WEATHER CONDITIONS
 THE FOLLOWING WEATHER WAS RECORDED YESTERDAY.
  NO SIGNIFICANT WEATHER WAS OBSERVED.


RELATIVE HUMIDITY (PERCENT)
 HIGHEST    90           300 AM
 LOWEST     37           100 PM
 AVERAGE    64

..........................................................


THE WICHITA EISENHOWER NATIONAL CLIMATE NORMALS FOR TODAY
                         NORMAL    RECORD    YEAR
 MAXIMUM TEMPERATURE (F)   85       106      2000
 MINIMUM TEMPERATURE (F)   62        42      1959


SUNRISE AND SUNSET
SEPTEMBER 11 2017.....SUNRISE   708 AM CDT   SUNSET   743 PM CDT
SEPTEMBER 12 2017.....SUNRISE   709 AM CDT   SUNSET   742 PM CDT


-  INDICATES NEGATIVE NUMBERS.
R  INDICATES RECORD WAS SET OR TIED.
MM INDICATES DATA IS MISSING.
T  INDICATES TRACE AMOUNT.




$$
