000
CDUS43 KICT 080622
CLIICT

CLIMATE REPORT
NATIONAL WEATHER SERVICE WICHITA KS
1221 AM CST WED NOV 8 2017


...................................

...THE WICHITA EISENHOWER NATIONAL CLIMATE SUMMARY FOR NOVEMBER 7 2017...

CLIMATE NORMAL PERIOD 1981 TO 2010
CLIMATE RECORD PERIOD 1888 TO 2017


WEATHER ITEM   OBSERVED TIME   RECORD YEAR NORMAL DEPARTURE LAST
                VALUE   (LST)  VALUE       VALUE  FROM      YEAR
                                                  NORMAL
..................................................................
TEMPERATURE (F)
 YESTERDAY
  MAXIMUM         45    110 PM  81    1980  61    -16       62
  MINIMUM         34    438 AM  18    1991  39     -5       51
  AVERAGE         40                        50    -10       57

PRECIPITATION (IN)
  YESTERDAY        0.00          1.91 1918   0.06  -0.06     0.10
  MONTH TO DATE    T                         0.40  -0.40     0.14
  SINCE SEP 1      5.94                      6.32  -0.38    13.48
  SINCE JAN 1     33.29                     30.41   2.88    49.82

SNOWFALL (IN)
  YESTERDAY        0.0           1.0  1889   0.1   -0.1      0.0
  MONTH TO DATE    0.0                       0.1   -0.1      0.0
  SINCE SEP 1      0.0                       0.2   -0.2      0.0
  SINCE JUL 1      0.0                       0.2   -0.2      0.0
  SNOW DEPTH       0

DEGREE DAYS
 HEATING
  YESTERDAY       25                        15     10        8
  MONTH TO DATE  134                        99     35       23
  SINCE SEP 1    358                       384    -26      113
  SINCE JUL 1    358                       385    -27      113

 COOLING
  YESTERDAY        0                         0      0        0
  MONTH TO DATE    0                         0      0       11
  SINCE SEP 1    344                       257     87      382
  SINCE JAN 1   1783                      1684     99     2054
..................................................................


WIND (MPH)
  HIGHEST WIND SPEED    21   HIGHEST WIND DIRECTION     N (10)
  HIGHEST GUST SPEED    25   HIGHEST GUST DIRECTION    NE (30)
  AVERAGE WIND SPEED    11.8


SKY COVER
  POSSIBLE SUNSHINE  MM
  AVERAGE SKY COVER 0.9


WEATHER CONDITIONS
 THE FOLLOWING WEATHER WAS RECORDED YESTERDAY.
  NO SIGNIFICANT WEATHER WAS OBSERVED.


RELATIVE HUMIDITY (PERCENT)
 HIGHEST    89           100 AM
 LOWEST     39           700 PM
 AVERAGE    64

..........................................................


THE WICHITA EISENHOWER NATIONAL CLIMATE NORMALS FOR TODAY
                         NORMAL    RECORD    YEAR
 MAXIMUM TEMPERATURE (F)   60        86      2006
 MINIMUM TEMPERATURE (F)   38        16      1991


SUNRISE AND SUNSET
NOVEMBER  8 2017......SUNRISE   702 AM CST   SUNSET   524 PM CST
NOVEMBER  9 2017......SUNRISE   704 AM CST   SUNSET   523 PM CST


-  INDICATES NEGATIVE NUMBERS.
R  INDICATES RECORD WAS SET OR TIED.
MM INDICATES DATA IS MISSING.
T  INDICATES TRACE AMOUNT.




$$
