000
CDUS43 KICT 272205
CLIICT


CLIMATE REPORT
NATIONAL WEATHER SERVICE WICHITA KS
505 PM CDT SUN JUL 27 2014


...................................

...THE WICHITA MID CONTINENT CLIMATE SUMMARY FOR JULY 27 2014...
VALID TODAY AS OF 0500 PM LOCAL TIME.

CLIMATE NORMAL PERIOD 1981 TO 2010
CLIMATE RECORD PERIOD 1888 TO 2014


WEATHER ITEM   OBSERVED TIME   RECORD YEAR NORMAL DEPARTURE LAST
                VALUE   (LST)  VALUE       VALUE  FROM      YEAR
                                                  NORMAL
..................................................................
TEMPERATURE (F)
 TODAY
  MAXIMUM         91    403 PM 111    2011  93     -2       80
  MINIMUM         77    652 AM  58    2005  70      7       63
                                      2004
                                      1994
  AVERAGE         84                        81      3       72

PRECIPITATION (IN)
  TODAY            0.05          1.75 1893   0.09  -0.04     0.22
  MONTH TO DATE    2.91                      2.93  -0.02     6.02
  SINCE JUN 1     13.37                      8.13   5.24     7.85
  SINCE JAN 1     19.44                     19.99  -0.55    21.87

SNOWFALL (IN)
  TODAY            0.0           0.0  2007   0.0    0.0      0.0
  MONTH TO DATE    0.0                       0.0    0.0      0.0
  SINCE JUN 1      0.0                       0.0    0.0      0.0
  SINCE JUL 1      0.0                       0.0    0.0      0.0
  SNOW DEPTH       0

DEGREE DAYS
 HEATING
  TODAY            0                         0      0        0
  MONTH TO DATE    1                         0      1        0
  SINCE JUN 1      1                         6     -5        3
  SINCE JUL 1      1                         0      1        0

 COOLING
  TODAY           19                        16      3        7
  MONTH TO DATE  350                       427    -77      423
  SINCE JUN 1    692                       756    -64      825
  SINCE JAN 1    959                       892     67      963
..................................................................


WIND (MPH)
  HIGHEST WIND SPEED    32   HIGHEST WIND DIRECTION     N (10)
  HIGHEST GUST SPEED    43   HIGHEST GUST DIRECTION     N (10)
  AVERAGE WIND SPEED     9.4


SKY COVER
  POSSIBLE SUNSHINE  MM
  AVERAGE SKY COVER 0.9


WEATHER CONDITIONS
 THE FOLLOWING WEATHER WAS RECORDED TODAY.
  LIGHT RAIN
  HAZE


RELATIVE HUMIDITY (PERCENT)
 HIGHEST    79           100 PM
 LOWEST     54           600 AM
 AVERAGE    67

..........................................................


THE WICHITA MID CONTINENT CLIMATE NORMALS FOR TOMORROW
                         NORMAL    RECORD    YEAR
 MAXIMUM TEMPERATURE (F)   93       107      2012
                                             2011
 MINIMUM TEMPERATURE (F)   70        56      2005


SUNRISE AND SUNSET
JULY 27 2014..........SUNRISE   629 AM CDT   SUNSET   843 PM CDT
JULY 28 2014..........SUNRISE   630 AM CDT   SUNSET   842 PM CDT


-  INDICATES NEGATIVE NUMBERS.
R  INDICATES RECORD WAS SET OR TIED.
MM INDICATES DATA IS MISSING.
T  INDICATES TRACE AMOUNT.




$$
