000
CDUS43 KICT 232301
CLIICT


CLIMATE REPORT
NATIONAL WEATHER SERVICE WICHITA KS
501 PM CST FRI JAN 23 2015


...................................

...THE WICHITA MID CONTINENT CLIMATE SUMMARY FOR JANUARY 23 2015...
VALID TODAY AS OF 0500 PM LOCAL TIME.

CLIMATE NORMAL PERIOD 1981 TO 2010
CLIMATE RECORD PERIOD 1888 TO 2015


WEATHER ITEM   OBSERVED TIME   RECORD YEAR NORMAL DEPARTURE LAST
                VALUE   (LST)  VALUE       VALUE  FROM      YEAR
                                                  NORMAL
..................................................................
TEMPERATURE (F)
 TODAY
  MAXIMUM         51    351 PM  73    1967  43      8       20
  MINIMUM         20    805 AM  -6    1894  22     -2        4
  AVERAGE         36                        32      4       12

PRECIPITATION (IN)
  TODAY            0.00          0.43 1949   0.03  -0.03     0.00
  MONTH TO DATE    0.44                      0.57  -0.13     0.11
  SINCE DEC 1      1.73                      1.77  -0.04     0.71
  SINCE JAN 1      0.44                      0.57  -0.13     0.11

SNOWFALL (IN)
  TODAY            0.0           3.7  1979   0.1   -0.1      0.0
  MONTH TO DATE    4.0                       2.5    1.5      2.9
  SINCE DEC 1      8.2                       6.7    1.5      6.3
  SINCE JUL 1     10.0                       8.1    1.9      6.3
  SNOW DEPTH       0

DEGREE DAYS
 HEATING
  TODAY           29                        32     -3       53
  MONTH TO DATE  789                       758     31      758
  SINCE DEC 1   1614                      1725   -111     1828
  SINCE JUL 1   2494                      2601   -107     2713

 COOLING
  TODAY            0                         0      0        0
  MONTH TO DATE    0                         0      0        0
  SINCE DEC 1      0                         0      0        0
  SINCE JAN 1      0                         0      0        0
..................................................................


WIND (MPH)
  HIGHEST WIND SPEED    17   HIGHEST WIND DIRECTION    SW (230)
  HIGHEST GUST SPEED    22   HIGHEST GUST DIRECTION    SW (220)
  AVERAGE WIND SPEED     7.9


SKY COVER
  POSSIBLE SUNSHINE  MM
  AVERAGE SKY COVER 0.0


WEATHER CONDITIONS
 THE FOLLOWING WEATHER WAS RECORDED TODAY.
  FOG
  HAZE


RELATIVE HUMIDITY (PERCENT)
 HIGHEST    84           400 AM
 LOWEST     26           300 PM
 AVERAGE    55

..........................................................


THE WICHITA MID CONTINENT CLIMATE NORMALS FOR TOMORROW
                         NORMAL    RECORD    YEAR
 MAXIMUM TEMPERATURE (F)   43        74      1981
 MINIMUM TEMPERATURE (F)   22       -12      1894


SUNRISE AND SUNSET
JANUARY 23 2015.......SUNRISE   740 AM CST   SUNSET   543 PM CST
JANUARY 24 2015.......SUNRISE   739 AM CST   SUNSET   544 PM CST


-  INDICATES NEGATIVE NUMBERS.
R  INDICATES RECORD WAS SET OR TIED.
MM INDICATES DATA IS MISSING.
T  INDICATES TRACE AMOUNT.




$$
