000
CDUS43 KICT 132203
CLIICT


CLIMATE REPORT
NATIONAL WEATHER SERVICE WICHITA KS
503 PM CDT SAT SEP 13 2014


...................................

...THE WICHITA MID CONTINENT CLIMATE SUMMARY FOR SEPTEMBER 13 2014...
VALID TODAY AS OF 0500 PM LOCAL TIME.

CLIMATE NORMAL PERIOD 1981 TO 2010
CLIMATE RECORD PERIOD 1888 TO 2014


WEATHER ITEM   OBSERVED TIME   RECORD YEAR NORMAL DEPARTURE LAST
                VALUE   (LST)  VALUE       VALUE  FROM      YEAR
                                                  NORMAL
..................................................................
TEMPERATURE (F)
 TODAY
  MAXIMUM         68    322 PM 104    1893  84    -16       81
  MINIMUM         42    417 AM  37    1890  61    -19       67
  AVERAGE         55                        72    -17       74

PRECIPITATION (IN)
  TODAY            0.00          2.12 1985   0.10  -0.10     0.00
  MONTH TO DATE    0.16                      1.40  -1.24     0.02
  SINCE SEP 1      0.16                      1.40  -1.24     0.02
  SINCE JAN 1     22.14                     25.49  -3.35    34.19

SNOWFALL (IN)
  TODAY            0.0           0.0  2007   0.0    0.0      0.0
  MONTH TO DATE    0.0                       0.0    0.0      0.0
  SINCE SEP 1      0.0                       0.0    0.0      0.0
  SINCE JUL 1      0.0                       0.0    0.0      0.0
  SNOW DEPTH       0

DEGREE DAYS
 HEATING
  TODAY           10                         1      9        0
  MONTH TO DATE   20                         3     17        0
  SINCE SEP 1     20                         3     17        0
  SINCE JUL 1     21                         4     17        1

 COOLING
  TODAY            0                         8     -8        9
  MONTH TO DATE  126                       130     -4      195
  SINCE SEP 1    126                       130     -4      195
  SINCE JAN 1   1622                      1557     65     1608
..................................................................


WIND (MPH)
  HIGHEST WIND SPEED    15   HIGHEST WIND DIRECTION     S (180)
  HIGHEST GUST SPEED    21   HIGHEST GUST DIRECTION    SE (120)
  AVERAGE WIND SPEED     7.9


SKY COVER
  POSSIBLE SUNSHINE  MM
  AVERAGE SKY COVER 0.4


WEATHER CONDITIONS
 THE FOLLOWING WEATHER WAS RECORDED TODAY.
  NO SIGNIFICANT WEATHER WAS OBSERVED.


RELATIVE HUMIDITY (PERCENT)
 HIGHEST    83           500 AM
 LOWEST     32           200 PM
 AVERAGE    58

..........................................................


THE WICHITA MID CONTINENT CLIMATE NORMALS FOR TOMORROW
                         NORMAL    RECORD    YEAR
 MAXIMUM TEMPERATURE (F)   83       100      1893
 MINIMUM TEMPERATURE (F)   60        44      1974
                                             1961


SUNRISE AND SUNSET
SEPTEMBER 13 2014.....SUNRISE   710 AM CDT   SUNSET   741 PM CDT
SEPTEMBER 14 2014.....SUNRISE   711 AM CDT   SUNSET   739 PM CDT


-  INDICATES NEGATIVE NUMBERS.
R  INDICATES RECORD WAS SET OR TIED.
MM INDICATES DATA IS MISSING.
T  INDICATES TRACE AMOUNT.




$$
