000
CDUS43 KICT 160623
CLIICT

CLIMATE REPORT
NATIONAL WEATHER SERVICE WICHITA KS
122 AM CDT SUN APR 16 2017


...................................

...THE WICHITA EISENHOWER NATIONAL CLIMATE SUMMARY FOR APRIL 15 2017...

CLIMATE NORMAL PERIOD 1981 TO 2010
CLIMATE RECORD PERIOD 1888 TO 2017


WEATHER ITEM   OBSERVED TIME   RECORD YEAR NORMAL DEPARTURE LAST
                VALUE   (LST)  VALUE       VALUE  FROM      YEAR
                                                  NORMAL
..................................................................
TEMPERATURE (F)
 YESTERDAY
  MAXIMUM         80    439 PM  95    2006  68     12       77
  MINIMUM         63    614 AM  25    1983  44     19       51
  AVERAGE         72                        56     16       64

PRECIPITATION (IN)
  YESTERDAY        T             1.80 1945   0.08  -0.08     0.00
  MONTH TO DATE    1.75                      1.14   0.61     0.14
  SINCE MAR 1      5.25                      3.83   1.42     1.67
  SINCE JAN 1      8.87                      5.84   3.03     2.41

SNOWFALL (IN)
  YESTERDAY        0.0           T    1947   0.0    0.0      0.0
  MONTH TO DATE    0.0                       0.2   -0.2      0.0
  SINCE MAR 1      T                         2.5   -2.5      3.5
  SINCE JUL 1      2.0                      14.9  -12.9      4.3
  SNOW DEPTH       0

DEGREE DAYS
 HEATING
  YESTERDAY        0                        10    -10        1
  MONTH TO DATE  115                       178    -63      105
  SINCE MAR 1    544                       755   -211      494
  SINCE JUL 1   3388                      4395  -1007     3344

 COOLING
  YESTERDAY        7                         1      6        0
  MONTH TO DATE   17                         8      9       11
  SINCE MAR 1     35                        10     25       18
  SINCE JAN 1     35                        10     25       18
..................................................................


WIND (MPH)
  HIGHEST WIND SPEED    32   HIGHEST WIND DIRECTION     S (200)
  HIGHEST GUST SPEED    39   HIGHEST GUST DIRECTION    SW (210)
  AVERAGE WIND SPEED    18.7


SKY COVER
  POSSIBLE SUNSHINE  MM
  AVERAGE SKY COVER 0.7


WEATHER CONDITIONS
 THE FOLLOWING WEATHER WAS RECORDED YESTERDAY.
  LIGHT RAIN


RELATIVE HUMIDITY (PERCENT)
 HIGHEST    90           600 AM
 LOWEST     58           200 PM
 AVERAGE    74

..........................................................


THE WICHITA EISENHOWER NATIONAL CLIMATE NORMALS FOR TODAY
                         NORMAL    RECORD    YEAR
 MAXIMUM TEMPERATURE (F)   68        89      2006
                                             1967
 MINIMUM TEMPERATURE (F)   45        29      1953
                                             1907


SUNRISE AND SUNSET
APRIL 16 2017.........SUNRISE   653 AM CDT   SUNSET   806 PM CDT
APRIL 17 2017.........SUNRISE   652 AM CDT   SUNSET   807 PM CDT


-  INDICATES NEGATIVE NUMBERS.
R  INDICATES RECORD WAS SET OR TIED.
MM INDICATES DATA IS MISSING.
T  INDICATES TRACE AMOUNT.




$$
