000
CDUS43 KICT 250629
CLIICT


CLIMATE REPORT
NATIONAL WEATHER SERVICE WICHITA KS
1228 AM CST FRI NOV 25 2016


...................................

...THE WICHITA EISENHOWER NATIONAL CLIMATE SUMMARY FOR NOVEMBER 24 2016...

CLIMATE NORMAL PERIOD 1981 TO 2010
CLIMATE RECORD PERIOD 1888 TO 2016


WEATHER ITEM   OBSERVED TIME   RECORD YEAR NORMAL DEPARTURE LAST
                VALUE   (LST)  VALUE       VALUE  FROM      YEAR
                                                  NORMAL
..................................................................
TEMPERATURE (F)
 YESTERDAY
  MAXIMUM         63    249 PM  70    1915  52     11       64
  MINIMUM         32    447 AM  11    1970  31      1       40
                                      1950
                                      1938
  AVERAGE         48                        41      7       52

PRECIPITATION (IN)
  YESTERDAY        0.00          0.60 1992   0.04  -0.04     0.00
  MONTH TO DATE    0.19                      1.18  -0.99     0.92
  SINCE SEP 1     13.53                      7.10   6.43     4.13
  SINCE JAN 1     49.87                     31.19  18.68    36.55

SNOWFALL (IN)
  YESTERDAY       MM             2.0  2007   0.1   MM        0.0
  MONTH TO DATE    0.0                       0.8   -0.8       T
  SINCE SEP 1      0.0                       0.9   -0.9       T
  SINCE JUL 1      0.0                       0.9   -0.9       T
  SNOW DEPTH       0

DEGREE DAYS
 HEATING
  YESTERDAY       17                        24     -7       13
  MONTH TO DATE  249                       435   -186      294
  SINCE SEP 1    339                       720   -381      419
  SINCE JUL 1    339                       721   -382      419

 COOLING
  YESTERDAY        0                         0      0        0
  MONTH TO DATE   11                         0     11        2
  SINCE SEP 1    382                       257    125      416
  SINCE JAN 1   2054                      1684    370     1907
..................................................................


WIND (MPH)
  HIGHEST WIND SPEED    26   HIGHEST WIND DIRECTION    NW (330)
  HIGHEST GUST SPEED    32   HIGHEST GUST DIRECTION     N (340)
  AVERAGE WIND SPEED    12.9


SKY COVER
  POSSIBLE SUNSHINE  MM
  AVERAGE SKY COVER 0.4


WEATHER CONDITIONS
 THE FOLLOWING WEATHER WAS RECORDED YESTERDAY.
  FOG


RELATIVE HUMIDITY (PERCENT)
 HIGHEST   100           600 AM
 LOWEST     46           300 PM
 AVERAGE    73

..........................................................


THE WICHITA EISENHOWER NATIONAL CLIMATE NORMALS FOR TODAY
                         NORMAL    RECORD    YEAR
 MAXIMUM TEMPERATURE (F)   51        74      1910
 MINIMUM TEMPERATURE (F)   30        11      1993


SUNRISE AND SUNSET
NOVEMBER 25 2016......SUNRISE   721 AM CST   SUNSET   513 PM CST
NOVEMBER 26 2016......SUNRISE   722 AM CST   SUNSET   513 PM CST


-  INDICATES NEGATIVE NUMBERS.
R  INDICATES RECORD WAS SET OR TIED.
MM INDICATES DATA IS MISSING.
T  INDICATES TRACE AMOUNT.




$$
