000
CDUS43 KICT 252207
CLIICT


CLIMATE REPORT
NATIONAL WEATHER SERVICE WICHITA KS
507 PM CDT FRI JUL 25 2014


...................................

...THE WICHITA MID CONTINENT CLIMATE SUMMARY FOR JULY 25 2014...
VALID TODAY AS OF 0500 PM LOCAL TIME.

CLIMATE NORMAL PERIOD 1981 TO 2010
CLIMATE RECORD PERIOD 1888 TO 2014


WEATHER ITEM   OBSERVED TIME   RECORD YEAR NORMAL DEPARTURE LAST
                VALUE   (LST)  VALUE       VALUE  FROM      YEAR
                                                  NORMAL
..................................................................
TEMPERATURE (F)
 TODAY
  MAXIMUM        102    359 PM 108    2012  93      9       88
  MINIMUM         73    630 AM  58    1890  70      3       69
  AVERAGE         88                        81      7       79

PRECIPITATION (IN)
  TODAY            0.00          1.18 1944   0.09  -0.09     0.04
  MONTH TO DATE    2.86                      2.75   0.11     3.67
  SINCE JUN 1     13.32                      7.95   5.37     5.50
  SINCE JAN 1     19.39                     19.81  -0.42    19.52

SNOWFALL (IN)
  TODAY            0.0           0.0  2007   0.0    0.0      0.0
  MONTH TO DATE    0.0                       0.0    0.0      0.0
  SINCE JUN 1      0.0                       0.0    0.0      0.0
  SINCE JUL 1      0.0                       0.0    0.0      0.0
  SNOW DEPTH       0

DEGREE DAYS
 HEATING
  TODAY            0                         0      0        0
  MONTH TO DATE    1                         0      1        0
  SINCE JUN 1      1                         6     -5        3
  SINCE JUL 1      1                         0      1        0

 COOLING
  TODAY           23                        16      7       14
  MONTH TO DATE  306                       395    -89      403
  SINCE JUN 1    648                       724    -76      805
  SINCE JAN 1    915                       860     55      943
..................................................................


WIND (MPH)
  HIGHEST WIND SPEED    26   HIGHEST WIND DIRECTION     S (200)
  HIGHEST GUST SPEED    33   HIGHEST GUST DIRECTION     S (200)
  AVERAGE WIND SPEED    16.3


SKY COVER
  POSSIBLE SUNSHINE  MM
  AVERAGE SKY COVER 0.3


WEATHER CONDITIONS
 THE FOLLOWING WEATHER WAS RECORDED TODAY.
  NO SIGNIFICANT WEATHER WAS OBSERVED.


RELATIVE HUMIDITY (PERCENT)
 HIGHEST    87           500 AM
 LOWEST     27           300 PM
 AVERAGE    57

..........................................................


THE WICHITA MID CONTINENT CLIMATE NORMALS FOR TOMORROW
                         NORMAL    RECORD    YEAR
 MAXIMUM TEMPERATURE (F)   93       105      2006
                                             1952
                                             1910
 MINIMUM TEMPERATURE (F)   70        57      2004


SUNRISE AND SUNSET
JULY 25 2014..........SUNRISE   628 AM CDT   SUNSET   844 PM CDT
JULY 26 2014..........SUNRISE   629 AM CDT   SUNSET   843 PM CDT


-  INDICATES NEGATIVE NUMBERS.
R  INDICATES RECORD WAS SET OR TIED.
MM INDICATES DATA IS MISSING.
T  INDICATES TRACE AMOUNT.




$$
