000
CDUS43 KICT 162308
CLIICT


CLIMATE REPORT
NATIONAL WEATHER SERVICE WICHITA KS
508 PM CST TUE DEC 16 2014


...................................

...THE WICHITA MID CONTINENT CLIMATE SUMMARY FOR DECEMBER 16 2014...
VALID TODAY AS OF 0500 PM LOCAL TIME.

CLIMATE NORMAL PERIOD 1981 TO 2010
CLIMATE RECORD PERIOD 1888 TO 2014


WEATHER ITEM   OBSERVED TIME   RECORD YEAR NORMAL DEPARTURE LAST
                VALUE   (LST)  VALUE       VALUE  FROM      YEAR
                                                  NORMAL
..................................................................
TEMPERATURE (F)
 TODAY
  MAXIMUM         42    246 PM  69    1939  43     -1       64
  MINIMUM         30    836 AM  -6    1989  24      6       25
  AVERAGE         36                        33      3       45

PRECIPITATION (IN)
  TODAY            T             1.03 1928   0.04  -0.04     0.00
  MONTH TO DATE    0.81                      0.68   0.13      T
  SINCE DEC 1      0.81                      0.68   0.13      T
  SINCE JAN 1     25.12                     32.12  -7.00    39.85

SNOWFALL (IN)
  TODAY            T             4.5  1892   0.2   -0.2      0.0
  MONTH TO DATE    T                         2.2   -2.2       T
  SINCE DEC 1      T                         2.2   -2.2       T
  SINCE JUL 1      1.8                       3.6   -1.8       T
  SNOW DEPTH       0

DEGREE DAYS
 HEATING
  TODAY           29                        32     -3       20
  MONTH TO DATE  363                       476   -113      558
  SINCE DEC 1    363                       476   -113      558
  SINCE JUL 1   1243                      1352   -109     1443

 COOLING
  TODAY            0                         0      0        0
  MONTH TO DATE    0                         0      0        0
  SINCE DEC 1      0                         0      0        0
  SINCE JAN 1   1849                      1686    163     1778
..................................................................


WIND (MPH)
  HIGHEST WIND SPEED    31   HIGHEST WIND DIRECTION     N (340)
  HIGHEST GUST SPEED    41   HIGHEST GUST DIRECTION    NW (320)
  AVERAGE WIND SPEED    17.8


SKY COVER
  POSSIBLE SUNSHINE  MM
  AVERAGE SKY COVER 0.6


WEATHER CONDITIONS
 THE FOLLOWING WEATHER WAS RECORDED TODAY.
  NO SIGNIFICANT WEATHER WAS OBSERVED.


RELATIVE HUMIDITY (PERCENT)
 HIGHEST    69           500 AM
 LOWEST     46           300 PM
 AVERAGE    58

..........................................................


THE WICHITA MID CONTINENT CLIMATE NORMALS FOR TOMORROW
                         NORMAL    RECORD    YEAR
 MAXIMUM TEMPERATURE (F)   43        72      1939
 MINIMUM TEMPERATURE (F)   24         1      1901


SUNRISE AND SUNSET
DECEMBER 16 2014......SUNRISE   738 AM CST   SUNSET   513 PM CST
DECEMBER 17 2014......SUNRISE   739 AM CST   SUNSET   513 PM CST


-  INDICATES NEGATIVE NUMBERS.
R  INDICATES RECORD WAS SET OR TIED.
MM INDICATES DATA IS MISSING.
T  INDICATES TRACE AMOUNT.




$$
