000
CDUS43 KICT 102206
CLIICT


CLIMATE REPORT
NATIONAL WEATHER SERVICE WICHITA KS
506 PM CDT THU APR 10 2014


...................................

...THE WICHITA MID CONTINENT CLIMATE SUMMARY FOR APRIL 10 2014...
VALID TODAY AS OF 500 PM LOCAL TIME.

CLIMATE NORMAL PERIOD 1981 TO 2010
CLIMATE RECORD PERIOD 1888 TO 2014


WEATHER ITEM   OBSERVED TIME   RECORD YEAR NORMAL DEPARTURE LAST
                VALUE   (LST)  VALUE       VALUE  FROM      YEAR
                                                  NORMAL
..................................................................
TEMPERATURE (F)
 TODAY
  MAXIMUM         76    341 PM  87    1930  66     10       34
                                      1896
  MINIMUM         50    556 AM  26    1973  43      7       31
                                      1952
  AVERAGE         63                        54      9       33

PRECIPITATION (IN)
  TODAY            0.00          1.40 1997   0.07  -0.07     0.72
  MONTH TO DATE    0.41                      0.75  -0.34     1.63
  SINCE MAR 1      0.90                      3.44  -2.54     3.74
  SINCE JAN 1      1.89                      5.45  -3.56     6.76

SNOWFALL (IN)
  TODAY            0.0           T    2013   0.0    0.0       T
                                      2009
                                      2008
  MONTH TO DATE    0.0                       0.1   -0.1       T
  SINCE MAR 1      3.2                       2.4    0.8      5.3
  SINCE JUL 1     22.7                      14.8    7.9     29.8
  SNOW DEPTH       0

DEGREE DAYS
 HEATING
  TODAY            2                        11     -9       32
  MONTH TO DATE  123                       126     -3      151
  SINCE MAR 1    800                       703     97      817
  SINCE JUL 1   4719                      4343    376     4088

 COOLING
  TODAY            0                         1     -1        0
  MONTH TO DATE    0                         3     -3        2
  SINCE MAR 1      0                         5     -5        2
  SINCE JAN 1      0                         5     -5        2
..................................................................


WIND (MPH)
  HIGHEST WIND SPEED    31   HIGHEST WIND DIRECTION    NE (50)
  HIGHEST GUST SPEED    36   HIGHEST GUST DIRECTION    NE (50)
  AVERAGE WIND SPEED    14.8


SKY COVER
  POSSIBLE SUNSHINE  MM
  AVERAGE SKY COVER 0.5


WEATHER CONDITIONS
 THE FOLLOWING WEATHER WAS RECORDED TODAY.
  NO SIGNIFICANT WEATHER WAS OBSERVED.


RELATIVE HUMIDITY (PERCENT)
 HIGHEST    71           600 AM
 LOWEST     23           200 PM
 AVERAGE    47

..........................................................


THE WICHITA MID CONTINENT CLIMATE NORMALS FOR TOMORROW
                         NORMAL    RECORD    YEAR
 MAXIMUM TEMPERATURE (F)   66        87      1996
 MINIMUM TEMPERATURE (F)   43        24      1940


SUNRISE AND SUNSET
APRIL 10 2014.........SUNRISE   702 AM CDT   SUNSET   801 PM CDT
APRIL 11 2014.........SUNRISE   700 AM CDT   SUNSET   802 PM CDT


-  INDICATES NEGATIVE NUMBERS.
R  INDICATES RECORD WAS SET OR TIED.
MM INDICATES DATA IS MISSING.
T  INDICATES TRACE AMOUNT.




$$

VP
