000
CDUS43 KICT 192205
CLIICT


CLIMATE REPORT
NATIONAL WEATHER SERVICE WICHITA KS
504 PM CDT THU MAY 19 2016


...................................

...THE WICHITA EISENHOWER NATIONAL CLIMATE SUMMARY FOR MAY 19 2016...
VALID TODAY AS OF 0500 PM LOCAL TIME.

CLIMATE NORMAL PERIOD 1981 TO 2010
CLIMATE RECORD PERIOD 1888 TO 2016


WEATHER ITEM   OBSERVED TIME   RECORD YEAR NORMAL DEPARTURE LAST
                VALUE   (LST)  VALUE       VALUE  FROM      YEAR
                                                  NORMAL
..................................................................
TEMPERATURE (F)
 TODAY
  MAXIMUM         60    108 PM  97    2006  78    -18       60
                                      1933
  MINIMUM         50    526 AM  38    1894  56     -6       52
  AVERAGE         55                        67    -12       56

PRECIPITATION (IN)
  TODAY            0.09          1.86 1938   0.16  -0.07     0.72
  MONTH TO DATE    1.90                      2.66  -0.76     8.18
  SINCE MAR 1      9.66                      7.94   1.72    11.08
  SINCE JAN 1     10.40                      9.95   0.45    12.85

SNOWFALL (IN)
  TODAY            0.0           0.0  2007   0.0    0.0      0.0
                                      2001
  MONTH TO DATE    0.0                       0.0    0.0      0.0
  SINCE MAR 1      3.5                       2.5    1.0      1.1
  SINCE JUL 1      4.3                      14.9  -10.6     18.0
  SNOW DEPTH       0

DEGREE DAYS
 HEATING
  TODAY           10                         2      8        9
  MONTH TO DATE   90                        64     26       39
  SINCE MAR 1    653                       932   -279      676
  SINCE JUL 1   3503                      4572  -1069     4241

 COOLING
  TODAY            0                         4     -4        0
  MONTH TO DATE   19                        48    -29       55
  SINCE MAR 1     56                        74    -18       83
  SINCE JAN 1     56                        74    -18       83
..................................................................


WIND (MPH)
  HIGHEST WIND SPEED    16   HIGHEST WIND DIRECTION     S (180)
  HIGHEST GUST SPEED    18   HIGHEST GUST DIRECTION     S (180)
  AVERAGE WIND SPEED     9.2


SKY COVER
  POSSIBLE SUNSHINE  MM
  AVERAGE SKY COVER 0.9


WEATHER CONDITIONS
 THE FOLLOWING WEATHER WAS RECORDED TODAY.
  LIGHT RAIN
  FOG


RELATIVE HUMIDITY (PERCENT)
 HIGHEST    86          1200 PM
 LOWEST     67           800 AM
 AVERAGE    77

..........................................................


THE WICHITA EISENHOWER NATIONAL CLIMATE NORMALS FOR TOMORROW
                         NORMAL    RECORD    YEAR
 MAXIMUM TEMPERATURE (F)   78        98      1956
 MINIMUM TEMPERATURE (F)   57        37      1968


SUNRISE AND SUNSET
MAY 19 2016...........SUNRISE   617 AM CDT   SUNSET   836 PM CDT
MAY 20 2016...........SUNRISE   616 AM CDT   SUNSET   837 PM CDT


-  INDICATES NEGATIVE NUMBERS.
R  INDICATES RECORD WAS SET OR TIED.
MM INDICATES DATA IS MISSING.
T  INDICATES TRACE AMOUNT.




$$
