000
CDUS43 KICT 062307
CLIICT


CLIMATE REPORT
NATIONAL WEATHER SERVICE WICHITA KS
506 PM CST SAT JAN 6 2018


...................................

...THE WICHITA EISENHOWER NATIONAL CLIMATE SUMMARY FOR JANUARY 6 2018...
VALID TODAY AS OF 0500 PM LOCAL TIME.

CLIMATE NORMAL PERIOD 1981 TO 2010
CLIMATE RECORD PERIOD 1888 TO 2018


WEATHER ITEM   OBSERVED TIME   RECORD YEAR NORMAL DEPARTURE LAST
                VALUE   (LST)  VALUE       VALUE  FROM      YEAR
                                                  NORMAL
..................................................................
TEMPERATURE (F)
 TODAY
  MAXIMUM         44    341 PM  63    1903  42      2       22
  MINIMUM         17    803 AM -10    1912  22     -5        8
  AVERAGE         31                        32     -1       15

PRECIPITATION (IN)
  TODAY            0.00          0.88 1940   0.03  -0.03     0.00
  MONTH TO DATE    0.00                      0.15  -0.15     0.05
  SINCE DEC 1      0.03                      1.35  -1.32     0.71
  SINCE JAN 1      0.00                      0.15  -0.15     0.05

SNOWFALL (IN)
  TODAY            0.0           6.3  1988   0.1   -0.1      0.0
  MONTH TO DATE    0.0                       0.7   -0.7       T
  SINCE DEC 1      T                         4.9   -4.9      2.0
  SINCE JUL 1      T                         6.3   -6.3      2.0
  SNOW DEPTH       0

DEGREE DAYS
 HEATING
  TODAY           34                        33      1       50
  MONTH TO DATE  258                       198     60      216
  SINCE DEC 1   1124                      1165    -41     1203
  SINCE JUL 1   1854                      2041   -187     1656

 COOLING
  TODAY            0                         0      0        0
  MONTH TO DATE    0                         0      0        0
  SINCE DEC 1      0                         0      0        0
  SINCE JAN 1      0                         0      0        0
..................................................................


WIND (MPH)
  HIGHEST WIND SPEED    13   HIGHEST WIND DIRECTION    SE (140)
  HIGHEST GUST SPEED    18   HIGHEST GUST DIRECTION    NE (60)
  AVERAGE WIND SPEED     8.5


SKY COVER
  POSSIBLE SUNSHINE  MM
  AVERAGE SKY COVER 0.5


WEATHER CONDITIONS
 THE FOLLOWING WEATHER WAS RECORDED TODAY.
  NO SIGNIFICANT WEATHER WAS OBSERVED.


RELATIVE HUMIDITY (PERCENT)
 HIGHEST    67           700 AM
 LOWEST     34           200 PM
 AVERAGE    51

..........................................................


THE WICHITA EISENHOWER NATIONAL CLIMATE NORMALS FOR TOMORROW
                         NORMAL    RECORD    YEAR
 MAXIMUM TEMPERATURE (F)   42        69      1965
 MINIMUM TEMPERATURE (F)   22       -10      1912


SUNRISE AND SUNSET
JANUARY  6 2018.......SUNRISE   745 AM CST   SUNSET   526 PM CST
JANUARY  7 2018.......SUNRISE   745 AM CST   SUNSET   527 PM CST


-  INDICATES NEGATIVE NUMBERS.
R  INDICATES RECORD WAS SET OR TIED.
MM INDICATES DATA IS MISSING.
T  INDICATES TRACE AMOUNT.




$$
