000
CDUS43 KICT 170630
CLIICT


CLIMATE REPORT
NATIONAL WEATHER SERVICE WICHITA KS
1230 AM CST WED DEC 17 2014


...................................

...THE WICHITA MID CONTINENT KS CLIMATE SUMMARY FOR DECEMBER 16 2014...

CLIMATE NORMAL PERIOD 1981 TO 2010
CLIMATE RECORD PERIOD 1888 TO 2014


WEATHER ITEM   OBSERVED TIME   RECORD YEAR NORMAL DEPARTURE LAST
                VALUE   (LST)  VALUE       VALUE  FROM      YEAR
                                                  NORMAL
..................................................................
TEMPERATURE (F)
 YESTERDAY
  MAXIMUM         42    246 PM  69    1939  43     -1       64
  MINIMUM         28   1057 PM  -6    1989  24      4       25
  AVERAGE         35                        33      2       45

PRECIPITATION (IN)
  YESTERDAY        0.00          1.03 1928   0.04  -0.04     0.00
  MONTH TO DATE    0.81                      0.68   0.13      T
  SINCE DEC 1      0.81                      0.68   0.13      T
  SINCE JAN 1     25.12                     32.12  -7.00    39.85

SNOWFALL (IN)
  YESTERDAY        0.0           4.5  1892   0.2   -0.2      0.0
  MONTH TO DATE    T                         2.2   -2.2       T
  SINCE DEC 1      T                         2.2   -2.2       T
  SINCE JUL 1      1.8                       3.6   -1.8       T
  SNOW DEPTH       0

DEGREE DAYS
 HEATING
  YESTERDAY       30                        32     -2       20
  MONTH TO DATE  364                       476   -112      558
  SINCE DEC 1    364                       476   -112      558
  SINCE JUL 1   1244                      1352   -108     1443

 COOLING
  YESTERDAY        0                         0      0        0
  MONTH TO DATE    0                         0      0        0
  SINCE DEC 1      0                         0      0        0
  SINCE JAN 1   1849                      1686    163     1778
..................................................................


WIND (MPH)
  HIGHEST WIND SPEED    31   HIGHEST WIND DIRECTION     N (340)
  HIGHEST GUST SPEED    41   HIGHEST GUST DIRECTION    NW (320)
  AVERAGE WIND SPEED    13.4


SKY COVER
  POSSIBLE SUNSHINE  MM
  AVERAGE SKY COVER 0.5


WEATHER CONDITIONS
 THE FOLLOWING WEATHER WAS RECORDED YESTERDAY.
  NO SIGNIFICANT WEATHER WAS OBSERVED.


RELATIVE HUMIDITY (PERCENT)
 HIGHEST    75          1100 PM
 LOWEST     46           300 PM
 AVERAGE    61

..........................................................


THE WICHITA MID CONTINENT KS CLIMATE NORMALS FOR TODAY
                         NORMAL    RECORD    YEAR
 MAXIMUM TEMPERATURE (F)   43        72      1939
 MINIMUM TEMPERATURE (F)   24         1      1901


SUNRISE AND SUNSET
DECEMBER 17 2014......SUNRISE   739 AM CST   SUNSET   513 PM CST
DECEMBER 18 2014......SUNRISE   739 AM CST   SUNSET   513 PM CST


-  INDICATES NEGATIVE NUMBERS.
R  INDICATES RECORD WAS SET OR TIED.
MM INDICATES DATA IS MISSING.
T  INDICATES TRACE AMOUNT.




$$
