396
CDUS43 KICT 012307
CLIICT

CLIMATE REPORT
NATIONAL WEATHER SERVICE WICHITA KS
506 PM CST MON FEB 1 2016

...................................

...THE WICHITA EISENHOWER NATIONAL CLIMATE SUMMARY FOR FEBRUARY 1 2016...
VALID TODAY AS OF 500 PM LOCAL TIME.

CLIMATE NORMAL PERIOD 1981 TO 2010
CLIMATE RECORD PERIOD 1888 TO 2016


WEATHER ITEM   OBSERVED TIME   RECORD YEAR NORMAL DEPARTURE LAST
                VALUE   (LST)  VALUE       VALUE  FROM      YEAR
                                                  NORMAL
..................................................................
TEMPERATURE (F)
 TODAY
  MAXIMUM         57    141 PM  75    1911  45     12       42
  MINIMUM         33    332 AM  -8    1917  23     10       12
  AVERAGE         45                        34     11       27

PRECIPITATION (IN)
  TODAY            0.00          0.89 1973   0.03  -0.03     0.02
  MONTH TO DATE    0.00                      0.03  -0.03     0.02
  SINCE DEC 1      2.41                      2.06   0.35     2.42
  SINCE JAN 1      0.19                      0.86  -0.67     1.13

SNOWFALL (IN)
  TODAY            0.0           6.1  1983   0.1   -0.1       T
  MONTH TO DATE    0.0                       0.1   -0.1       T
  SINCE DEC 1      0.5                       7.9   -7.4      8.2
  SINCE JUL 1      0.8                       9.3   -8.5     10.0
  SNOW DEPTH       0

DEGREE DAYS
 HEATING
  TODAY           20                        31    -11       38
  MONTH TO DATE   20                        31    -11       38
  SINCE DEC 1   1702                      2015   -313     1812
  SINCE JUL 1   2271                      2891   -620     2692

 COOLING
  TODAY            0                         0      0        0
  MONTH TO DATE    0                         0      0        0
  SINCE DEC 1      0                         0      0        0
  SINCE JAN 1      0                         0      0        0
..................................................................


WIND (MPH)
  HIGHEST WIND SPEED    25   HIGHEST WIND DIRECTION     E (80)
  HIGHEST GUST SPEED    33   HIGHEST GUST DIRECTION     E (90)
  AVERAGE WIND SPEED     9.5


SKY COVER
  POSSIBLE SUNSHINE  MM
  AVERAGE SKY COVER 0.7


WEATHER CONDITIONS
 THE FOLLOWING WEATHER WAS RECORDED TODAY.
  NO SIGNIFICANT WEATHER WAS OBSERVED.


RELATIVE HUMIDITY (PERCENT)
 HIGHEST    70           400 AM
 LOWEST     29           300 PM
 AVERAGE    50

..........................................................


THE WICHITA EISENHOWER NATIONAL CLIMATE NORMALS FOR TOMORROW
                         NORMAL    RECORD    YEAR
 MAXIMUM TEMPERATURE (F)   45        73      1924
 MINIMUM TEMPERATURE (F)   23       -12      1902


SUNRISE AND SUNSET
FEBRUARY  1 2016......SUNRISE   734 AM CST   SUNSET   553 PM CST
FEBRUARY  2 2016......SUNRISE   733 AM CST   SUNSET   554 PM CST


-  INDICATES NEGATIVE NUMBERS.
R  INDICATES RECORD WAS SET OR TIED.
MM INDICATES DATA IS MISSING.
T  INDICATES TRACE AMOUNT.

$$
