000
CDUS43 KICT 220632
CLIICT


CLIMATE REPORT
NATIONAL WEATHER SERVICE WICHITA KS
1232 AM CST THU JAN 22 2015


...................................

...THE WICHITA MID CONTINENT KS CLIMATE SUMMARY FOR JANUARY 21 2015...

CLIMATE NORMAL PERIOD 1981 TO 2010
CLIMATE RECORD PERIOD 1888 TO 2015


WEATHER ITEM   OBSERVED TIME   RECORD YEAR NORMAL DEPARTURE LAST
                VALUE   (LST)  VALUE       VALUE  FROM      YEAR
                                                  NORMAL
..................................................................
TEMPERATURE (F)
 YESTERDAY
  MAXIMUM         47    448 PM  69    1964  43      4       30
  MINIMUM         30    344 AM  -7    1935  22      8       11
  AVERAGE         39                        32      7       21

PRECIPITATION (IN)
  YESTERDAY        0.00          0.57 1973   0.03  -0.03     0.00
  MONTH TO DATE    0.44                      0.51  -0.07     0.11
  SINCE DEC 1      1.73                      1.71   0.02     0.71
  SINCE JAN 1      0.44                      0.51  -0.07     0.11

SNOWFALL (IN)
  YESTERDAY        0.0           6.0  1973   0.1   -0.1      0.0
  MONTH TO DATE    4.0                       2.3    1.7      2.9
  SINCE DEC 1      8.2                       6.5    1.7      6.3
  SINCE JUL 1     10.0                       7.9    2.1      6.3
  SNOW DEPTH       0

DEGREE DAYS
 HEATING
  YESTERDAY       26                        33     -7       44
  MONTH TO DATE  730                       693     37      671
  SINCE DEC 1   1555                      1660   -105     1741
  SINCE JUL 1   2435                      2536   -101     2626

 COOLING
  YESTERDAY        0                         0      0        0
  MONTH TO DATE    0                         0      0        0
  SINCE DEC 1      0                         0      0        0
  SINCE JAN 1      0                         0      0        0
..................................................................


WIND (MPH)
  HIGHEST WIND SPEED    12   HIGHEST WIND DIRECTION     N (10)
  HIGHEST GUST SPEED    14   HIGHEST GUST DIRECTION     N (10)
  AVERAGE WIND SPEED     7.3


SKY COVER
  POSSIBLE SUNSHINE  MM
  AVERAGE SKY COVER 0.9


WEATHER CONDITIONS
 THE FOLLOWING WEATHER WAS RECORDED YESTERDAY.
  NO SIGNIFICANT WEATHER WAS OBSERVED.


RELATIVE HUMIDITY (PERCENT)
 HIGHEST    82          1200 AM
 LOWEST     42           200 PM
 AVERAGE    62

..........................................................


THE WICHITA MID CONTINENT KS CLIMATE NORMALS FOR TODAY
                         NORMAL    RECORD    YEAR
 MAXIMUM TEMPERATURE (F)   43        75      1967
 MINIMUM TEMPERATURE (F)   22        -6      1930


SUNRISE AND SUNSET
JANUARY 22 2015.......SUNRISE   741 AM CST   SUNSET   542 PM CST
JANUARY 23 2015.......SUNRISE   740 AM CST   SUNSET   543 PM CST


-  INDICATES NEGATIVE NUMBERS.
R  INDICATES RECORD WAS SET OR TIED.
MM INDICATES DATA IS MISSING.
T  INDICATES TRACE AMOUNT.




$$
