000
CDUS43 KICT 160631
CLIICT


CLIMATE REPORT
NATIONAL WEATHER SERVICE WICHITA KS
1230 AM CST TUE DEC 16 2014


...................................

...THE WICHITA MID CONTINENT KS CLIMATE SUMMARY FOR DECEMBER 15 2014...

CLIMATE NORMAL PERIOD 1981 TO 2010
CLIMATE RECORD PERIOD 1888 TO 2014


WEATHER ITEM   OBSERVED TIME   RECORD YEAR NORMAL DEPARTURE LAST
                VALUE   (LST)  VALUE       VALUE  FROM      YEAR
                                                  NORMAL
..................................................................
TEMPERATURE (F)
 YESTERDAY
  MAXIMUM         56   1209 AM  66    2006  43     13       63
                                      1939
  MINIMUM         34   1159 PM -10    1989  24     10       19
  AVERAGE         45                        33     12       41

PRECIPITATION (IN)
  YESTERDAY        T             2.57 1984   0.04  -0.04     0.00
  MONTH TO DATE    0.81                      0.64   0.17      T
  SINCE DEC 1      0.81                      0.64   0.17      T
  SINCE JAN 1     25.12                     32.08  -6.96    39.85

SNOWFALL (IN)
  YESTERDAY        T             1.6  2007   0.1   -0.1      0.0
  MONTH TO DATE    T                         2.0   -2.0       T
  SINCE DEC 1      T                         2.0   -2.0       T
  SINCE JUL 1      1.8                       3.4   -1.6       T
  SNOW DEPTH       0

DEGREE DAYS
 HEATING
  YESTERDAY       20                        32    -12       24
  MONTH TO DATE  334                       444   -110      538
  SINCE DEC 1    334                       444   -110      538
  SINCE JUL 1   1214                      1320   -106     1423

 COOLING
  YESTERDAY        0                         0      0        0
  MONTH TO DATE    0                         0      0        0
  SINCE DEC 1      0                         0      0        0
  SINCE JAN 1   1849                      1686    163     1778
..................................................................


WIND (MPH)
  HIGHEST WIND SPEED    33   HIGHEST WIND DIRECTION    NW (330)
  HIGHEST GUST SPEED    45   HIGHEST GUST DIRECTION    NW (320)
  AVERAGE WIND SPEED    21.7


SKY COVER
  POSSIBLE SUNSHINE  MM
  AVERAGE SKY COVER 0.9


WEATHER CONDITIONS
 THE FOLLOWING WEATHER WAS RECORDED YESTERDAY.
  LIGHT SNOW


RELATIVE HUMIDITY (PERCENT)
 HIGHEST    83           400 AM
 LOWEST     55           300 PM
 AVERAGE    69

..........................................................


THE WICHITA MID CONTINENT KS CLIMATE NORMALS FOR TODAY
                         NORMAL    RECORD    YEAR
 MAXIMUM TEMPERATURE (F)   43        69      1939
 MINIMUM TEMPERATURE (F)   24        -6      1989


SUNRISE AND SUNSET
DECEMBER 16 2014......SUNRISE   738 AM CST   SUNSET   513 PM CST
DECEMBER 17 2014......SUNRISE   739 AM CST   SUNSET   513 PM CST


-  INDICATES NEGATIVE NUMBERS.
R  INDICATES RECORD WAS SET OR TIED.
MM INDICATES DATA IS MISSING.
T  INDICATES TRACE AMOUNT.




$$
