000
CDUS43 KICT 190630
CLIICT


CLIMATE REPORT
NATIONAL WEATHER SERVICE WICHITA KS
130 AM CDT TUE MAY 19 2015


...................................

...THE WICHITA EISENHOWER NATIONAL CLIMATE SUMMARY FOR MAY 18 2015...

CLIMATE NORMAL PERIOD 1981 TO 2010
CLIMATE RECORD PERIOD 1888 TO 2015


WEATHER ITEM   OBSERVED TIME   RECORD YEAR NORMAL DEPARTURE LAST
                VALUE   (LST)  VALUE       VALUE  FROM      YEAR
                                                  NORMAL
..................................................................
TEMPERATURE (F)
 YESTERDAY
  MAXIMUM         72    456 PM  99    1956  77     -5       78
  MINIMUM         57   1159 PM  38    1976  56      1       51
  AVERAGE         65                        66     -1       65

PRECIPITATION (IN)
  YESTERDAY        0.00          2.74 1915   0.15  -0.15     0.02
  MONTH TO DATE    7.46                      2.50   4.96     0.55
  SINCE MAR 1     10.36                      7.78   2.58     1.57
  SINCE JAN 1     12.13                      9.79   2.34     2.56

SNOWFALL (IN)
  YESTERDAY        0.0           0.0  2007   0.0    0.0      0.0
                                      2001
  MONTH TO DATE    0.0                       0.0    0.0      0.0
  SINCE MAR 1      1.1                       2.5   -1.4      3.5
  SINCE JUL 1     18.0                      14.9    3.1     23.0
  SNOW DEPTH       0

DEGREE DAYS
 HEATING
  YESTERDAY        0                         2     -2        0
  MONTH TO DATE   30                        62    -32       73
  SINCE MAR 1    667                       930   -263     1020
  SINCE JUL 1   4232                      4570   -338     4939

 COOLING
  YESTERDAY        0                         4     -4        0
  MONTH TO DATE   55                        44     11       94
  SINCE MAR 1     83                        70     13      127
  SINCE JAN 1     83                        70     13      127
..................................................................


WIND (MPH)
  HIGHEST WIND SPEED    23   HIGHEST WIND DIRECTION     N (20)
  HIGHEST GUST SPEED    28   HIGHEST GUST DIRECTION     N (10)
  AVERAGE WIND SPEED    12.5


SKY COVER
  POSSIBLE SUNSHINE  MM
  AVERAGE SKY COVER 0.2


WEATHER CONDITIONS
 THE FOLLOWING WEATHER WAS RECORDED YESTERDAY.
  NO SIGNIFICANT WEATHER WAS OBSERVED.


RELATIVE HUMIDITY (PERCENT)
 HIGHEST    90           300 AM
 LOWEST     49           500 PM
 AVERAGE    70

..........................................................


THE WICHITA EISENHOWER NATIONAL CLIMATE NORMALS FOR TODAY
                         NORMAL    RECORD    YEAR
 MAXIMUM TEMPERATURE (F)   78        97      2006
                                             1933
 MINIMUM TEMPERATURE (F)   56        38      1894


SUNRISE AND SUNSET
MAY 19 2015...........SUNRISE   617 AM CDT   SUNSET   836 PM CDT
MAY 20 2015...........SUNRISE   616 AM CDT   SUNSET   836 PM CDT


-  INDICATES NEGATIVE NUMBERS.
R  INDICATES RECORD WAS SET OR TIED.
MM INDICATES DATA IS MISSING.
T  INDICATES TRACE AMOUNT.




$$
