000
CDUS43 KICT 160626
CLIICT


CLIMATE REPORT
NATIONAL WEATHER SERVICE WICHITA KS
124 AM CDT MON OCT 16 2017


...................................

...THE WICHITA EISENHOWER NATIONAL CLIMATE SUMMARY FOR OCTOBER 15 2017...

CLIMATE NORMAL PERIOD 1981 TO 2010
CLIMATE RECORD PERIOD 1888 TO 2017


WEATHER ITEM   OBSERVED TIME   RECORD YEAR NORMAL DEPARTURE LAST
                VALUE   (LST)  VALUE       VALUE  FROM      YEAR
                                                  NORMAL
..................................................................
TEMPERATURE (F)
 YESTERDAY
  MAXIMUM         64    429 PM  89    1950  70     -6       84
  MINIMUM         41   1129 PM  33    1974  47     -6       63
                                      1943
  AVERAGE         53                        59     -6       74

PRECIPITATION (IN)
  YESTERDAY        0.00          1.30 1916   0.09  -0.09     0.00
  MONTH TO DATE    3.01                      1.47   1.54     1.12
  SINCE SEP 1      5.35                      4.61   0.74    12.42
  SINCE JAN 1     32.70                     28.70   4.00    48.76

SNOWFALL (IN)
  YESTERDAY        0.0           0.0  2007   0.0    0.0      0.0
  MONTH TO DATE    0.0                       0.0    0.0      0.0
  SINCE SEP 1      0.0                       0.0    0.0      0.0
  SINCE JUL 1      0.0                       0.0    0.0      0.0
  SNOW DEPTH       0

DEGREE DAYS
 HEATING
  YESTERDAY       12                         7      5        0
  MONTH TO DATE   47                        84    -37       43
  SINCE SEP 1     53                       126    -73       57
  SINCE JUL 1     53                       127    -74       57

 COOLING
  YESTERDAY        0                         1     -1        9
  MONTH TO DATE   64                        28     36       34
  SINCE SEP 1    340                       250     90      314
  SINCE JAN 1   1779                      1677    102     1986
..................................................................


WIND (MPH)
  HIGHEST WIND SPEED    30   HIGHEST WIND DIRECTION     N (360)
  HIGHEST GUST SPEED    40   HIGHEST GUST DIRECTION     N (360)
  AVERAGE WIND SPEED    11.5


SKY COVER
  POSSIBLE SUNSHINE  MM
  AVERAGE SKY COVER 0.1


WEATHER CONDITIONS
 THE FOLLOWING WEATHER WAS RECORDED YESTERDAY.
  FOG
  HAZE


RELATIVE HUMIDITY (PERCENT)
 HIGHEST    92          1100 PM
 LOWEST     31           400 PM
 AVERAGE    62

..........................................................


THE WICHITA EISENHOWER NATIONAL CLIMATE NORMALS FOR TODAY
                         NORMAL    RECORD    YEAR
 MAXIMUM TEMPERATURE (F)   70        90      2016
 MINIMUM TEMPERATURE (F)   47        27      1966


SUNRISE AND SUNSET
OCTOBER 16 2017.......SUNRISE   739 AM CDT   SUNSET   651 PM CDT
OCTOBER 17 2017.......SUNRISE   740 AM CDT   SUNSET   649 PM CDT


-  INDICATES NEGATIVE NUMBERS.
R  INDICATES RECORD WAS SET OR TIED.
MM INDICATES DATA IS MISSING.
T  INDICATES TRACE AMOUNT.




$$
