000
CDUS43 KICT 052308
CLIICT


CLIMATE REPORT
NATIONAL WEATHER SERVICE WICHITA KS
508 PM CST FRI JAN 5 2018


...................................

...THE WICHITA EISENHOWER NATIONAL CLIMATE SUMMARY FOR JANUARY 5 2018...
VALID TODAY AS OF 0500 PM LOCAL TIME.

CLIMATE NORMAL PERIOD 1981 TO 2010
CLIMATE RECORD PERIOD 1888 TO 2018


WEATHER ITEM   OBSERVED TIME   RECORD YEAR NORMAL DEPARTURE LAST
                VALUE   (LST)  VALUE       VALUE  FROM      YEAR
                                                  NORMAL
..................................................................
TEMPERATURE (F)
 TODAY
  MAXIMUM         43    336 PM  68    1927  42      1       20
  MINIMUM         15    619 AM  -9    1924  22     -7       13
  AVERAGE         29                        32     -3       17

PRECIPITATION (IN)
  TODAY            0.00          0.34 1955   0.02  -0.02      T
  MONTH TO DATE    0.00                      0.12  -0.12     0.05
  SINCE DEC 1      0.03                      1.32  -1.29     0.71
  SINCE JAN 1      0.00                      0.12  -0.12     0.05

SNOWFALL (IN)
  TODAY            0.0           2.6  1929   0.1   -0.1       T
  MONTH TO DATE    0.0                       0.6   -0.6       T
  SINCE DEC 1      T                         4.8   -4.8      2.0
  SINCE JUL 1      T                         6.2   -6.2      2.0
  SNOW DEPTH       0

DEGREE DAYS
 HEATING
  TODAY           36                        33      3       48
  MONTH TO DATE  224                       165     59      166
  SINCE DEC 1   1090                      1132    -42     1153
  SINCE JUL 1   1820                      2008   -188     1606

 COOLING
  TODAY            0                         0      0        0
  MONTH TO DATE    0                         0      0        0
  SINCE DEC 1      0                         0      0        0
  SINCE JAN 1      0                         0      0        0
..................................................................


WIND (MPH)
  HIGHEST WIND SPEED    13   HIGHEST WIND DIRECTION    NE (40)
  HIGHEST GUST SPEED    17   HIGHEST GUST DIRECTION    NE (60)
  AVERAGE WIND SPEED     6.7


SKY COVER
  POSSIBLE SUNSHINE  MM
  AVERAGE SKY COVER 0.2


WEATHER CONDITIONS
 THE FOLLOWING WEATHER WAS RECORDED TODAY.
  NO SIGNIFICANT WEATHER WAS OBSERVED.


RELATIVE HUMIDITY (PERCENT)
 HIGHEST    74           400 AM
 LOWEST     36           300 PM
 AVERAGE    55

..........................................................


THE WICHITA EISENHOWER NATIONAL CLIMATE NORMALS FOR TOMORROW
                         NORMAL    RECORD    YEAR
 MAXIMUM TEMPERATURE (F)   42        63      1903
 MINIMUM TEMPERATURE (F)   22       -10      1912


SUNRISE AND SUNSET
JANUARY  5 2018.......SUNRISE   745 AM CST   SUNSET   525 PM CST
JANUARY  6 2018.......SUNRISE   745 AM CST   SUNSET   526 PM CST


-  INDICATES NEGATIVE NUMBERS.
R  INDICATES RECORD WAS SET OR TIED.
MM INDICATES DATA IS MISSING.
T  INDICATES TRACE AMOUNT.




$$
