000
CDUS43 KICT 122209
CLIICT

CLIMATE REPORT
NATIONAL WEATHER SERVICE WICHITA KS
509 PM CDT MON SEP 12 2016

...................................

...THE WICHITA EISENHOWER NATIONAL CLIMATE SUMMARY FOR SEPTEMBER 12 2016...
VALID TODAY AS OF 500 PM LOCAL TIME.

CLIMATE NORMAL PERIOD 1981 TO 2010
CLIMATE RECORD PERIOD 1888 TO 2016


WEATHER ITEM   OBSERVED TIME   RECORD YEAR NORMAL DEPARTURE LAST
                VALUE   (LST)  VALUE       VALUE  FROM      YEAR
                                                  NORMAL
..................................................................
TEMPERATURE (F)
 TODAY
  MAXIMUM         88    357 PM 101    1980  84      4       77
  MINIMUM         65    640 AM  41    1902  61      4       53
  AVERAGE         77                        73      4       65

PRECIPITATION (IN)
  TODAY            0.00         10.31 2008   0.11  -0.11     0.07
  MONTH TO DATE    8.96                      1.30   7.66     1.21
  SINCE SEP 1      8.96                      1.30   7.66     1.21
  SINCE JAN 1     45.30                     25.39  19.91    33.63

SNOWFALL (IN)
  TODAY            0.0           0.0  2007   0.0    0.0      0.0
  MONTH TO DATE    0.0                       0.0    0.0      0.0
  SINCE SEP 1      0.0                       0.0    0.0      0.0
  SINCE JUL 1      0.0                       0.0    0.0      0.0
  SNOW DEPTH       0

DEGREE DAYS
 HEATING
  TODAY            0                         1     -1        0
  MONTH TO DATE    0                         2     -2        0
  SINCE SEP 1      0                         2     -2        0
  SINCE JUL 1      0                         3     -3        0

 COOLING
  TODAY           12                         8      4        0
  MONTH TO DATE  142                       122     20      177
  SINCE SEP 1    142                       122     20      177
  SINCE JAN 1   1814                      1549    265     1668
..................................................................


WIND (MPH)
  HIGHEST WIND SPEED    29   HIGHEST WIND DIRECTION     S (170)
  HIGHEST GUST SPEED    35   HIGHEST GUST DIRECTION     S (170)
  AVERAGE WIND SPEED    17.7


SKY COVER
  POSSIBLE SUNSHINE  MM
  AVERAGE SKY COVER 0.2


WEATHER CONDITIONS
 THE FOLLOWING WEATHER WAS RECORDED TODAY.
  NO SIGNIFICANT WEATHER WAS OBSERVED.


RELATIVE HUMIDITY (PERCENT)
 HIGHEST    78           500 AM
 LOWEST     50           400 PM
 AVERAGE    64

..........................................................


THE WICHITA EISENHOWER NATIONAL CLIMATE NORMALS FOR TOMORROW
                         NORMAL    RECORD    YEAR
 MAXIMUM TEMPERATURE (F)   84       104      1893
 MINIMUM TEMPERATURE (F)   61        37      1890


SUNRISE AND SUNSET
SEPTEMBER 12 2016.....SUNRISE   709 AM CDT   SUNSET   741 PM CDT
SEPTEMBER 13 2016.....SUNRISE   710 AM CDT   SUNSET   740 PM CDT


-  INDICATES NEGATIVE NUMBERS.
R  INDICATES RECORD WAS SET OR TIED.
MM INDICATES DATA IS MISSING.
T  INDICATES TRACE AMOUNT.

$$
