000
CDUS43 KICT 220623
CLIICT


CLIMATE REPORT
NATIONAL WEATHER SERVICE WICHITA KS
1222 AM CST SUN FEB 22 2015


...................................

...THE WICHITA EISENHOWER NATIONAL CLIMATE SUMMARY FOR FEBRUARY 21 2015...

CLIMATE NORMAL PERIOD 1981 TO 2010
CLIMATE RECORD PERIOD 1888 TO 2015


WEATHER ITEM   OBSERVED TIME   RECORD YEAR NORMAL DEPARTURE LAST
                VALUE   (LST)  VALUE       VALUE  FROM      YEAR
                                                  NORMAL
..................................................................
TEMPERATURE (F)
 YESTERDAY
  MAXIMUM         56    330 PM  79    1935  50      6       60
  MINIMUM         31    717 AM  -3    1939  28      3       22
  AVERAGE         44                        39      5       41

PRECIPITATION (IN)
  YESTERDAY        0.09          0.98 1971   0.05   0.04     0.00
  MONTH TO DATE    0.21                      0.85  -0.64     0.84
  SINCE DEC 1      2.61                      2.88  -0.27     1.57
  SINCE JAN 1      1.32                      1.68  -0.36     0.97

SNOWFALL (IN)
  YESTERDAY        T            11.6  1971   0.0    0.0      0.0
  MONTH TO DATE    0.9                       2.6   -1.7     13.0
  SINCE DEC 1      9.1                      10.4   -1.3     19.4
  SINCE JUL 1     10.9                      11.8   -0.9     19.4
  SNOW DEPTH       0

DEGREE DAYS
 HEATING
  YESTERDAY       21                        26     -5       24
  MONTH TO DATE  627                       606     21      731
  SINCE DEC 1   2401                      2590   -189     2820
  SINCE JUL 1   3281                      3466   -185     3705

 COOLING
  YESTERDAY        0                         0      0        0
  MONTH TO DATE    0                         0      0        0
  SINCE DEC 1      0                         0      0        0
  SINCE JAN 1      0                         0      0        0
..................................................................


WIND (MPH)
  HIGHEST WIND SPEED    26   HIGHEST WIND DIRECTION    NE (40)
  HIGHEST GUST SPEED    33   HIGHEST GUST DIRECTION    NE (40)
  AVERAGE WIND SPEED    11.1


SKY COVER
  POSSIBLE SUNSHINE  MM
  AVERAGE SKY COVER 0.7


WEATHER CONDITIONS
 THE FOLLOWING WEATHER WAS RECORDED YESTERDAY.
  RAIN
  LIGHT RAIN
  LIGHT SNOW
  FOG


RELATIVE HUMIDITY (PERCENT)
 HIGHEST   100          1200 AM
 LOWEST     43           200 PM
 AVERAGE    72

..........................................................


THE WICHITA EISENHOWER NATIONAL CLIMATE NORMALS FOR TODAY
                         NORMAL    RECORD    YEAR
 MAXIMUM TEMPERATURE (F)   50        87      1996
 MINIMUM TEMPERATURE (F)   28         6      1889


SUNRISE AND SUNSET
FEBRUARY 22 2015......SUNRISE   711 AM CST   SUNSET   616 PM CST
FEBRUARY 23 2015......SUNRISE   709 AM CST   SUNSET   617 PM CST


-  INDICATES NEGATIVE NUMBERS.
R  INDICATES RECORD WAS SET OR TIED.
MM INDICATES DATA IS MISSING.
T  INDICATES TRACE AMOUNT.




$$
