000
CDUS43 KICT 102304
CLIICT


CLIMATE REPORT
NATIONAL WEATHER SERVICE WICHITA KS
504 PM CST WED DEC 10 2014


...................................

...THE WICHITA MID CONTINENT CLIMATE SUMMARY FOR DECEMBER 10 2014...
VALID TODAY AS OF 0500 PM LOCAL TIME.

CLIMATE NORMAL PERIOD 1981 TO 2010
CLIMATE RECORD PERIOD 1888 TO 2014


WEATHER ITEM   OBSERVED TIME   RECORD YEAR NORMAL DEPARTURE LAST
                VALUE   (LST)  VALUE       VALUE  FROM      YEAR
                                                  NORMAL
..................................................................
TEMPERATURE (F)
 TODAY
  MAXIMUM         45    459 PM  72    1890  44      1       42
  MINIMUM         32    351 AM  -3    1919  25      7        7
  AVERAGE         39                        35      4       25

PRECIPITATION (IN)
  TODAY            0.00          1.18 1960   0.05  -0.05     0.00
  MONTH TO DATE    0.57                      0.44   0.13      T
  SINCE DEC 1      0.57                      0.44   0.13      T
  SINCE JAN 1     24.88                     31.88  -7.00    39.85

SNOWFALL (IN)
  TODAY            0.0           2.7  1969   0.2   -0.2      0.0
  MONTH TO DATE    0.0                       1.3   -1.3       T
  SINCE DEC 1      0.0                       1.3   -1.3       T
  SINCE JUL 1      1.8                       2.7   -0.9       T
  SNOW DEPTH       0

DEGREE DAYS
 HEATING
  TODAY           26                        30     -4       40
  MONTH TO DATE  256                       288    -32      375
  SINCE DEC 1    256                       288    -32      375
  SINCE JUL 1   1136                      1164    -28     1260

 COOLING
  TODAY            0                         0      0        0
  MONTH TO DATE    0                         0      0        0
  SINCE DEC 1      0                         0      0        0
  SINCE JAN 1   1849                      1686    163     1778
..................................................................


WIND (MPH)
  HIGHEST WIND SPEED    12   HIGHEST WIND DIRECTION    SE (120)
  HIGHEST GUST SPEED    15   HIGHEST GUST DIRECTION    SE (130)
  AVERAGE WIND SPEED     7.1


SKY COVER
  POSSIBLE SUNSHINE  MM
  AVERAGE SKY COVER 0.8


WEATHER CONDITIONS
 THE FOLLOWING WEATHER WAS RECORDED TODAY.
  LIGHT RAIN
  HAZE


RELATIVE HUMIDITY (PERCENT)
 HIGHEST    82           300 AM
 LOWEST     65           100 PM
 AVERAGE    74

..........................................................


THE WICHITA MID CONTINENT CLIMATE NORMALS FOR TOMORROW
                         NORMAL    RECORD    YEAR
 MAXIMUM TEMPERATURE (F)   44        75      1939
 MINIMUM TEMPERATURE (F)   25        -3      1932


SUNRISE AND SUNSET
DECEMBER 10 2014......SUNRISE   734 AM CST   SUNSET   511 PM CST
DECEMBER 11 2014......SUNRISE   735 AM CST   SUNSET   511 PM CST


-  INDICATES NEGATIVE NUMBERS.
R  INDICATES RECORD WAS SET OR TIED.
MM INDICATES DATA IS MISSING.
T  INDICATES TRACE AMOUNT.




$$
