972
CDUS43 KICT 100632
CLIICT

CLIMATE REPORT
NATIONAL WEATHER SERVICE WICHITA KS
130 AM CDT SUN MAY 10 2015


...................................

...THE WICHITA EISENHOWER NATIONAL CLIMATE SUMMARY FOR MAY 9 2015...

CLIMATE NORMAL PERIOD 1981 TO 2010
CLIMATE RECORD PERIOD 1888 TO 2015


WEATHER ITEM   OBSERVED TIME   RECORD YEAR NORMAL DEPARTURE LAST
                VALUE   (LST)  VALUE       VALUE  FROM      YEAR
                                                  NORMAL
..................................................................
TEMPERATURE (F)
 YESTERDAY
  MAXIMUM         73   1209 PM 100    2011  75     -2       78
  MINIMUM         61    518 AM  36    1980  53      8       51
  AVERAGE         67                        64      3       65

PRECIPITATION (IN)
  YESTERDAY        0.61          1.96 2006   0.13   0.48     0.00
  MONTH TO DATE    2.88                      1.20   1.68      T
  SINCE MAR 1      5.78                      6.48  -0.70     1.02
  SINCE JAN 1      7.55                      8.49  -0.94     2.01

SNOWFALL (IN)
  YESTERDAY        0.0           0.0  2007   0.0    0.0      0.0
                                      2001
  MONTH TO DATE    0.0                       0.0    0.0      0.0
  SINCE MAR 1      1.1                       2.5   -1.4      3.5
  SINCE JUL 1     18.0                      14.9    3.1     23.0
  SNOW DEPTH       0

DEGREE DAYS
 HEATING
  YESTERDAY        0                         3     -3        0
  MONTH TO DATE    0                        38    -38       23
  SINCE MAR 1    637                       906   -269      970
  SINCE JUL 1   4202                      4546   -344     4889

 COOLING
  YESTERDAY        2                         2      0        0
  MONTH TO DATE   40                        16     24       69
  SINCE MAR 1     68                        42     26      102
  SINCE JAN 1     68                        42     26      102
..................................................................


WIND (MPH)
  HIGHEST WIND SPEED    24   HIGHEST WIND DIRECTION     S (180)
  HIGHEST GUST SPEED    34   HIGHEST GUST DIRECTION     S (180)
  AVERAGE WIND SPEED    11.5


SKY COVER
  POSSIBLE SUNSHINE  MM
  AVERAGE SKY COVER 0.8


WEATHER CONDITIONS
 THE FOLLOWING WEATHER WAS RECORDED YESTERDAY.
  THUNDERSTORM
  HEAVY RAIN
  RAIN
  LIGHT RAIN
  FOG


RELATIVE HUMIDITY (PERCENT)
 HIGHEST    93           300 AM
 LOWEST     64          1200 PM
 AVERAGE    79

..........................................................


THE WICHITA EISENHOWER NATIONAL CLIMATE NORMALS FOR TODAY
                         NORMAL    RECORD    YEAR
 MAXIMUM TEMPERATURE (F)   75       100      1967
 MINIMUM TEMPERATURE (F)   53        37      1946


SUNRISE AND SUNSET
MAY 10 2015...........SUNRISE   625 AM CDT   SUNSET   828 PM CDT
MAY 11 2015...........SUNRISE   624 AM CDT   SUNSET   829 PM CDT


-  INDICATES NEGATIVE NUMBERS.
R  INDICATES RECORD WAS SET OR TIED.
MM INDICATES DATA IS MISSING.
T  INDICATES TRACE AMOUNT.

$$
