000
CDUS43 KICT 182305
CLIICT


CLIMATE REPORT
NATIONAL WEATHER SERVICE WICHITA KS
504 PM CST SUN JAN 18 2015


...................................

...THE WICHITA MID CONTINENT CLIMATE SUMMARY FOR JANUARY 18 2015...
VALID TODAY AS OF 500 PM LOCAL TIME.

CLIMATE NORMAL PERIOD 1981 TO 2010
CLIMATE RECORD PERIOD 1888 TO 2015


WEATHER ITEM   OBSERVED TIME   RECORD YEAR NORMAL DEPARTURE LAST
                VALUE   (LST)  VALUE       VALUE  FROM      YEAR
                                                  NORMAL
..................................................................
TEMPERATURE (F)
 TODAY
  MAXIMUM         65R   308 PM  65    1951  43     22       57
  MINIMUM         25    654 AM -12    1930  22      3       27
  AVERAGE         45                        32     13       42

PRECIPITATION (IN)
  TODAY            0.00          0.87 1979   0.03  -0.03     0.00
  MONTH TO DATE    0.32                      0.43  -0.11     0.11
  SINCE DEC 1      1.61                      1.63  -0.02     0.71
  SINCE JAN 1      0.32                      0.43  -0.11     0.11

SNOWFALL (IN)
  TODAY            0.0          12.0  1962   0.1   -0.1      0.0
  MONTH TO DATE    4.0                       1.9    2.1      2.9
  SINCE DEC 1      8.2                       6.1    2.1      6.3
  SINCE JUL 1     10.0                       7.5    2.5      6.3
  SNOW DEPTH       0

DEGREE DAYS
 HEATING
  TODAY           20                        33    -13       23
  MONTH TO DATE  667                       594     73      583
  SINCE DEC 1   1492                      1561    -69     1653
  SINCE JUL 1   2372                      2437    -65     2538

 COOLING
  TODAY            0                         0      0        0
  MONTH TO DATE    0                         0      0        0
  SINCE DEC 1      0                         0      0        0
  SINCE JAN 1      0                         0      0        0
..................................................................


WIND (MPH)
  HIGHEST WIND SPEED    22   HIGHEST WIND DIRECTION    SW (230)
  HIGHEST GUST SPEED    27   HIGHEST GUST DIRECTION    SW (230)
  AVERAGE WIND SPEED    10.4


SKY COVER
  POSSIBLE SUNSHINE  MM
  AVERAGE SKY COVER 0.3


WEATHER CONDITIONS
 THE FOLLOWING WEATHER WAS RECORDED TODAY.
  NO SIGNIFICANT WEATHER WAS OBSERVED.


RELATIVE HUMIDITY (PERCENT)
 HIGHEST    75           800 AM
 LOWEST     19           300 PM
 AVERAGE    47

..........................................................


THE WICHITA MID CONTINENT CLIMATE NORMALS FOR TOMORROW
                         NORMAL    RECORD    YEAR
 MAXIMUM TEMPERATURE (F)   43        70      1904
 MINIMUM TEMPERATURE (F)   22       -14      1892


SUNRISE AND SUNSET
JANUARY 18 2015.......SUNRISE   742 AM CST   SUNSET   538 PM CST
JANUARY 19 2015.......SUNRISE   742 AM CST   SUNSET   539 PM CST


-  INDICATES NEGATIVE NUMBERS.
R  INDICATES RECORD WAS SET OR TIED.
MM INDICATES DATA IS MISSING.
T  INDICATES TRACE AMOUNT.




$$
