000
CDUS43 KICT 170638
CLIICT


CLIMATE REPORT
NATIONAL WEATHER SERVICE WICHITA KS
138 AM CDT WED SEP 17 2014


...................................

...THE WICHITA MID CONTINENT KS CLIMATE SUMMARY FOR SEPTEMBER 16 2014...

CLIMATE NORMAL PERIOD 1981 TO 2010
CLIMATE RECORD PERIOD 1888 TO 2014


WEATHER ITEM   OBSERVED TIME   RECORD YEAR NORMAL DEPARTURE LAST
                VALUE   (LST)  VALUE       VALUE  FROM      YEAR
                                                  NORMAL
..................................................................
TEMPERATURE (F)
 YESTERDAY
  MAXIMUM         81    415 PM 105    1978  83     -2       77
  MINIMUM         60    834 AM  42    1903  59      1       66
  AVERAGE         71                        71      0       72

PRECIPITATION (IN)
  YESTERDAY        0.00          2.40 1958   0.10  -0.10     0.06
  MONTH TO DATE    0.16                      1.70  -1.54     0.33
  SINCE SEP 1      0.16                      1.70  -1.54     0.33
  SINCE JAN 1     22.14                     25.79  -3.65    34.50

SNOWFALL (IN)
  YESTERDAY        0.0           0.0  2007   0.0    0.0      0.0
  MONTH TO DATE    0.0                       0.0    0.0      0.0
  SINCE SEP 1      0.0                       0.0    0.0      0.0
  SINCE JUL 1      0.0                       0.0    0.0      0.0
  SNOW DEPTH       0

DEGREE DAYS
 HEATING
  YESTERDAY        0                         1     -1        0
  MONTH TO DATE   20                         6     14        0
  SINCE SEP 1     20                         6     14        0
  SINCE JUL 1     21                         7     14        1

 COOLING
  YESTERDAY        6                         7     -1        7
  MONTH TO DATE  145                       152     -7      227
  SINCE SEP 1    145                       152     -7      227
  SINCE JAN 1   1641                      1579     62     1640
..................................................................


WIND (MPH)
  HIGHEST WIND SPEED    15   HIGHEST WIND DIRECTION    SE (150)
  HIGHEST GUST SPEED    19   HIGHEST GUST DIRECTION    SE (120)
  AVERAGE WIND SPEED     9.0


SKY COVER
  POSSIBLE SUNSHINE  MM
  AVERAGE SKY COVER 0.6


WEATHER CONDITIONS
 THE FOLLOWING WEATHER WAS RECORDED YESTERDAY.
  NO SIGNIFICANT WEATHER WAS OBSERVED.


RELATIVE HUMIDITY (PERCENT)
 HIGHEST    87          1100 PM
 LOWEST     51           400 PM
 AVERAGE    69

..........................................................


THE WICHITA MID CONTINENT KS CLIMATE NORMALS FOR TODAY
                         NORMAL    RECORD    YEAR
 MAXIMUM TEMPERATURE (F)   82       100      1931
 MINIMUM TEMPERATURE (F)   59        40      1973


SUNRISE AND SUNSET
SEPTEMBER 17 2014.....SUNRISE   713 AM CDT   SUNSET   734 PM CDT
SEPTEMBER 18 2014.....SUNRISE   714 AM CDT   SUNSET   733 PM CDT


-  INDICATES NEGATIVE NUMBERS.
R  INDICATES RECORD WAS SET OR TIED.
MM INDICATES DATA IS MISSING.
T  INDICATES TRACE AMOUNT.




$$
