788
CDUS43 KICT 230626
CLIICT


CLIMATE REPORT
NATIONAL WEATHER SERVICE WICHITA KS
1226 AM CST TUE JAN 23 2018


...................................

...THE WICHITA EISENHOWER NATIONAL CLIMATE SUMMARY FOR JANUARY 22 2018...

CLIMATE NORMAL PERIOD 1981 TO 2010
CLIMATE RECORD PERIOD 1888 TO 2018


WEATHER ITEM   OBSERVED TIME   RECORD YEAR NORMAL DEPARTURE LAST
                VALUE   (LST)  VALUE       VALUE  FROM      YEAR
                                                  NORMAL
..................................................................
TEMPERATURE (F)
 YESTERDAY
  MAXIMUM         42    528 PM  75    1967  43     -1       54
  MINIMUM         32   1159 PM  -6    1930  22     10       31
  AVERAGE         37                        32      5       43

PRECIPITATION (IN)
  YESTERDAY        T             0.54 1992   0.03  -0.03     0.19
  MONTH TO DATE    0.20                      0.54  -0.34     2.79
  SINCE DEC 1      0.23                      1.74  -1.51     3.45
  SINCE JAN 1      0.20                      0.54  -0.34     2.79

SNOWFALL (IN)
  YESTERDAY        T             3.5  1890   0.1   -0.1      0.0
  MONTH TO DATE    0.3                       2.4   -2.1       T
  SINCE DEC 1      0.3                       6.6   -6.3      2.0
  SINCE JUL 1      0.3                       8.0   -7.7      2.0
  SNOW DEPTH       0

DEGREE DAYS
 HEATING
  YESTERDAY       28                        33     -5       22
  MONTH TO DATE  747                       726     21      668
  SINCE DEC 1   1613                      1693    -80     1655
  SINCE JUL 1   2343                      2569   -226     2108

 COOLING
  YESTERDAY        0                         0      0        0
  MONTH TO DATE    0                         0      0        0
  SINCE DEC 1      0                         0      0        0
  SINCE JAN 1      0                         0      0        0
..................................................................


WIND (MPH)
  HIGHEST WIND SPEED    41   HIGHEST WIND DIRECTION    NW (310)
  HIGHEST GUST SPEED    50   HIGHEST GUST DIRECTION    NW (310)
  AVERAGE WIND SPEED    22.8


SKY COVER
  POSSIBLE SUNSHINE  MM
  AVERAGE SKY COVER 0.7


WEATHER CONDITIONS
 THE FOLLOWING WEATHER WAS RECORDED YESTERDAY.
  LIGHT RAIN
  SNOW
  SLEET
  FOG


RELATIVE HUMIDITY (PERCENT)
 HIGHEST    96          1200 AM
 LOWEST     53           400 PM
 AVERAGE    75

..........................................................


THE WICHITA EISENHOWER NATIONAL CLIMATE NORMALS FOR TODAY
                         NORMAL    RECORD    YEAR
 MAXIMUM TEMPERATURE (F)   43        73      1967
 MINIMUM TEMPERATURE (F)   22        -6      1894


SUNRISE AND SUNSET
JANUARY 23 2018.......SUNRISE   740 AM CST   SUNSET   544 PM CST
JANUARY 24 2018.......SUNRISE   739 AM CST   SUNSET   545 PM CST


-  INDICATES NEGATIVE NUMBERS.
R  INDICATES RECORD WAS SET OR TIED.
MM INDICATES DATA IS MISSING.
T  INDICATES TRACE AMOUNT.




$$
