000
CDUS43 KICT 160746
CLIICT


CLIMATE REPORT
NATIONAL WEATHER SERVICE WICHITA KS
246 AM CDT FRI SEP 16 2016


...................................

...THE WICHITA EISENHOWER NATIONAL CLIMATE SUMMARY FOR SEPTEMBER 15 2016...

CLIMATE NORMAL PERIOD 1981 TO 2010
CLIMATE RECORD PERIOD 1888 TO 2016


WEATHER ITEM   OBSERVED TIME   RECORD YEAR NORMAL DEPARTURE LAST
                VALUE   (LST)  VALUE       VALUE  FROM      YEAR
                                                  NORMAL
..................................................................
TEMPERATURE (F)
 YESTERDAY
  MAXIMUM         86    251 PM 103    1978  83      3       90
  MINIMUM         67    638 AM  37    1993  60      7       68
  AVERAGE         77                        71      6       79

PRECIPITATION (IN)
  YESTERDAY        0.00          1.76 1969   0.10  -0.10     0.00
  MONTH TO DATE    9.26                      1.60   7.66     1.21
  SINCE SEP 1      9.26                      1.60   7.66     1.21
  SINCE JAN 1     45.60                     25.69  19.91    33.63

SNOWFALL (IN)
  YESTERDAY        0.0           0.0  2007   0.0    0.0      0.0
  MONTH TO DATE    0.0                       0.0    0.0      0.0
  SINCE SEP 1      0.0                       0.0    0.0      0.0
  SINCE JUL 1      0.0                       0.0    0.0      0.0
  SNOW DEPTH       0

DEGREE DAYS
 HEATING
  YESTERDAY        0                         1     -1        0
  MONTH TO DATE    0                         5     -5        0
  SINCE SEP 1      0                         5     -5        0
  SINCE JUL 1      0                         6     -6        0

 COOLING
  YESTERDAY       12                         7      5       14
  MONTH TO DATE  165                       145     20      212
  SINCE SEP 1    165                       145     20      212
  SINCE JAN 1   1837                      1572    265     1703
..................................................................


WIND (MPH)
  HIGHEST WIND SPEED    18   HIGHEST WIND DIRECTION     S (170)
  HIGHEST GUST SPEED    23   HIGHEST GUST DIRECTION     S (190)
  AVERAGE WIND SPEED    10.7


SKY COVER
  POSSIBLE SUNSHINE  MM
  AVERAGE SKY COVER 0.6


WEATHER CONDITIONS
 THE FOLLOWING WEATHER WAS RECORDED YESTERDAY.
  FOG


RELATIVE HUMIDITY (PERCENT)
 HIGHEST   100           600 AM
 LOWEST     58           400 PM
 AVERAGE    79

..........................................................


THE WICHITA EISENHOWER NATIONAL CLIMATE NORMALS FOR TODAY
                         NORMAL    RECORD    YEAR
 MAXIMUM TEMPERATURE (F)   83       105      1978
 MINIMUM TEMPERATURE (F)   59        42      1903


SUNRISE AND SUNSET
SEPTEMBER 16 2016.....SUNRISE   713 AM CDT   SUNSET   735 PM CDT
SEPTEMBER 17 2016.....SUNRISE   714 AM CDT   SUNSET   734 PM CDT


-  INDICATES NEGATIVE NUMBERS.
R  INDICATES RECORD WAS SET OR TIED.
MM INDICATES DATA IS MISSING.
T  INDICATES TRACE AMOUNT.




$$
