000
CDUS43 KICT 210653
CLIICT


CLIMATE REPORT
NATIONAL WEATHER SERVICE WICHITA KS
1252 AM CST WED JAN 21 2015


...................................

...THE WICHITA MID CONTINENT KS CLIMATE SUMMARY FOR JANUARY 20 2015...

CLIMATE NORMAL PERIOD 1981 TO 2010
CLIMATE RECORD PERIOD 1888 TO 2015


WEATHER ITEM   OBSERVED TIME   RECORD YEAR NORMAL DEPARTURE LAST
                VALUE   (LST)  VALUE       VALUE  FROM      YEAR
                                                  NORMAL
..................................................................
TEMPERATURE (F)
 YESTERDAY
  MAXIMUM         53    320 PM  71    1906  43     10       57
  MINIMUM         32   1110 PM -12    1962  22     10       25
  AVERAGE         43                        32     11       41

PRECIPITATION (IN)
  YESTERDAY        0.12          0.50 1897   0.02   0.10     0.00
  MONTH TO DATE    0.44                      0.48  -0.04     0.11
  SINCE DEC 1      1.73                      1.68   0.05     0.71
  SINCE JAN 1      0.44                      0.48  -0.04     0.11

SNOWFALL (IN)
  YESTERDAY       MM             5.2  2007   0.2   MM        0.0
  MONTH TO DATE    4.0                       2.2    1.8      2.9
  SINCE DEC 1      8.2                       6.4    1.8      6.3
  SINCE JUL 1     10.0                       7.8    2.2      6.3
  SNOW DEPTH       0

DEGREE DAYS
 HEATING
  YESTERDAY       22                        33    -11       24
  MONTH TO DATE  704                       660     44      627
  SINCE DEC 1   1529                      1627    -98     1697
  SINCE JUL 1   2409                      2503    -94     2582

 COOLING
  YESTERDAY        0                         0      0        0
  MONTH TO DATE    0                         0      0        0
  SINCE DEC 1      0                         0      0        0
  SINCE JAN 1      0                         0      0        0
..................................................................


WIND (MPH)
  HIGHEST WIND SPEED    15   HIGHEST WIND DIRECTION     N (350)
  HIGHEST GUST SPEED    18   HIGHEST GUST DIRECTION     N (350)
  AVERAGE WIND SPEED     7.6


SKY COVER
  POSSIBLE SUNSHINE  MM
  AVERAGE SKY COVER 0.7


WEATHER CONDITIONS
 THE FOLLOWING WEATHER WAS RECORDED YESTERDAY.
  RAIN
  LIGHT RAIN
  FOG


RELATIVE HUMIDITY (PERCENT)
 HIGHEST   100          1000 AM
 LOWEST     53           700 AM
 AVERAGE    77

..........................................................


THE WICHITA MID CONTINENT KS CLIMATE NORMALS FOR TODAY
                         NORMAL    RECORD    YEAR
 MAXIMUM TEMPERATURE (F)   43        69      1964
 MINIMUM TEMPERATURE (F)   22        -7      1935


SUNRISE AND SUNSET
JANUARY 21 2015.......SUNRISE   741 AM CST   SUNSET   541 PM CST
JANUARY 22 2015.......SUNRISE   741 AM CST   SUNSET   542 PM CST


-  INDICATES NEGATIVE NUMBERS.
R  INDICATES RECORD WAS SET OR TIED.
MM INDICATES DATA IS MISSING.
T  INDICATES TRACE AMOUNT.




$$
