000
CDUS43 KICT 130634
CLIICT


CLIMATE REPORT
NATIONAL WEATHER SERVICE WICHITA KS
134 AM CDT SAT AUG 13 2016


...................................

...THE WICHITA EISENHOWER NATIONAL CLIMATE SUMMARY FOR AUGUST 12 2016...

CLIMATE NORMAL PERIOD 1981 TO 2010
CLIMATE RECORD PERIOD 1888 TO 2016


WEATHER ITEM   OBSERVED TIME   RECORD YEAR NORMAL DEPARTURE LAST
                VALUE   (LST)  VALUE       VALUE  FROM      YEAR
                                                  NORMAL
..................................................................
TEMPERATURE (F)
 YESTERDAY
  MAXIMUM         86    530 PM 114    1936  92     -6       83
  MINIMUM         74   1159 PM  50    1967  70      4       67
  AVERAGE         80                        81     -1       75

PRECIPITATION (IN)
  YESTERDAY        0.09          3.76 1987   0.12  -0.03     0.00
  MONTH TO DATE    6.99                      1.36   5.63     3.50
  SINCE JUN 1     19.49                      9.88   9.61    13.10
  SINCE JAN 1     35.05                     21.74  13.31    29.54

SNOWFALL (IN)
  YESTERDAY        0.0           0.0  2007   0.0    0.0      0.0
  MONTH TO DATE    0.0                       0.0    0.0      0.0
  SINCE JUN 1      0.0                       0.0    0.0      0.0
  SINCE JUL 1      0.0                       0.0    0.0      0.0
  SNOW DEPTH       0

DEGREE DAYS
 HEATING
  YESTERDAY        0                         0      0        0
  MONTH TO DATE    0                         0      0        0
  SINCE JUN 1      0                         6     -6        0
  SINCE JUL 1      0                         0      0        0

 COOLING
  YESTERDAY       15                        16     -1       10
  MONTH TO DATE  219                       192     27      190
  SINCE JUN 1   1293                      1018    275     1192
  SINCE JAN 1   1423                      1154    269     1305
..................................................................


WIND (MPH)
  HIGHEST WIND SPEED    20   HIGHEST WIND DIRECTION    NW (330)
  HIGHEST GUST SPEED    30   HIGHEST GUST DIRECTION    NE (60)
  AVERAGE WIND SPEED     9.5


SKY COVER
  POSSIBLE SUNSHINE  MM
  AVERAGE SKY COVER 0.4


WEATHER CONDITIONS
 THE FOLLOWING WEATHER WAS RECORDED YESTERDAY.
  THUNDERSTORM
  LIGHT RAIN
  FOG


RELATIVE HUMIDITY (PERCENT)
 HIGHEST    87           600 AM
 LOWEST     57           500 PM
 AVERAGE    72

..........................................................


THE WICHITA EISENHOWER NATIONAL CLIMATE NORMALS FOR TODAY
                         NORMAL    RECORD    YEAR
 MAXIMUM TEMPERATURE (F)   92       110      1936
 MINIMUM TEMPERATURE (F)   70        52      1967


SUNRISE AND SUNSET
AUGUST 13 2016........SUNRISE   644 AM CDT   SUNSET   824 PM CDT
AUGUST 14 2016........SUNRISE   645 AM CDT   SUNSET   823 PM CDT


-  INDICATES NEGATIVE NUMBERS.
R  INDICATES RECORD WAS SET OR TIED.
MM INDICATES DATA IS MISSING.
T  INDICATES TRACE AMOUNT.




$$
