000
CDUS43 KICT 210702
CLIICT

CLIMATE REPORT
NATIONAL WEATHER SERVICE WICHITA KS
100 AM CST SAT FEB 21 2015


...................................

...THE WICHITA EISENHOWER NATIONAL CLIMATE SUMMARY FOR FEBRUARY 20 2015...

CLIMATE NORMAL PERIOD 1981 TO 2010
CLIMATE RECORD PERIOD 1888 TO 2015


WEATHER ITEM   OBSERVED TIME   RECORD YEAR NORMAL DEPARTURE LAST
                VALUE   (LST)  VALUE       VALUE  FROM      YEAR
                                                  NORMAL
..................................................................
TEMPERATURE (F)
 YESTERDAY
  MAXIMUM         45    430 PM  81    1981  50     -5       60
  MINIMUM         23    339 AM   3    1918  28     -5       34
  AVERAGE         34                        39     -5       47

PRECIPITATION (IN)
  YESTERDAY        0.04          0.81 1997   0.04   0.00     0.03
  MONTH TO DATE    0.12                      0.80  -0.68     0.84
  SINCE DEC 1      2.52                      2.83  -0.31     1.57
  SINCE JAN 1      1.23                      1.63  -0.40     0.97

SNOWFALL (IN)
  YESTERDAY        0.0           6.2  2013   0.1   -0.1       T
  MONTH TO DATE    0.9                       2.6   -1.7     13.0
  SINCE DEC 1      9.1                      10.4   -1.3     19.4
  SINCE JUL 1     10.9                      11.8   -0.9     19.4
  SNOW DEPTH       0

DEGREE DAYS
 HEATING
  YESTERDAY       31                        26      5       18
  MONTH TO DATE  606                       580     26      707
  SINCE DEC 1   2380                      2564   -184     2796
  SINCE JUL 1   3260                      3440   -180     3681

 COOLING
  YESTERDAY        0                         0      0        0
  MONTH TO DATE    0                         0      0        0
  SINCE DEC 1      0                         0      0        0
  SINCE JAN 1      0                         0      0        0
..................................................................


WIND (MPH)
  HIGHEST WIND SPEED    16   HIGHEST WIND DIRECTION     S (170)
  HIGHEST GUST SPEED    19   HIGHEST GUST DIRECTION     S (170)
  AVERAGE WIND SPEED     9.6


SKY COVER
  POSSIBLE SUNSHINE  MM
  AVERAGE SKY COVER 0.8


WEATHER CONDITIONS
 THE FOLLOWING WEATHER WAS RECORDED YESTERDAY.
  LIGHT RAIN
  FOG
  HAZE


RELATIVE HUMIDITY (PERCENT)
 HIGHEST   100          1100 PM
 LOWEST     55          1200 AM
 AVERAGE    78

..........................................................


THE WICHITA EISENHOWER NATIONAL CLIMATE NORMALS FOR TODAY
                         NORMAL    RECORD    YEAR
 MAXIMUM TEMPERATURE (F)   50        79      1935
 MINIMUM TEMPERATURE (F)   28        -3      1939


SUNRISE AND SUNSET
FEBRUARY 21 2015......SUNRISE   712 AM CST   SUNSET   615 PM CST
FEBRUARY 22 2015......SUNRISE   711 AM CST   SUNSET   616 PM CST


-  INDICATES NEGATIVE NUMBERS.
R  INDICATES RECORD WAS SET OR TIED.
MM INDICATES DATA IS MISSING.
T  INDICATES TRACE AMOUNT.




$$
