000
CDUS43 KICT 122205
CLIICT


CLIMATE REPORT
NATIONAL WEATHER SERVICE WICHITA KS
505 PM CDT THU MAY 12 2016


...................................

...THE WICHITA EISENHOWER NATIONAL CLIMATE SUMMARY FOR MAY 12 2016...
VALID TODAY AS OF 500 PM LOCAL TIME.

CLIMATE NORMAL PERIOD 1981 TO 2010
CLIMATE RECORD PERIOD 1888 TO 2016


WEATHER ITEM   OBSERVED TIME   RECORD YEAR NORMAL DEPARTURE LAST
                VALUE   (LST)  VALUE       VALUE  FROM      YEAR
                                                  NORMAL
..................................................................
TEMPERATURE (F)
 TODAY
  MAXIMUM         77    322 PM  92    1956  75      2       69
  MINIMUM         53    535 AM  38    1960  54     -1       40
  AVERAGE         65                        65      0       55

PRECIPITATION (IN)
  TODAY            0.00          1.82 1935   0.15  -0.15     0.00
  MONTH TO DATE    0.45                      1.63  -1.18     2.92
  SINCE MAR 1      8.21                      6.91   1.30     5.82
  SINCE JAN 1      8.95                      8.92   0.03     7.59

SNOWFALL (IN)
  TODAY            0.0           T    2010   0.0    0.0      0.0
                                      2004
  MONTH TO DATE    0.0                       0.0    0.0      0.0
  SINCE MAR 1      3.5                       2.5    1.0      1.1
  SINCE JUL 1      4.3                      14.9  -10.6     18.0
  SNOW DEPTH       0

DEGREE DAYS
 HEATING
  TODAY            0                         3     -3       10
  MONTH TO DATE   39                        47     -8       22
  SINCE MAR 1    602                       915   -313      659
  SINCE JUL 1   3452                      4555  -1103     4224

 COOLING
  TODAY            0                         3     -3        0
  MONTH TO DATE   16                        24     -8       40
  SINCE MAR 1     53                        50      3       68
  SINCE JAN 1     53                        50      3       68
..................................................................


WIND (MPH)
  HIGHEST WIND SPEED    23   HIGHEST WIND DIRECTION     N (360)
  HIGHEST GUST SPEED    30   HIGHEST GUST DIRECTION     N (360)
  AVERAGE WIND SPEED     9.1


SKY COVER
  POSSIBLE SUNSHINE  MM
  AVERAGE SKY COVER 0.3


WEATHER CONDITIONS
 THE FOLLOWING WEATHER WAS RECORDED TODAY.
  NO SIGNIFICANT WEATHER WAS OBSERVED.


RELATIVE HUMIDITY (PERCENT)
 HIGHEST    71           600 AM
 LOWEST     29           200 PM
 AVERAGE    50

..........................................................


THE WICHITA EISENHOWER NATIONAL CLIMATE NORMALS FOR TOMORROW
                         NORMAL    RECORD    YEAR
 MAXIMUM TEMPERATURE (F)   76        90      1988
 MINIMUM TEMPERATURE (F)   54        32      1966


SUNRISE AND SUNSET
MAY 12 2016...........SUNRISE   622 AM CDT   SUNSET   830 PM CDT
MAY 13 2016...........SUNRISE   621 AM CDT   SUNSET   831 PM CDT


-  INDICATES NEGATIVE NUMBERS.
R  INDICATES RECORD WAS SET OR TIED.
MM INDICATES DATA IS MISSING.
T  INDICATES TRACE AMOUNT.




$$
