853
CDUS43 KICT 140734
CLIICT

CLIMATE REPORT
NATIONAL WEATHER SERVICE WICHITA KS
133 AM CST SAT JAN 14 2017

...................................

...THE WICHITA EISENHOWER NATIONAL CLIMATE SUMMARY FOR JANUARY 13 2017...

CLIMATE NORMAL PERIOD 1981 TO 2010
CLIMATE RECORD PERIOD 1888 TO 2017


WEATHER ITEM   OBSERVED TIME   RECORD YEAR NORMAL DEPARTURE LAST
                VALUE   (LST)  VALUE       VALUE  FROM      YEAR
                                                  NORMAL
..................................................................
TEMPERATURE (F)
 YESTERDAY
  MAXIMUM         29    501 PM  70    1996  42    -13       56
  MINIMUM         21    613 AM -11    1916  22     -1       19
  AVERAGE         25                        32     -7       38

PRECIPITATION (IN)
  YESTERDAY        0.04          0.54 1898   0.02   0.02     0.00
  MONTH TO DATE    0.09                      0.30  -0.21     0.18
  SINCE DEC 1      0.75                      1.50  -0.75     2.40
  SINCE JAN 1      0.09                      0.30  -0.21     0.18

SNOWFALL (IN)
  YESTERDAY        0.0           4.5  1898   0.1   -0.1      0.0
  MONTH TO DATE    T                         1.4   -1.4      0.1
  SINCE DEC 1      2.0                       5.6   -3.6      0.5
  SINCE JUL 1      2.0                       7.0   -5.0      0.8
  SNOW DEPTH       0

DEGREE DAYS
 HEATING
  YESTERDAY       40                        33      7       27
  MONTH TO DATE  442                       429     13      422
  SINCE DEC 1   1429                      1396     33     1152
  SINCE JUL 1   1882                      2272   -390     1721

 COOLING
  YESTERDAY        0                         0      0        0
  MONTH TO DATE    0                         0      0        0
  SINCE DEC 1      0                         0      0        0
  SINCE JAN 1      0                         0      0        0
..................................................................


WIND (MPH)
  HIGHEST WIND SPEED    16   HIGHEST WIND DIRECTION    NE (30)
  HIGHEST GUST SPEED    20   HIGHEST GUST DIRECTION    NE (40)
  AVERAGE WIND SPEED     9.5


SKY COVER
  POSSIBLE SUNSHINE  MM
  AVERAGE SKY COVER 1.0


WEATHER CONDITIONS
 THE FOLLOWING WEATHER WAS RECORDED YESTERDAY.
  LT FREEZING RAIN
  FOG


RELATIVE HUMIDITY (PERCENT)
 HIGHEST    75           600 PM
 LOWEST     50           100 PM
 AVERAGE    63

..........................................................


THE WICHITA EISENHOWER NATIONAL CLIMATE NORMALS FOR TODAY
                         NORMAL    RECORD    YEAR
 MAXIMUM TEMPERATURE (F)   42        68      1928
 MINIMUM TEMPERATURE (F)   22        -9      1905


SUNRISE AND SUNSET
JANUARY 14 2017.......SUNRISE   744 AM CST   SUNSET   534 PM CST
JANUARY 15 2017.......SUNRISE   743 AM CST   SUNSET   535 PM CST


-  INDICATES NEGATIVE NUMBERS.
R  INDICATES RECORD WAS SET OR TIED.
MM INDICATES DATA IS MISSING.
T  INDICATES TRACE AMOUNT.

$$
