000
CDUS43 KICT 210621
CLIICT

CLIMATE REPORT
NATIONAL WEATHER SERVICE WICHITA KS
120 AM CDT WED SEP 21 2016

...................................

...THE WICHITA EISENHOWER NATIONAL CLIMATE SUMMARY FOR SEPTEMBER 20 2016...

CLIMATE NORMAL PERIOD 1981 TO 2010
CLIMATE RECORD PERIOD 1888 TO 2016


WEATHER ITEM   OBSERVED TIME   RECORD YEAR NORMAL DEPARTURE LAST
                VALUE   (LST)  VALUE       VALUE  FROM      YEAR
                                                  NORMAL
..................................................................
TEMPERATURE (F)
 YESTERDAY
  MAXIMUM         95    246 PM  99    1980  81     14       79
  MINIMUM         71    624 AM  36    1918  58     13       59
                                      1901
  AVERAGE         83                        69     14       69

PRECIPITATION (IN)
  YESTERDAY        0.00          1.88 1957   0.11  -0.11     0.00
  MONTH TO DATE    9.65                      2.13   7.52     1.22
  SINCE SEP 1      9.65                      2.13   7.52     1.22
  SINCE JAN 1     45.99                     26.22  19.77    33.64

SNOWFALL (IN)
  YESTERDAY        0.0           0.0  2007   0.0    0.0      0.0
  MONTH TO DATE    0.0                       0.0    0.0      0.0
  SINCE SEP 1      0.0                       0.0    0.0      0.0
  SINCE JUL 1      0.0                       0.0    0.0      0.0
  SNOW DEPTH       0

DEGREE DAYS
 HEATING
  YESTERDAY        0                         2     -2        0
  MONTH TO DATE    0                        12    -12        0
  SINCE SEP 1      0                        12    -12        0
  SINCE JUL 1      0                        13    -13        0

 COOLING
  YESTERDAY       18                         6     12        4
  MONTH TO DATE  219                       177     42      262
  SINCE SEP 1    219                       177     42      262
  SINCE JAN 1   1891                      1604    287     1753
..................................................................


WIND (MPH)
  HIGHEST WIND SPEED    20   HIGHEST WIND DIRECTION     S (190)
  HIGHEST GUST SPEED    23   HIGHEST GUST DIRECTION     S (160)
  AVERAGE WIND SPEED     8.2


SKY COVER
  POSSIBLE SUNSHINE  MM
  AVERAGE SKY COVER 0.4


WEATHER CONDITIONS
 THE FOLLOWING WEATHER WAS RECORDED YESTERDAY.
  NO SIGNIFICANT WEATHER WAS OBSERVED.


RELATIVE HUMIDITY (PERCENT)
 HIGHEST    93           400 AM
 LOWEST     44           300 PM
 AVERAGE    69

..........................................................


THE WICHITA EISENHOWER NATIONAL CLIMATE NORMALS FOR TODAY
                         NORMAL    RECORD    YEAR
 MAXIMUM TEMPERATURE (F)   80        99      1980
                                             1956
 MINIMUM TEMPERATURE (F)   57        37      1983


SUNRISE AND SUNSET
SEPTEMBER 21 2016.....SUNRISE   717 AM CDT   SUNSET   727 PM CDT
SEPTEMBER 22 2016.....SUNRISE   718 AM CDT   SUNSET   726 PM CDT


-  INDICATES NEGATIVE NUMBERS.
R  INDICATES RECORD WAS SET OR TIED.
MM INDICATES DATA IS MISSING.
T  INDICATES TRACE AMOUNT.

$$
