000
CDUS43 KICT 040710
CLIICT

CLIMATE REPORT
NATIONAL WEATHER SERVICE WICHITA KS
208 AM CDT WED OCT 4 2017

...................................

...THE WICHITA EISENHOWER NATIONAL CLIMATE SUMMARY FOR OCTOBER 3 2017...

CLIMATE NORMAL PERIOD 1981 TO 2010
CLIMATE RECORD PERIOD 1888 TO 2017


WEATHER ITEM   OBSERVED TIME   RECORD YEAR NORMAL DEPARTURE LAST
                VALUE   (LST)  VALUE       VALUE  FROM      YEAR
                                                  NORMAL
..................................................................
TEMPERATURE (F)
 YESTERDAY
  MAXIMUM         84    405 PM  96    2006  75      9       83
  MINIMUM         70    937 PM  37    2009  52     18       60
                                      1987
                                      1975
  AVERAGE         77                        63     14       72

PRECIPITATION (IN)
  YESTERDAY        0.00          2.73 2002   0.10  -0.10     0.00
  MONTH TO DATE    0.00                      0.32  -0.32     0.00
  SINCE SEP 1      2.34                      3.46  -1.12    11.30
  SINCE JAN 1     29.69                     27.55   2.14    47.64

SNOWFALL (IN)
  YESTERDAY        0.0                       0.0    0.0      0.0
  MONTH TO DATE    0.0                       0.0    0.0      0.0
  SINCE SEP 1      0.0                       0.0    0.0      0.0
  SINCE JUL 1      0.0                       0.0    0.0      0.0
  SNOW DEPTH       0

DEGREE DAYS
 HEATING
  YESTERDAY        0                         4     -4        0
  MONTH TO DATE    0                        12    -12        1
  SINCE SEP 1      6                        54    -48       15
  SINCE JUL 1      6                        55    -49       15

 COOLING
  YESTERDAY       12                         3      9        7
  MONTH TO DATE   29                         9     20       13
  SINCE SEP 1    305                       231     74      293
  SINCE JAN 1   1744                      1658     86     1965
..................................................................


WIND (MPH)
  HIGHEST WIND SPEED    26   HIGHEST WIND DIRECTION     S (170)
  HIGHEST GUST SPEED    33   HIGHEST GUST DIRECTION     S (160)
  AVERAGE WIND SPEED    13.7


SKY COVER
  AVERAGE SKY COVER 0.8


WEATHER CONDITIONS
 THE FOLLOWING WEATHER WAS RECORDED YESTERDAY.
  NO SIGNIFICANT WEATHER WAS OBSERVED.


RELATIVE HUMIDITY (PERCENT)
 HIGHEST    93           900 AM
 LOWEST     65           200 PM
 AVERAGE    79

..........................................................


THE WICHITA EISENHOWER NATIONAL CLIMATE NORMALS FOR TODAY
                         NORMAL    RECORD    YEAR
 MAXIMUM TEMPERATURE (F)   74        95      1954
                                             1898
 MINIMUM TEMPERATURE (F)   51        35      1999


SUNRISE AND SUNSET
OCTOBER  4 2017.......SUNRISE   728 AM CDT   SUNSET   708 PM CDT
OCTOBER  5 2017.......SUNRISE   729 AM CDT   SUNSET   706 PM CDT


-  INDICATES NEGATIVE NUMBERS.
R  INDICATES RECORD WAS SET OR TIED.
MM INDICATES DATA IS MISSING.
T  INDICATES TRACE AMOUNT.

$$
