000
CDUS43 KICT 142208
CLIICT


CLIMATE REPORT
NATIONAL WEATHER SERVICE WICHITA KS
508 PM CDT TUE OCT 14 2014


...................................

...THE WICHITA MID CONTINENT CLIMATE SUMMARY FOR OCTOBER 14 2014...
VALID TODAY AS OF 0500 PM LOCAL TIME.

CLIMATE NORMAL PERIOD 1981 TO 2010
CLIMATE RECORD PERIOD 1888 TO 2014


WEATHER ITEM   OBSERVED TIME   RECORD YEAR NORMAL DEPARTURE LAST
                VALUE   (LST)  VALUE       VALUE  FROM      YEAR
                                                  NORMAL
..................................................................
TEMPERATURE (F)
 TODAY
  MAXIMUM         71    328 PM  89    1989  70      1       65
                                      1938
                                      1911
  MINIMUM         49    709 AM  30    1969  48      1       58
  AVERAGE         60                        59      1       62

PRECIPITATION (IN)
  TODAY            0.00          1.77 2007   0.09  -0.09     0.42
  MONTH TO DATE    1.38                      1.38   0.00     0.73
  SINCE SEP 1      1.85                      4.52  -2.67     2.76
  SINCE JAN 1     23.83                     28.61  -4.78    36.93

SNOWFALL (IN)
  TODAY            0.0           0.0  2007   0.0    0.0      0.0
  MONTH TO DATE    0.0                       0.0    0.0      0.0
  SINCE SEP 1      0.0                       0.0    0.0      0.0
  SINCE JUL 1      0.0                       0.0    0.0      0.0
  SNOW DEPTH       0

DEGREE DAYS
 HEATING
  TODAY            5                         7     -2        3
  MONTH TO DATE   65                        77    -12       36
  SINCE SEP 1     85                       119    -34       40
  SINCE JUL 1     86                       120    -34       41

 COOLING
  TODAY            0                         1     -1        0
  MONTH TO DATE   44                        27     17       51
  SINCE SEP 1    319                       249     70      365
  SINCE JAN 1   1815                      1676    139     1778
..................................................................


WIND (MPH)
  HIGHEST WIND SPEED    29   HIGHEST WIND DIRECTION    NW (320)
  HIGHEST GUST SPEED    35   HIGHEST GUST DIRECTION    NW (320)
  AVERAGE WIND SPEED    18.5


SKY COVER
  POSSIBLE SUNSHINE  MM
  AVERAGE SKY COVER 0.1


WEATHER CONDITIONS
 THE FOLLOWING WEATHER WAS RECORDED TODAY.
  NO SIGNIFICANT WEATHER WAS OBSERVED.


RELATIVE HUMIDITY (PERCENT)
 HIGHEST    66           700 AM
 LOWEST     26           200 PM
 AVERAGE    46

..........................................................


THE WICHITA MID CONTINENT CLIMATE NORMALS FOR TOMORROW
                         NORMAL    RECORD    YEAR
 MAXIMUM TEMPERATURE (F)   70        89      1950
 MINIMUM TEMPERATURE (F)   47        33      1974
                                             1943


SUNRISE AND SUNSET
OCTOBER 14 2014.......SUNRISE   737 AM CDT   SUNSET   654 PM CDT
OCTOBER 15 2014.......SUNRISE   738 AM CDT   SUNSET   652 PM CDT


-  INDICATES NEGATIVE NUMBERS.
R  INDICATES RECORD WAS SET OR TIED.
MM INDICATES DATA IS MISSING.
T  INDICATES TRACE AMOUNT.




$$
