000
CDUS43 KICT 110651
CLIICT


CLIMATE REPORT
NATIONAL WEATHER SERVICE WICHITA KS
151 AM CDT THU SEP 11 2014


...................................

...THE WICHITA MID CONTINENT KS CLIMATE SUMMARY FOR SEPTEMBER 10 2014...

CLIMATE NORMAL PERIOD 1981 TO 2010
CLIMATE RECORD PERIOD 1888 TO 2014


WEATHER ITEM   OBSERVED TIME   RECORD YEAR NORMAL DEPARTURE LAST
                VALUE   (LST)  VALUE       VALUE  FROM      YEAR
                                                  NORMAL
..................................................................
TEMPERATURE (F)
 YESTERDAY
  MAXIMUM         84    106 AM 105    1984  85     -1       95
  MINIMUM         62   1159 PM  43    1907  62      0       71
  AVERAGE         73                        74     -1       83

PRECIPITATION (IN)
  YESTERDAY        0.02          2.70 1894   0.10  -0.08     0.00
  MONTH TO DATE    0.16                      1.09  -0.93     0.01
  SINCE SEP 1      0.16                      1.09  -0.93     0.01
  SINCE JAN 1     22.14                     25.18  -3.04    34.18

SNOWFALL (IN)
  YESTERDAY        0.0           0.0  2007   0.0    0.0      0.0
  MONTH TO DATE    0.0                       0.0    0.0      0.0
  SINCE SEP 1      0.0                       0.0    0.0      0.0
  SINCE JUL 1      0.0                       0.0    0.0      0.0
  SNOW DEPTH       0

DEGREE DAYS
 HEATING
  YESTERDAY        0                         0      0        0
  MONTH TO DATE    0                         0      0        0
  SINCE SEP 1      0                         0      0        0
  SINCE JUL 1      1                         1      0        1

 COOLING
  YESTERDAY        8                         9     -1       18
  MONTH TO DATE  124                       105     19      156
  SINCE SEP 1    124                       105     19      156
  SINCE JAN 1   1620                      1532     88     1569
..................................................................


WIND (MPH)
  HIGHEST WIND SPEED    25   HIGHEST WIND DIRECTION     N (350)
  HIGHEST GUST SPEED    33   HIGHEST GUST DIRECTION     S (190)
  AVERAGE WIND SPEED    13.5


SKY COVER
  POSSIBLE SUNSHINE  MM
  AVERAGE SKY COVER 0.8


WEATHER CONDITIONS
 THE FOLLOWING WEATHER WAS RECORDED YESTERDAY.
  LIGHT RAIN
  FOG
  HAZE


RELATIVE HUMIDITY (PERCENT)
 HIGHEST    87           600 AM
 LOWEST     51           100 AM
 AVERAGE    69

..........................................................


THE WICHITA MID CONTINENT KS CLIMATE NORMALS FOR TODAY
                         NORMAL    RECORD    YEAR
 MAXIMUM TEMPERATURE (F)   85       106      2000
 MINIMUM TEMPERATURE (F)   62        42      1959


SUNRISE AND SUNSET
SEPTEMBER 11 2014.....SUNRISE   708 AM CDT   SUNSET   744 PM CDT
SEPTEMBER 12 2014.....SUNRISE   709 AM CDT   SUNSET   742 PM CDT


-  INDICATES NEGATIVE NUMBERS.
R  INDICATES RECORD WAS SET OR TIED.
MM INDICATES DATA IS MISSING.
T  INDICATES TRACE AMOUNT.




$$

JMBW
