000
CDUS43 KICT 280708
CLIICT

CLIMATE REPORT
NATIONAL WEATHER SERVICE WICHITA KS
105 AM CST MON NOV 28 2016

...................................

...THE WICHITA EISENHOWER NATIONAL CLIMATE SUMMARY FOR NOVEMBER 27 2016...

CLIMATE NORMAL PERIOD 1981 TO 2010
CLIMATE RECORD PERIOD 1888 TO 2016


WEATHER ITEM   OBSERVED TIME   RECORD YEAR NORMAL DEPARTURE LAST
                VALUE   (LST)  VALUE       VALUE  FROM      YEAR
                                                  NORMAL
..................................................................
TEMPERATURE (F)
 YESTERDAY
  MAXIMUM         60    856 PM  72    1933  50     10       32
                                      1905
  MINIMUM         52    724 AM   3    1975  29     23       27
  AVERAGE         56                        40     16       30

PRECIPITATION (IN)
  YESTERDAY        0.07          0.95 1948   0.05   0.02     0.16
  MONTH TO DATE    0.26                      1.31  -1.05     3.25
  SINCE SEP 1     13.60                      7.23   6.37     6.46
  SINCE JAN 1     49.94                     31.32  18.62    38.88

SNOWFALL (IN)
  YESTERDAY        0.0           4.9  1987   0.1   -0.1      0.3
  MONTH TO DATE    0.0                       1.0   -1.0      0.3
  SINCE SEP 1      0.0                       1.1   -1.1      0.3
  SINCE JUL 1      0.0                       1.1   -1.1      0.3
  SNOW DEPTH       0

DEGREE DAYS
 HEATING
  YESTERDAY        9                        25    -16       35
  MONTH TO DATE  299                       509   -210      347
  SINCE SEP 1    389                       794   -405      472
  SINCE JUL 1    389                       795   -406      472

 COOLING
  YESTERDAY        0                         0      0        0
  MONTH TO DATE   11                         0     11        2
  SINCE SEP 1    382                       257    125      416
  SINCE JAN 1   2054                      1684    370     1907
..................................................................


WIND (MPH)
  HIGHEST WIND SPEED    41   HIGHEST WIND DIRECTION     S (180)
  HIGHEST GUST SPEED    48   HIGHEST GUST DIRECTION     S (180)
  AVERAGE WIND SPEED    22.3


SKY COVER
  POSSIBLE SUNSHINE  MM
  AVERAGE SKY COVER 0.9


WEATHER CONDITIONS
 THE FOLLOWING WEATHER WAS RECORDED YESTERDAY.
  LIGHT RAIN
  FOG
  HAZE


RELATIVE HUMIDITY (PERCENT)
 HIGHEST   100           200 PM
 LOWEST     54          1200 AM
 AVERAGE    77

..........................................................


THE WICHITA EISENHOWER NATIONAL CLIMATE NORMALS FOR TODAY
                         NORMAL    RECORD    YEAR
 MAXIMUM TEMPERATURE (F)   50        72      1949
 MINIMUM TEMPERATURE (F)   29         5      1976


SUNRISE AND SUNSET
NOVEMBER 28 2016......SUNRISE   724 AM CST   SUNSET   512 PM CST
NOVEMBER 29 2016......SUNRISE   725 AM CST   SUNSET   512 PM CST


-  INDICATES NEGATIVE NUMBERS.
R  INDICATES RECORD WAS SET OR TIED.
MM INDICATES DATA IS MISSING.
T  INDICATES TRACE AMOUNT.

$$
