000
CDUS43 KICT 182308
CLIICT


CLIMATE REPORT
NATIONAL WEATHER SERVICE WICHITA KS
507 PM CST TUE NOV 18 2014


...................................

...THE WICHITA MID CONTINENT CLIMATE SUMMARY FOR NOVEMBER 18 2014...
VALID TODAY AS OF 0500 PM LOCAL TIME.

CLIMATE NORMAL PERIOD 1981 TO 2010
CLIMATE RECORD PERIOD 1888 TO 2014


WEATHER ITEM   OBSERVED TIME   RECORD YEAR NORMAL DEPARTURE LAST
                VALUE   (LST)  VALUE       VALUE  FROM      YEAR
                                                  NORMAL
..................................................................
TEMPERATURE (F)
 TODAY
  MAXIMUM         37    421 PM  77    1942  55    -18       61
  MINIMUM          5R   700 AM  12    1903  33    -28       31
  AVERAGE         21                        44    -23       46

PRECIPITATION (IN)
  TODAY            0.00          1.08 1992   0.04  -0.04     0.00
  MONTH TO DATE    0.34                      0.94  -0.60     0.30
  SINCE SEP 1      2.22                      6.86  -4.64     5.38
  SINCE JAN 1     24.20                     30.95  -6.75    39.55

SNOWFALL (IN)
  TODAY            0.0           6.8  1984   0.1   -0.1      0.0
  MONTH TO DATE    1.8                       0.4    1.4      0.0
  SINCE SEP 1      1.8                       0.5    1.3       T
  SINCE JUL 1      1.8                       0.5    1.3       T
  SNOW DEPTH       1

DEGREE DAYS
 HEATING
  TODAY           44                        21     23       19
  MONTH TO DATE  450                       300    150      288
  SINCE SEP 1    612                       585     27      541
  SINCE JUL 1    613                       586     27      542

 COOLING
  TODAY            0                         0      0        0
  MONTH TO DATE    0                         0      0        0
  SINCE SEP 1    353                       257     96      365
  SINCE JAN 1   1849                      1684    165     1778
..................................................................


WIND (MPH)
  HIGHEST WIND SPEED    18   HIGHEST WIND DIRECTION     S (190)
  HIGHEST GUST SPEED    22   HIGHEST GUST DIRECTION     S (190)
  AVERAGE WIND SPEED     5.7


SKY COVER
  POSSIBLE SUNSHINE  MM
  AVERAGE SKY COVER 0.0


WEATHER CONDITIONS
 THE FOLLOWING WEATHER WAS RECORDED TODAY.
  NO SIGNIFICANT WEATHER WAS OBSERVED.


RELATIVE HUMIDITY (PERCENT)
 HIGHEST    87           700 AM
 LOWEST     56           200 PM
 AVERAGE    72

..........................................................


THE WICHITA MID CONTINENT CLIMATE NORMALS FOR TOMORROW
                         NORMAL    RECORD    YEAR
 MAXIMUM TEMPERATURE (F)   54        79      2007
 MINIMUM TEMPERATURE (F)   33        10      1937


SUNRISE AND SUNSET
NOVEMBER 18 2014......SUNRISE   713 AM CST   SUNSET   517 PM CST
NOVEMBER 19 2014......SUNRISE   714 AM CST   SUNSET   516 PM CST


-  INDICATES NEGATIVE NUMBERS.
R  INDICATES RECORD WAS SET OR TIED.
MM INDICATES DATA IS MISSING.
T  INDICATES TRACE AMOUNT.




$$
