000
CDUS43 KICT 192209
CLIICT


CLIMATE REPORT
NATIONAL WEATHER SERVICE WICHITA KS
508 PM CDT TUE MAY 19 2015


...................................

...THE WICHITA EISENHOWER NATIONAL CLIMATE SUMMARY FOR MAY 19 2015...
VALID TODAY AS OF 500 PM LOCAL TIME.

CLIMATE NORMAL PERIOD 1981 TO 2010
CLIMATE RECORD PERIOD 1888 TO 2015


WEATHER ITEM   OBSERVED TIME   RECORD YEAR NORMAL DEPARTURE LAST
                VALUE   (LST)  VALUE       VALUE  FROM      YEAR
                                                  NORMAL
..................................................................
TEMPERATURE (F)
 TODAY
  MAXIMUM         60   1134 AM  97    2006  78    -18       90
                                      1933
  MINIMUM         52    604 AM  38    1894  56     -4       64
  AVERAGE         56                        67    -11       77

PRECIPITATION (IN)
  TODAY            0.16          1.86 1938   0.16   0.00     0.00
  MONTH TO DATE    7.62                      2.66   4.96     0.55
  SINCE MAR 1     10.52                      7.94   2.58     1.57
  SINCE JAN 1     12.29                      9.95   2.34     2.56

SNOWFALL (IN)
  TODAY            0.0           0.0  2007   0.0    0.0      0.0
                                      2001
  MONTH TO DATE    0.0                       0.0    0.0      0.0
  SINCE MAR 1      1.1                       2.5   -1.4      3.5
  SINCE JUL 1     18.0                      14.9    3.1     23.0
  SNOW DEPTH       0

DEGREE DAYS
 HEATING
  TODAY            9                         2      7        0
  MONTH TO DATE   39                        64    -25       73
  SINCE MAR 1    676                       932   -256     1020
  SINCE JUL 1   4241                      4572   -331     4939

 COOLING
  TODAY            0                         4     -4       12
  MONTH TO DATE   55                        48      7      106
  SINCE MAR 1     83                        74      9      139
  SINCE JAN 1     83                        74      9      139
..................................................................


WIND (MPH)
  HIGHEST WIND SPEED    26   HIGHEST WIND DIRECTION     E (80)
  HIGHEST GUST SPEED    31   HIGHEST GUST DIRECTION     E (80)
  AVERAGE WIND SPEED    16.5


SKY COVER
  POSSIBLE SUNSHINE  MM
  AVERAGE SKY COVER 0.8


WEATHER CONDITIONS
 THE FOLLOWING WEATHER WAS RECORDED TODAY.
  RAIN
  LIGHT RAIN
  FOG


RELATIVE HUMIDITY (PERCENT)
 HIGHEST    86           400 PM
 LOWEST     53          1000 AM
 AVERAGE    70

..........................................................


THE WICHITA EISENHOWER NATIONAL CLIMATE NORMALS FOR TOMORROW
                         NORMAL    RECORD    YEAR
 MAXIMUM TEMPERATURE (F)   78        98      1956
 MINIMUM TEMPERATURE (F)   57        37      1968


SUNRISE AND SUNSET
MAY 19 2015...........SUNRISE   617 AM CDT   SUNSET   836 PM CDT
MAY 20 2015...........SUNRISE   616 AM CDT   SUNSET   836 PM CDT


-  INDICATES NEGATIVE NUMBERS.
R  INDICATES RECORD WAS SET OR TIED.
MM INDICATES DATA IS MISSING.
T  INDICATES TRACE AMOUNT.




$$
