000
CDUS43 KICT 010705
CLIICT


CLIMATE REPORT
NATIONAL WEATHER SERVICE WICHITA KS
105 AM CST MON FEB 1 2016


...................................

...THE WICHITA EISENHOWER NATIONAL CLIMATE SUMMARY FOR JANUARY 31 2016...

CLIMATE NORMAL PERIOD 1981 TO 2010
CLIMATE RECORD PERIOD 1888 TO 2016


WEATHER ITEM   OBSERVED TIME   RECORD YEAR NORMAL DEPARTURE LAST
                VALUE   (LST)  VALUE       VALUE  FROM      YEAR
                                                  NORMAL
..................................................................
TEMPERATURE (F)
 YESTERDAY
  MAXIMUM         56    415 PM  71    2009  44     12       41
  MINIMUM         38    731 AM  -9    1979  23     15       35
  AVERAGE         47                        34     13       38

PRECIPITATION (IN)
  YESTERDAY        0.00          0.68 1983   0.03  -0.03     0.67
  MONTH TO DATE    0.19                      0.83  -0.64     1.11
  SINCE DEC 1      2.41                      2.03   0.38     2.40
  SINCE JAN 1      0.19                      0.83  -0.64     1.11

SNOWFALL (IN)
  YESTERDAY        0.0           7.2  1959   0.1   -0.1       T
  MONTH TO DATE    0.1                       3.6   -3.5      4.0
  SINCE DEC 1      0.5                       7.8   -7.3      8.2
  SINCE JUL 1      0.8                       9.2   -8.4     10.0
  SNOW DEPTH       0

DEGREE DAYS
 HEATING
  YESTERDAY       18                        31    -13       27
  MONTH TO DATE  952                      1013    -61      949
  SINCE DEC 1   1682                      1984   -302     1774
  SINCE JUL 1   2251                      2860   -609     2654

 COOLING
  YESTERDAY        0                         0      0        0
  MONTH TO DATE    0                         0      0        0
  SINCE DEC 1      0                         0      0        0
  SINCE JAN 1      0                         0      0        0
..................................................................


WIND (MPH)
  HIGHEST WIND SPEED    26   HIGHEST WIND DIRECTION     N (350)
  HIGHEST GUST SPEED    31   HIGHEST GUST DIRECTION     N (340)
  AVERAGE WIND SPEED    11.7


SKY COVER
  POSSIBLE SUNSHINE  MM
  AVERAGE SKY COVER 0.6


WEATHER CONDITIONS
 THE FOLLOWING WEATHER WAS RECORDED YESTERDAY.
  NO SIGNIFICANT WEATHER WAS OBSERVED.


RELATIVE HUMIDITY (PERCENT)
 HIGHEST    79           800 AM
 LOWEST     32           400 PM
 AVERAGE    56

..........................................................


THE WICHITA EISENHOWER NATIONAL CLIMATE NORMALS FOR TODAY
                         NORMAL    RECORD    YEAR
 MAXIMUM TEMPERATURE (F)   45        75      1911
 MINIMUM TEMPERATURE (F)   23        -8      1917


SUNRISE AND SUNSET
FEBRUARY  1 2016......SUNRISE   734 AM CST   SUNSET   553 PM CST
FEBRUARY  2 2016......SUNRISE   733 AM CST   SUNSET   554 PM CST


-  INDICATES NEGATIVE NUMBERS.
R  INDICATES RECORD WAS SET OR TIED.
MM INDICATES DATA IS MISSING.
T  INDICATES TRACE AMOUNT.




$$
