000
CDUS43 KICT 130638
CLIICT

CLIMATE REPORT
NATIONAL WEATHER SERVICE WICHITA KS
135 AM CDT SAT SEP 13 2014

...................................

...THE WICHITA MID CONTINENT KS CLIMATE SUMMARY FOR SEPTEMBER 12 2014...

CLIMATE NORMAL PERIOD 1981 TO 2010
CLIMATE RECORD PERIOD 1888 TO 2014


WEATHER ITEM   OBSERVED TIME   RECORD YEAR NORMAL DEPARTURE LAST
                VALUE   (LST)  VALUE       VALUE  FROM      YEAR
                                                  NORMAL
..................................................................
TEMPERATURE (F)
 YESTERDAY
  MAXIMUM         59   1218 AM 101    1980  84    -25       83
  MINIMUM         51   1159 PM  41    1902  61    -10       73
  AVERAGE         55                        73    -18       78

PRECIPITATION (IN)
  YESTERDAY        T            10.31 2008   0.11  -0.11     0.01
  MONTH TO DATE    0.16                      1.30  -1.14     0.02
  SINCE SEP 1      0.16                      1.30  -1.14     0.02
  SINCE JAN 1     22.14                     25.39  -3.25    34.19

SNOWFALL (IN)
  YESTERDAY        0.0           0.0  2007   0.0    0.0      0.0
  MONTH TO DATE    0.0                       0.0    0.0      0.0
  SINCE SEP 1      0.0                       0.0    0.0      0.0
  SINCE JUL 1      0.0                       0.0    0.0      0.0
  SNOW DEPTH       0

DEGREE DAYS
 HEATING
  YESTERDAY       10                         1      9        0
  MONTH TO DATE   10                         2      8        0
  SINCE SEP 1     10                         2      8        0
  SINCE JUL 1     11                         3      8        1

 COOLING
  YESTERDAY        0                         8     -8       13
  MONTH TO DATE  126                       122      4      186
  SINCE SEP 1    126                       122      4      186
  SINCE JAN 1   1622                      1549     73     1599
..................................................................


WIND (MPH)
  HIGHEST WIND SPEED    22   HIGHEST WIND DIRECTION     N (360)
  HIGHEST GUST SPEED    28   HIGHEST GUST DIRECTION     N (10)
  AVERAGE WIND SPEED    15.1


SKY COVER
  POSSIBLE SUNSHINE  MM
  AVERAGE SKY COVER 1.0


WEATHER CONDITIONS
 THE FOLLOWING WEATHER WAS RECORDED YESTERDAY.
  LIGHT RAIN
  FOG


RELATIVE HUMIDITY (PERCENT)
 HIGHEST    83           700 AM
 LOWEST     61           500 PM
 AVERAGE    72

..........................................................


THE WICHITA MID CONTINENT KS CLIMATE NORMALS FOR TODAY
                         NORMAL    RECORD    YEAR
 MAXIMUM TEMPERATURE (F)   84       104      1893
 MINIMUM TEMPERATURE (F)   61        37      1890


SUNRISE AND SUNSET
SEPTEMBER 13 2014.....SUNRISE   710 AM CDT   SUNSET   741 PM CDT
SEPTEMBER 14 2014.....SUNRISE   711 AM CDT   SUNSET   739 PM CDT


-  INDICATES NEGATIVE NUMBERS.
R  INDICATES RECORD WAS SET OR TIED.
MM INDICATES DATA IS MISSING.
T  INDICATES TRACE AMOUNT.

$$
