000
CDUS43 KICT 140642
CLIICT


CLIMATE REPORT
NATIONAL WEATHER SERVICE WICHITA KS
142 AM CDT WED SEP 14 2016


...................................

...THE WICHITA EISENHOWER NATIONAL CLIMATE SUMMARY FOR SEPTEMBER 13 2016...

CLIMATE NORMAL PERIOD 1981 TO 2010
CLIMATE RECORD PERIOD 1888 TO 2016


WEATHER ITEM   OBSERVED TIME   RECORD YEAR NORMAL DEPARTURE LAST
                VALUE   (LST)  VALUE       VALUE  FROM      YEAR
                                                  NORMAL
..................................................................
TEMPERATURE (F)
 YESTERDAY
  MAXIMUM         81    315 PM 104    1893  84     -3       86
  MINIMUM         62   1159 PM  37    1890  61      1       57
  AVERAGE         72                        72      0       72

PRECIPITATION (IN)
  YESTERDAY        0.00          2.12 1985   0.10  -0.10     0.00
  MONTH TO DATE    8.96                      1.40   7.56     1.21
  SINCE SEP 1      8.96                      1.40   7.56     1.21
  SINCE JAN 1     45.30                     25.49  19.81    33.63

SNOWFALL (IN)
  YESTERDAY        0.0           0.0  2007   0.0    0.0      0.0
  MONTH TO DATE    0.0                       0.0    0.0      0.0
  SINCE SEP 1      0.0                       0.0    0.0      0.0
  SINCE JUL 1      0.0                       0.0    0.0      0.0
  SNOW DEPTH       0

DEGREE DAYS
 HEATING
  YESTERDAY        0                         1     -1        0
  MONTH TO DATE    0                         3     -3        0
  SINCE SEP 1      0                         3     -3        0
  SINCE JUL 1      0                         4     -4        0

 COOLING
  YESTERDAY        7                         8     -1        7
  MONTH TO DATE  149                       130     19      184
  SINCE SEP 1    149                       130     19      184
  SINCE JAN 1   1821                      1557    264     1675
..................................................................


WIND (MPH)
  HIGHEST WIND SPEED    20   HIGHEST WIND DIRECTION     N (360)
  HIGHEST GUST SPEED    23   HIGHEST GUST DIRECTION     N (10)
  AVERAGE WIND SPEED     9.4


SKY COVER
  POSSIBLE SUNSHINE  MM
  AVERAGE SKY COVER 0.8


WEATHER CONDITIONS
 THE FOLLOWING WEATHER WAS RECORDED YESTERDAY.
  NO SIGNIFICANT WEATHER WAS OBSERVED.


RELATIVE HUMIDITY (PERCENT)
 HIGHEST    93          1000 PM
 LOWEST     67          1200 PM
 AVERAGE    80

..........................................................


THE WICHITA EISENHOWER NATIONAL CLIMATE NORMALS FOR TODAY
                         NORMAL    RECORD    YEAR
 MAXIMUM TEMPERATURE (F)   83       100      1893
 MINIMUM TEMPERATURE (F)   60        44      1974
                                             1961


SUNRISE AND SUNSET
SEPTEMBER 14 2016.....SUNRISE   711 AM CDT   SUNSET   738 PM CDT
SEPTEMBER 15 2016.....SUNRISE   712 AM CDT   SUNSET   737 PM CDT


-  INDICATES NEGATIVE NUMBERS.
R  INDICATES RECORD WAS SET OR TIED.
MM INDICATES DATA IS MISSING.
T  INDICATES TRACE AMOUNT.




$$
