000
CDUS43 KICT 140619
CLIICT

CLIMATE REPORT
NATIONAL WEATHER SERVICE WICHITA KS
1218 AM CST WED FEB 14 2018


...................................

...THE WICHITA EISENHOWER NATIONAL CLIMATE SUMMARY FOR FEBRUARY 13 2018...

CLIMATE NORMAL PERIOD 1981 TO 2010
CLIMATE RECORD PERIOD 1888 TO 2018


WEATHER ITEM   OBSERVED TIME   RECORD YEAR NORMAL DEPARTURE LAST
                VALUE   (LST)  VALUE       VALUE  FROM      YEAR
                                                  NORMAL
..................................................................
TEMPERATURE (F)
 YESTERDAY
  MAXIMUM         57    444 PM  77    1921  48      9       52
  MINIMUM         24    510 AM -18    1905  26     -2       33
  AVERAGE         41                        36      5       43

PRECIPITATION (IN)
  YESTERDAY        0.00          0.81 1908   0.04  -0.04     0.02
  MONTH TO DATE    T                         0.50  -0.50     0.02
  SINCE DEC 1      0.23                      2.53  -2.30     3.47
  SINCE JAN 1      0.20                      1.33  -1.13     2.81

SNOWFALL (IN)
  YESTERDAY        0.0           4.1  1914   0.1   -0.1      0.0
  MONTH TO DATE    T                         1.8   -1.8      0.0
  SINCE DEC 1      0.3                       9.6   -9.3      2.0
  SINCE JUL 1      0.3                      11.0  -10.7      2.0
  SNOW DEPTH       0

DEGREE DAYS
 HEATING
  YESTERDAY       24                        28     -4       22
  MONTH TO DATE  453                       389     64      294
  SINCE DEC 1   2270                      2373   -103     2153
  SINCE JUL 1   3000                      3249   -249     2606

 COOLING
  YESTERDAY        0                         0      0        0
  MONTH TO DATE    0                         0      0        0
  SINCE DEC 1      0                         0      0        0
  SINCE JAN 1      0                         0      0        0
..................................................................


WIND (MPH)
  HIGHEST WIND SPEED    24   HIGHEST WIND DIRECTION     S (180)
  HIGHEST GUST SPEED    32   HIGHEST GUST DIRECTION     S (190)
  AVERAGE WIND SPEED    12.0


SKY COVER
  POSSIBLE SUNSHINE  MM
  AVERAGE SKY COVER 0.5


WEATHER CONDITIONS
 THE FOLLOWING WEATHER WAS RECORDED YESTERDAY.
  NO SIGNIFICANT WEATHER WAS OBSERVED.


RELATIVE HUMIDITY (PERCENT)
 HIGHEST    81           500 AM
 LOWEST     35           300 PM
 AVERAGE    58

..........................................................


THE WICHITA EISENHOWER NATIONAL CLIMATE NORMALS FOR TODAY
                         NORMAL    RECORD    YEAR
 MAXIMUM TEMPERATURE (F)   48        80      1954
 MINIMUM TEMPERATURE (F)   26        -4      1936


SUNRISE AND SUNSET
FEBRUARY 14 2018......SUNRISE   720 AM CST   SUNSET   608 PM CST
FEBRUARY 15 2018......SUNRISE   719 AM CST   SUNSET   609 PM CST


-  INDICATES NEGATIVE NUMBERS.
R  INDICATES RECORD WAS SET OR TIED.
MM INDICATES DATA IS MISSING.
T  INDICATES TRACE AMOUNT.




$$
