000
CDUS43 KICT 260638
CLIICT


CLIMATE REPORT
NATIONAL WEATHER SERVICE WICHITA KS
1237 AM CST SUN NOV 26 2017


...................................

...THE WICHITA EISENHOWER NATIONAL CLIMATE SUMMARY FOR NOVEMBER 25 2017...

CLIMATE NORMAL PERIOD 1981 TO 2010
CLIMATE RECORD PERIOD 1888 TO 2017


WEATHER ITEM   OBSERVED TIME   RECORD YEAR NORMAL DEPARTURE LAST
                VALUE   (LST)  VALUE       VALUE  FROM      YEAR
                                                  NORMAL
..................................................................
TEMPERATURE (F)
 YESTERDAY
  MAXIMUM         63    353 PM  74    1910  51     12       58
  MINIMUM         35   1148 PM  11    1993  30      5       30
  AVERAGE         49                        41      8       44

PRECIPITATION (IN)
  YESTERDAY        T             1.82 1940   0.04  -0.04     0.00
  MONTH TO DATE    0.12                      1.22  -1.10     0.19
  SINCE SEP 1      6.06                      7.14  -1.08    13.53
  SINCE JAN 1     33.41                     31.23   2.18    49.87

SNOWFALL (IN)
  YESTERDAY        0.0           6.8  1952   0.1   -0.1      0.0
  MONTH TO DATE    0.0                       0.9   -0.9      0.0
  SINCE SEP 1      0.0                       1.0   -1.0      0.0
  SINCE JUL 1      0.0                       1.0   -1.0      0.0
  SNOW DEPTH       0

DEGREE DAYS
 HEATING
  YESTERDAY       16                        24     -8       21
  MONTH TO DATE  435                       459    -24      270
  SINCE SEP 1    659                       744    -85      360
  SINCE JUL 1    659                       745    -86      360

 COOLING
  YESTERDAY        0                         0      0        0
  MONTH TO DATE    2                         0      2       11
  SINCE SEP 1    346                       257     89      382
  SINCE JAN 1   1785                      1684    101     2054
..................................................................


WIND (MPH)
  HIGHEST WIND SPEED    23   HIGHEST WIND DIRECTION    NE (30)
  HIGHEST GUST SPEED    29   HIGHEST GUST DIRECTION     N (20)
  AVERAGE WIND SPEED     6.3


SKY COVER
  POSSIBLE SUNSHINE  MM
  AVERAGE SKY COVER 0.3


WEATHER CONDITIONS
 THE FOLLOWING WEATHER WAS RECORDED YESTERDAY.
  LIGHT RAIN


RELATIVE HUMIDITY (PERCENT)
 HIGHEST    85          1000 PM
 LOWEST     34           300 PM
 AVERAGE    60

..........................................................


THE WICHITA EISENHOWER NATIONAL CLIMATE NORMALS FOR TODAY
                         NORMAL    RECORD    YEAR
 MAXIMUM TEMPERATURE (F)   51        79      1910
 MINIMUM TEMPERATURE (F)   30         1      1975


SUNRISE AND SUNSET
NOVEMBER 26 2017......SUNRISE   721 AM CST   SUNSET   513 PM CST
NOVEMBER 27 2017......SUNRISE   722 AM CST   SUNSET   512 PM CST


-  INDICATES NEGATIVE NUMBERS.
R  INDICATES RECORD WAS SET OR TIED.
MM INDICATES DATA IS MISSING.
T  INDICATES TRACE AMOUNT.




$$
