000
CDUS43 KICT 220656
CLIICT


CLIMATE REPORT
NATIONAL WEATHER SERVICE WICHITA KS
156 AM CDT MON JUN 22 2015


...................................

...THE WICHITA EISENHOWER NATIONAL CLIMATE SUMMARY FOR JUNE 21 2015...

CLIMATE NORMAL PERIOD 1981 TO 2010
CLIMATE RECORD PERIOD 1888 TO 2015


WEATHER ITEM   OBSERVED TIME   RECORD YEAR NORMAL DEPARTURE LAST
                VALUE   (LST)  VALUE       VALUE  FROM      YEAR
                                                  NORMAL
..................................................................
TEMPERATURE (F)
 YESTERDAY
  MAXIMUM         93    428 PM 105    1936  89      4       92
  MINIMUM         73    603 AM  52    1902  67      6       69
  AVERAGE         83                        78      5       81

PRECIPITATION (IN)
  YESTERDAY        0.00          4.03 1894   0.18  -0.18     0.00
  MONTH TO DATE    1.99                      3.77  -1.78     5.28
  SINCE JUN 1      1.99                      3.77  -1.78     5.28
  SINCE JAN 1     18.43                     15.63   2.80    11.35

SNOWFALL (IN)
  YESTERDAY        0.0           0.0  2007   0.0    0.0      0.0
                                      2001
  MONTH TO DATE    0.0                       0.0    0.0      0.0
  SINCE JUN 1      0.0                       0.0    0.0      0.0
  SINCE JUL 1     18.0                      14.9    3.1     23.0
  SNOW DEPTH       0

DEGREE DAYS
 HEATING
  YESTERDAY        0                         0      0        0
  MONTH TO DATE    0                         3     -3        0
  SINCE JUN 1      0                         3     -3        0
  SINCE JUL 1   4279                      4591   -312     4939

 COOLING
  YESTERDAY       18                        13      5       16
  MONTH TO DATE  301                       204     97      235
  SINCE JUN 1    301                       204     97      235
  SINCE JAN 1    414                       340     74      502
..................................................................


WIND (MPH)
  HIGHEST WIND SPEED    26   HIGHEST WIND DIRECTION     S (180)
  HIGHEST GUST SPEED    35   HIGHEST GUST DIRECTION     S (180)
  AVERAGE WIND SPEED    16.7


SKY COVER
  POSSIBLE SUNSHINE  MM
  AVERAGE SKY COVER 0.3


WEATHER CONDITIONS
 THE FOLLOWING WEATHER WAS RECORDED YESTERDAY.
  NO SIGNIFICANT WEATHER WAS OBSERVED.


RELATIVE HUMIDITY (PERCENT)
 HIGHEST    87           600 AM
 LOWEST     44           400 PM
 AVERAGE    66

..........................................................


THE WICHITA EISENHOWER NATIONAL CLIMATE NORMALS FOR TODAY
                         NORMAL    RECORD    YEAR
 MAXIMUM TEMPERATURE (F)   89       102      1988
                                             1925
 MINIMUM TEMPERATURE (F)   67        52      1902


SUNRISE AND SUNSET
JUNE 22 2015..........SUNRISE   609 AM CDT   SUNSET   855 PM CDT
JUNE 23 2015..........SUNRISE   609 AM CDT   SUNSET   855 PM CDT


-  INDICATES NEGATIVE NUMBERS.
R  INDICATES RECORD WAS SET OR TIED.
MM INDICATES DATA IS MISSING.
T  INDICATES TRACE AMOUNT.




$$
