000
CDUS43 KICT 192207
CLIICT

CLIMATE REPORT
NATIONAL WEATHER SERVICE WICHITA KS
506 PM CDT THU MAR 19 2015


...................................

...THE WICHITA EISENHOWER NATIONAL CLIMATE SUMMARY FOR MARCH 19 2015...
VALID TODAY AS OF 0500 PM LOCAL TIME.

CLIMATE NORMAL PERIOD 1981 TO 2010
CLIMATE RECORD PERIOD 1888 TO 2015


WEATHER ITEM   OBSERVED TIME   RECORD YEAR NORMAL DEPARTURE LAST
                VALUE   (LST)  VALUE       VALUE  FROM      YEAR
                                                  NORMAL
..................................................................
TEMPERATURE (F)
 TODAY
  MAXIMUM         48    251 PM  91    1907  59    -11       59
  MINIMUM         42    904 AM   4    1923  36      6       34
  AVERAGE         45                        47     -2       47

PRECIPITATION (IN)
  TODAY            0.03          1.63 2003   0.10  -0.07     0.00
  MONTH TO DATE    0.19                      1.54  -1.35     0.45
  SINCE MAR 1      0.19                      1.54  -1.35     0.45
  SINCE JAN 1      1.96                      3.55  -1.59     1.44

SNOWFALL (IN)
  TODAY           MM            11.3  1998   0.1   MM        0.0
  MONTH TO DATE    1.1                       1.6   -0.5      3.2
  SINCE MAR 1      1.1                       1.6   -0.5      3.2
  SINCE JUL 1     18.0                      14.0    4.0     22.7
  SNOW DEPTH       0

DEGREE DAYS
 HEATING
  TODAY           20                        18      2       18
  MONTH TO DATE  358                       388    -30      482
  SINCE MAR 1    358                       388    -30      482
  SINCE JUL 1   3923                      4028   -105     4401

 COOLING
  TODAY            0                         0      0        0
  MONTH TO DATE    0                         0      0        0
  SINCE MAR 1      0                         0      0        0
  SINCE JAN 1      0                         0      0        0
..................................................................


WIND (MPH)
  HIGHEST WIND SPEED    14   HIGHEST WIND DIRECTION     N (20)
  HIGHEST GUST SPEED    17   HIGHEST GUST DIRECTION     N (360)
  AVERAGE WIND SPEED     8.1


SKY COVER
  POSSIBLE SUNSHINE  MM
  AVERAGE SKY COVER 0.8


WEATHER CONDITIONS
 THE FOLLOWING WEATHER WAS RECORDED TODAY.
  LIGHT RAIN
  FOG


RELATIVE HUMIDITY (PERCENT)
 HIGHEST   100           300 AM
 LOWEST     76           300 PM
 AVERAGE    88

..........................................................


THE WICHITA EISENHOWER NATIONAL CLIMATE NORMALS FOR TOMORROW
                         NORMAL    RECORD    YEAR
 MAXIMUM TEMPERATURE (F)   59        87      1907
 MINIMUM TEMPERATURE (F)   36        13      1965


SUNRISE AND SUNSET
MARCH 19 2015.........SUNRISE   735 AM CDT   SUNSET   740 PM CDT
MARCH 20 2015.........SUNRISE   734 AM CDT   SUNSET   741 PM CDT


-  INDICATES NEGATIVE NUMBERS.
R  INDICATES RECORD WAS SET OR TIED.
MM INDICATES DATA IS MISSING.
T  INDICATES TRACE AMOUNT.

$$

ES
