000
CDUS43 KICT 180629
CLIICT


CLIMATE REPORT
NATIONAL WEATHER SERVICE WICHITA KS
128 AM CDT MON MAY 18 2015


...................................

...THE WICHITA EISENHOWER NATIONAL CLIMATE SUMMARY FOR MAY 17 2015...

CLIMATE NORMAL PERIOD 1981 TO 2010
CLIMATE RECORD PERIOD 1888 TO 2015


WEATHER ITEM   OBSERVED TIME   RECORD YEAR NORMAL DEPARTURE LAST
                VALUE   (LST)  VALUE       VALUE  FROM      YEAR
                                                  NORMAL
..................................................................
TEMPERATURE (F)
 YESTERDAY
  MAXIMUM         80    316 PM  93    1996  77      3       67
  MINIMUM         57    537 AM  37    1973  56      1       43
                                      1945
  AVERAGE         69                        66      3       55

PRECIPITATION (IN)
  YESTERDAY        0.00          2.47 1940   0.15  -0.15     0.00
  MONTH TO DATE    7.46                      2.35   5.11     0.53
  SINCE MAR 1     10.36                      7.63   2.73     1.55
  SINCE JAN 1     12.13                      9.64   2.49     2.54

SNOWFALL (IN)
  YESTERDAY        0.0           0.0  2002   0.0    0.0      0.0
                                      2001
  MONTH TO DATE    0.0                       0.0    0.0      0.0
  SINCE MAR 1      1.1                       2.5   -1.4      3.5
  SINCE JUL 1     18.0                      14.9    3.1     23.0
  SNOW DEPTH       0

DEGREE DAYS
 HEATING
  YESTERDAY        0                         2     -2       10
  MONTH TO DATE   30                        60    -30       73
  SINCE MAR 1    667                       928   -261     1020
  SINCE JUL 1   4232                      4568   -336     4939

 COOLING
  YESTERDAY        4                         4      0        0
  MONTH TO DATE   55                        40     15       94
  SINCE MAR 1     83                        66     17      127
  SINCE JAN 1     83                        66     17      127
..................................................................


WIND (MPH)
  HIGHEST WIND SPEED    18   HIGHEST WIND DIRECTION    SW (210)
  HIGHEST GUST SPEED    23   HIGHEST GUST DIRECTION     S (180)
  AVERAGE WIND SPEED    10.5


SKY COVER
  POSSIBLE SUNSHINE  MM
  AVERAGE SKY COVER 0.5


WEATHER CONDITIONS
 THE FOLLOWING WEATHER WAS RECORDED YESTERDAY.
  NO SIGNIFICANT WEATHER WAS OBSERVED.


RELATIVE HUMIDITY (PERCENT)
 HIGHEST    97           300 AM
 LOWEST     45           200 PM
 AVERAGE    71

..........................................................


THE WICHITA EISENHOWER NATIONAL CLIMATE NORMALS FOR TODAY
                         NORMAL    RECORD    YEAR
 MAXIMUM TEMPERATURE (F)   77        99      1956
 MINIMUM TEMPERATURE (F)   56        38      1976


SUNRISE AND SUNSET
MAY 18 2015...........SUNRISE   618 AM CDT   SUNSET   835 PM CDT
MAY 19 2015...........SUNRISE   617 AM CDT   SUNSET   836 PM CDT


-  INDICATES NEGATIVE NUMBERS.
R  INDICATES RECORD WAS SET OR TIED.
MM INDICATES DATA IS MISSING.
T  INDICATES TRACE AMOUNT.




$$
