000
CDUS43 KICT 090636
CLIICT


CLIMATE REPORT
NATIONAL WEATHER SERVICE WICHITA KS
1235 AM CST MON JAN 9 2017


...................................

...THE WICHITA EISENHOWER NATIONAL CLIMATE SUMMARY FOR JANUARY 8 2017...

CLIMATE NORMAL PERIOD 1981 TO 2010
CLIMATE RECORD PERIOD 1888 TO 2017


WEATHER ITEM   OBSERVED TIME   RECORD YEAR NORMAL DEPARTURE LAST
                VALUE   (LST)  VALUE       VALUE  FROM      YEAR
                                                  NORMAL
..................................................................
TEMPERATURE (F)
 YESTERDAY
  MAXIMUM         44    207 PM  75    2002  42      2       42
  MINIMUM         14    212 AM -11    1979  22     -8       33
  AVERAGE         29                        32     -3       38

PRECIPITATION (IN)
  YESTERDAY        0.00          1.50 1891   0.02  -0.02     0.00
  MONTH TO DATE    0.05                      0.19  -0.14     0.18
  SINCE DEC 1      0.71                      1.39  -0.68     2.40
  SINCE JAN 1      0.05                      0.19  -0.14     0.18

SNOWFALL (IN)
  YESTERDAY        0.0           5.2  1987   0.1   -0.1      0.0
  MONTH TO DATE    T                         0.9   -0.9      0.1
  SINCE DEC 1      2.0                       5.1   -3.1      0.5
  SINCE JUL 1      2.0                       6.5   -4.5      0.8
  SNOW DEPTH       0

DEGREE DAYS
 HEATING
  YESTERDAY       36                        33      3       27
  MONTH TO DATE  297                       264     33      246
  SINCE DEC 1   1284                      1231     53      976
  SINCE JUL 1   1737                      2107   -370     1545

 COOLING
  YESTERDAY        0                         0      0        0
  MONTH TO DATE    0                         0      0        0
  SINCE DEC 1      0                         0      0        0
  SINCE JAN 1      0                         0      0        0
..................................................................


WIND (MPH)
  HIGHEST WIND SPEED    36   HIGHEST WIND DIRECTION     S (180)
  HIGHEST GUST SPEED    45   HIGHEST GUST DIRECTION     S (190)
  AVERAGE WIND SPEED    15.3


SKY COVER
  POSSIBLE SUNSHINE  MM
  AVERAGE SKY COVER 0.5


WEATHER CONDITIONS
 THE FOLLOWING WEATHER WAS RECORDED YESTERDAY.
  NO SIGNIFICANT WEATHER WAS OBSERVED.


RELATIVE HUMIDITY (PERCENT)
 HIGHEST    80           100 AM
 LOWEST     24           200 PM
 AVERAGE    52

..........................................................


THE WICHITA EISENHOWER NATIONAL CLIMATE NORMALS FOR TODAY
                         NORMAL    RECORD    YEAR
 MAXIMUM TEMPERATURE (F)   42        69      1902
 MINIMUM TEMPERATURE (F)   22        -7      1973


SUNRISE AND SUNSET
JANUARY  9 2017.......SUNRISE   745 AM CST   SUNSET   529 PM CST
JANUARY 10 2017.......SUNRISE   745 AM CST   SUNSET   530 PM CST


-  INDICATES NEGATIVE NUMBERS.
R  INDICATES RECORD WAS SET OR TIED.
MM INDICATES DATA IS MISSING.
T  INDICATES TRACE AMOUNT.




$$
