000
CDUS43 KICT 100626
CLIICT


CLIMATE REPORT
NATIONAL WEATHER SERVICE WICHITA KS
124 AM CDT SAT JUN 10 2017


...................................

...THE WICHITA EISENHOWER NATIONAL CLIMATE SUMMARY FOR JUNE 9 2017...

CLIMATE NORMAL PERIOD 1981 TO 2010
CLIMATE RECORD PERIOD 1888 TO 2017


WEATHER ITEM   OBSERVED TIME   RECORD YEAR NORMAL DEPARTURE LAST
                VALUE   (LST)  VALUE       VALUE  FROM      YEAR
                                                  NORMAL
..................................................................
TEMPERATURE (F)
 YESTERDAY
  MAXIMUM         87    349 PM 103    1958  85      2       93
  MINIMUM         62    533 AM  52    1955  63     -1       70
  AVERAGE         75                        74      1       82

PRECIPITATION (IN)
  YESTERDAY        0.00          2.82 2011   0.18  -0.18     0.00
  MONTH TO DATE    0.81                      1.64  -0.83     0.00
  SINCE JUN 1      0.81                      1.64  -0.83     0.00
  SINCE JAN 1     19.65                     13.50   6.15    15.56

SNOWFALL (IN)
  YESTERDAY        0.0           0.0  2007   0.0    0.0      0.0
                                      2001
  MONTH TO DATE    0.0                       0.0    0.0      0.0
  SINCE JUN 1      0.0                       0.0    0.0      0.0
  SINCE JUL 1      2.0                      14.9  -12.9      4.3
  SNOW DEPTH       0

DEGREE DAYS
 HEATING
  YESTERDAY        0                         0      0        0
  MONTH TO DATE    0                         3     -3        0
  SINCE JUN 1      0                         3     -3        0
  SINCE JUL 1   3584                      4591  -1007     3504

 COOLING
  YESTERDAY       10                         9      1       17
  MONTH TO DATE   78                        71      7       95
  SINCE JUN 1     78                        71      7       95
  SINCE JAN 1    234                       207     27      225
..................................................................


WIND (MPH)
  HIGHEST WIND SPEED    22   HIGHEST WIND DIRECTION     S (160)
  HIGHEST GUST SPEED    28   HIGHEST GUST DIRECTION    SE (150)
  AVERAGE WIND SPEED    13.3


SKY COVER
  POSSIBLE SUNSHINE  MM
  AVERAGE SKY COVER 0.4


WEATHER CONDITIONS
 THE FOLLOWING WEATHER WAS RECORDED YESTERDAY.
  NO SIGNIFICANT WEATHER WAS OBSERVED.


RELATIVE HUMIDITY (PERCENT)
 HIGHEST    84           300 AM
 LOWEST     45           300 PM
 AVERAGE    65

..........................................................


THE WICHITA EISENHOWER NATIONAL CLIMATE NORMALS FOR TODAY
                         NORMAL    RECORD    YEAR
 MAXIMUM TEMPERATURE (F)   85       103      1953
 MINIMUM TEMPERATURE (F)   63        49      1974
                                             1955


SUNRISE AND SUNSET
JUNE 10 2017..........SUNRISE   608 AM CDT   SUNSET   851 PM CDT
JUNE 11 2017..........SUNRISE   608 AM CDT   SUNSET   851 PM CDT


-  INDICATES NEGATIVE NUMBERS.
R  INDICATES RECORD WAS SET OR TIED.
MM INDICATES DATA IS MISSING.
T  INDICATES TRACE AMOUNT.




$$
