000
CDUS43 KICT 060644
CLIICT


CLIMATE REPORT
NATIONAL WEATHER SERVICE WICHITA KS
1243 AM CST WED DEC 6 2017


...................................

...THE WICHITA EISENHOWER NATIONAL CLIMATE SUMMARY FOR DECEMBER 5 2017...

CLIMATE NORMAL PERIOD 1981 TO 2010
CLIMATE RECORD PERIOD 1888 TO 2017


WEATHER ITEM   OBSERVED TIME   RECORD YEAR NORMAL DEPARTURE LAST
                VALUE   (LST)  VALUE       VALUE  FROM      YEAR
                                                  NORMAL
..................................................................
TEMPERATURE (F)
 YESTERDAY
  MAXIMUM         50    326 PM  73    2001  46      4       54
  MINIMUM         29    915 PM   3    1964  26      3       28
  AVERAGE         40                        36      4       41

PRECIPITATION (IN)
  YESTERDAY        0.00          0.76 1913   0.04  -0.04     0.00
  MONTH TO DATE    0.00                      0.22  -0.22     0.37
  SINCE DEC 1      0.00                      0.22  -0.22     0.37
  SINCE JAN 1     33.81                     31.66   2.15    50.31

SNOWFALL (IN)
  YESTERDAY        0.0           8.0  1942   0.1   -0.1      0.0
  MONTH TO DATE    0.0                       0.6   -0.6      0.0
  SINCE DEC 1      0.0                       0.6   -0.6      0.0
  SINCE JUL 1      0.0                       2.0   -2.0      0.0
  SNOW DEPTH       0

DEGREE DAYS
 HEATING
  YESTERDAY       25                        29     -4       24
  MONTH TO DATE   87                       140    -53      120
  SINCE DEC 1     87                       140    -53      120
  SINCE JUL 1    817                      1016   -199      573

 COOLING
  YESTERDAY        0                         0      0        0
  MONTH TO DATE    0                         0      0        0
  SINCE DEC 1      0                         0      0        0
  SINCE JAN 1   1785                      1686     99     2054
..................................................................


WIND (MPH)
  HIGHEST WIND SPEED    22   HIGHEST WIND DIRECTION     N (350)
  HIGHEST GUST SPEED    28   HIGHEST GUST DIRECTION    NW (330)
  AVERAGE WIND SPEED    10.9


SKY COVER
  POSSIBLE SUNSHINE  MM
  AVERAGE SKY COVER 0.5


WEATHER CONDITIONS
 THE FOLLOWING WEATHER WAS RECORDED YESTERDAY.
  NO SIGNIFICANT WEATHER WAS OBSERVED.


RELATIVE HUMIDITY (PERCENT)
 HIGHEST    54           800 PM
 LOWEST     21           200 PM
 AVERAGE    38

..........................................................


THE WICHITA EISENHOWER NATIONAL CLIMATE NORMALS FOR TODAY
                         NORMAL    RECORD    YEAR
 MAXIMUM TEMPERATURE (F)   46        74      1939
 MINIMUM TEMPERATURE (F)   26        -1      1950


SUNRISE AND SUNSET
DECEMBER  6 2017......SUNRISE   731 AM CST   SUNSET   511 PM CST
DECEMBER  7 2017......SUNRISE   732 AM CST   SUNSET   511 PM CST


-  INDICATES NEGATIVE NUMBERS.
R  INDICATES RECORD WAS SET OR TIED.
MM INDICATES DATA IS MISSING.
T  INDICATES TRACE AMOUNT.




$$
