000
CDUS43 KICT 102211
CLIICT

CLIMATE REPORT
NATIONAL WEATHER SERVICE WICHITA KS
508 PM CDT SAT JUN 10 2017

...................................

...THE WICHITA EISENHOWER NATIONAL CLIMATE SUMMARY FOR JUNE 10 2017...
VALID TODAY AS OF 500 PM LOCAL TIME.

CLIMATE NORMAL PERIOD 1981 TO 2010
CLIMATE RECORD PERIOD 1888 TO 2017


WEATHER ITEM   OBSERVED TIME   RECORD YEAR NORMAL DEPARTURE LAST
                VALUE   (LST)  VALUE       VALUE  FROM      YEAR
                                                  NORMAL
..................................................................
TEMPERATURE (F)
 TODAY
  MAXIMUM         91    359 PM 103    1953  85      6       96
  MINIMUM         69    702 AM  49    1974  63      6       73
                                      1955
  AVERAGE         80                        74      6       85

PRECIPITATION (IN)
  TODAY            T             2.79 1989   0.18  -0.18     0.00
  MONTH TO DATE    0.81                      1.82  -1.01     0.00
  SINCE JUN 1      0.81                      1.82  -1.01     0.00
  SINCE JAN 1     19.65                     13.68   5.97    15.56

SNOWFALL (IN)
  TODAY            0.0                       0.0    0.0      0.0
  MONTH TO DATE    0.0                       0.0    0.0      0.0
  SINCE JUN 1      0.0                       0.0    0.0      0.0
  SINCE JUL 1      2.0                      14.9  -12.9      4.3
  SNOW DEPTH       0

DEGREE DAYS
 HEATING
  TODAY            0                         0      0        0
  MONTH TO DATE    0                         3     -3        0
  SINCE JUN 1      0                         3     -3        0
  SINCE JUL 1   3584                      4591  -1007     3504

 COOLING
  TODAY           15                         9      6       20
  MONTH TO DATE   93                        80     13      115
  SINCE JUN 1     93                        80     13      115
  SINCE JAN 1    249                       216     33      245
..................................................................


WIND (MPH)
  HIGHEST WIND SPEED    31   HIGHEST WIND DIRECTION     S (180)
  HIGHEST GUST SPEED    40   HIGHEST GUST DIRECTION     S (200)
  AVERAGE WIND SPEED    19.8


SKY COVER
  AVERAGE SKY COVER 0.6


WEATHER CONDITIONS
 THE FOLLOWING WEATHER WAS RECORDED TODAY.
  LIGHT RAIN


RELATIVE HUMIDITY (PERCENT)
 HIGHEST    90           700 AM
 LOWEST     49           300 PM
 AVERAGE    70

..........................................................


THE WICHITA EISENHOWER NATIONAL CLIMATE NORMALS FOR TOMORROW
                         NORMAL    RECORD    YEAR
 MAXIMUM TEMPERATURE (F)   85       104      1953
 MINIMUM TEMPERATURE (F)   64        47      1903


SUNRISE AND SUNSET
JUNE 10 2017..........SUNRISE   608 AM CDT   SUNSET   851 PM CDT
JUNE 11 2017..........SUNRISE   608 AM CDT   SUNSET   851 PM CDT


-  INDICATES NEGATIVE NUMBERS.
R  INDICATES RECORD WAS SET OR TIED.
MM INDICATES DATA IS MISSING.
T  INDICATES TRACE AMOUNT.

$$
