000
CDUS43 KICT 190656
CLIICT


CLIMATE REPORT
NATIONAL WEATHER SERVICE WICHITA KS
1256 AM CST FRI DEC 19 2014


...................................

...THE WICHITA MID CONTINENT KS CLIMATE SUMMARY FOR DECEMBER 18 2014...

CLIMATE NORMAL PERIOD 1981 TO 2010
CLIMATE RECORD PERIOD 1888 TO 2014


WEATHER ITEM   OBSERVED TIME   RECORD YEAR NORMAL DEPARTURE LAST
                VALUE   (LST)  VALUE       VALUE  FROM      YEAR
                                                  NORMAL
..................................................................
TEMPERATURE (F)
 YESTERDAY
  MAXIMUM         36    321 PM  68    2001  42     -6       67
                                      1889
  MINIMUM         31   1159 PM  -4    1983  23      8       27
  AVERAGE         34                        33      1       47

PRECIPITATION (IN)
  YESTERDAY        0.06          1.26 1898   0.04   0.02     0.00
  MONTH TO DATE    1.12                      0.76   0.36      T
  SINCE DEC 1      1.12                      0.76   0.36      T
  SINCE JAN 1     25.43                     32.20  -6.77    39.85

SNOWFALL (IN)
  YESTERDAY        0.7           3.0  1995   0.1    0.6      0.0
  MONTH TO DATE    2.7                       2.4    0.3       T
  SINCE DEC 1      2.7                       2.4    0.3       T
  SINCE JUL 1      4.5                       3.8    0.7       T
  SNOW DEPTH       3

DEGREE DAYS
 HEATING
  YESTERDAY       31                        32     -1       18
  MONTH TO DATE  428                       540   -112      600
  SINCE DEC 1    428                       540   -112      600
  SINCE JUL 1   1308                      1416   -108     1485

 COOLING
  YESTERDAY        0                         0      0        0
  MONTH TO DATE    0                         0      0        0
  SINCE DEC 1      0                         0      0        0
  SINCE JAN 1   1849                      1686    163     1778
..................................................................


WIND (MPH)
  HIGHEST WIND SPEED    10   HIGHEST WIND DIRECTION     N (350)
  HIGHEST GUST SPEED    12   HIGHEST GUST DIRECTION     N (20)
  AVERAGE WIND SPEED     4.8


SKY COVER
  POSSIBLE SUNSHINE  MM
  AVERAGE SKY COVER 1.0


WEATHER CONDITIONS
 THE FOLLOWING WEATHER WAS RECORDED YESTERDAY.
  LIGHT SNOW
  FOG
  FOG W/VISIBILITY <= 1/4 MILE


RELATIVE HUMIDITY (PERCENT)
 HIGHEST    92          1200 AM
 LOWEST     75           400 PM
 AVERAGE    84

..........................................................


THE WICHITA MID CONTINENT KS CLIMATE NORMALS FOR TODAY
                         NORMAL    RECORD    YEAR
 MAXIMUM TEMPERATURE (F)   42        67      1966
 MINIMUM TEMPERATURE (F)   23        -8      1983


SUNRISE AND SUNSET
DECEMBER 19 2014......SUNRISE   740 AM CST   SUNSET   514 PM CST
DECEMBER 20 2014......SUNRISE   740 AM CST   SUNSET   514 PM CST


-  INDICATES NEGATIVE NUMBERS.
R  INDICATES RECORD WAS SET OR TIED.
MM INDICATES DATA IS MISSING.
T  INDICATES TRACE AMOUNT.




$$
