000
CDUS43 KICT 050646
CLIICT


CLIMATE REPORT
NATIONAL WEATHER SERVICE WICHITA KS
146 AM CDT WED JUL 5 2017


...................................

...THE WICHITA EISENHOWER NATIONAL CLIMATE SUMMARY FOR JULY 4 2017...

CLIMATE NORMAL PERIOD 1981 TO 2010
CLIMATE RECORD PERIOD 1888 TO 2017


WEATHER ITEM   OBSERVED TIME   RECORD YEAR NORMAL DEPARTURE LAST
                VALUE   (LST)  VALUE       VALUE  FROM      YEAR
                                                  NORMAL
..................................................................
TEMPERATURE (F)
 YESTERDAY
  MAXIMUM         83   1109 AM 110    1980  92     -9       91
  MINIMUM         66    552 AM  53    1892  69     -3       70
  AVERAGE         75                        80     -5       81

PRECIPITATION (IN)
  YESTERDAY        T             2.83 1958   0.12  -0.12      T
  MONTH TO DATE    0.09                      0.50  -0.41     7.47
  SINCE JUN 1      4.67                      5.70  -1.03    10.30
  SINCE JAN 1     23.51                     17.56   5.95    25.86

SNOWFALL (IN)
  YESTERDAY        0.0           0.0  2007   0.0    0.0      0.0
  MONTH TO DATE    0.0                       0.0    0.0      0.0
  SINCE JUN 1      0.0                       0.0    0.0      0.0
  SINCE JUL 1      0.0                       0.0    0.0      0.0
  SNOW DEPTH       0

DEGREE DAYS
 HEATING
  YESTERDAY        0                         0      0        0
  MONTH TO DATE    0                         0      0        0
  SINCE JUN 1      0                         6     -6        0
  SINCE JUL 1      0                         0      0        0

 COOLING
  YESTERDAY       10                        15     -5       16
  MONTH TO DATE   43                        60    -17       55
  SINCE JUN 1    413                       389     24      541
  SINCE JAN 1    569                       525     44      671
..................................................................


WIND (MPH)
  HIGHEST WIND SPEED    24   HIGHEST WIND DIRECTION     W (260)
  HIGHEST GUST SPEED    29   HIGHEST GUST DIRECTION     W (270)
  AVERAGE WIND SPEED     7.8


SKY COVER
  POSSIBLE SUNSHINE  MM
  AVERAGE SKY COVER 0.8


WEATHER CONDITIONS
 THE FOLLOWING WEATHER WAS RECORDED YESTERDAY.
  FOG
  HAZE


RELATIVE HUMIDITY (PERCENT)
 HIGHEST    93           100 AM
 LOWEST     58          1000 AM
 AVERAGE    76

..........................................................


THE WICHITA EISENHOWER NATIONAL CLIMATE NORMALS FOR TODAY
                         NORMAL    RECORD    YEAR
 MAXIMUM TEMPERATURE (F)   92       106      1980
                                             1937
 MINIMUM TEMPERATURE (F)   69        51      1972


SUNRISE AND SUNSET
JULY  5 2017..........SUNRISE   614 AM CDT   SUNSET   854 PM CDT
JULY  6 2017..........SUNRISE   615 AM CDT   SUNSET   854 PM CDT


-  INDICATES NEGATIVE NUMBERS.
R  INDICATES RECORD WAS SET OR TIED.
MM INDICATES DATA IS MISSING.
T  INDICATES TRACE AMOUNT.




$$
