000
CDUS43 KICT 042205
CLIICT


CLIMATE REPORT
NATIONAL WEATHER SERVICE WICHITA KS
504 PM CDT FRI JUL 4 2014


...................................

...THE WICHITA MID CONTINENT CLIMATE SUMMARY FOR JULY 4 2014...
VALID TODAY AS OF 0500 PM LOCAL TIME.

CLIMATE NORMAL PERIOD 1981 TO 2010
CLIMATE RECORD PERIOD 1888 TO 2014


WEATHER ITEM   OBSERVED TIME   RECORD YEAR NORMAL DEPARTURE LAST
                VALUE   (LST)  VALUE       VALUE  FROM      YEAR
                                                  NORMAL
..................................................................
TEMPERATURE (F)
 TODAY
  MAXIMUM         86    359 PM 110    1980  92     -6       92
  MINIMUM         62    536 AM  53    1892  69     -7       58
  AVERAGE         74                        80     -6       75

PRECIPITATION (IN)
  TODAY            0.00          2.83 1958   0.12  -0.12     0.00
  MONTH TO DATE    1.12                      0.50   0.62     0.00
  SINCE JUN 1     11.58                      5.70   5.88     1.83
  SINCE JAN 1     17.65                     17.56   0.09    15.85

SNOWFALL (IN)
  TODAY            0.0           0.0  2007   0.0    0.0      0.0
  MONTH TO DATE    0.0                       0.0    0.0      0.0
  SINCE JUN 1      0.0                       0.0    0.0      0.0
  SINCE JUL 1      0.0                       0.0    0.0      0.0
  SNOW DEPTH       0

DEGREE DAYS
 HEATING
  TODAY            0                         0      0        0
  MONTH TO DATE    0                         0      0        0
  SINCE JUN 1      0                         6     -6        3
  SINCE JUL 1      0                         0      0        0

 COOLING
  TODAY            9                        15     -6       10
  MONTH TO DATE   30                        60    -30       34
  SINCE JUN 1    372                       389    -17      436
  SINCE JAN 1    639                       525    114      574
..................................................................


WIND (MPH)
  HIGHEST WIND SPEED    21   HIGHEST WIND DIRECTION    SE (140)
  HIGHEST GUST SPEED    26   HIGHEST GUST DIRECTION    SE (140)
  AVERAGE WIND SPEED    10.4


SKY COVER
  POSSIBLE SUNSHINE  MM
  AVERAGE SKY COVER 0.3


WEATHER CONDITIONS
 THE FOLLOWING WEATHER WAS RECORDED TODAY.
  NO SIGNIFICANT WEATHER WAS OBSERVED.


RELATIVE HUMIDITY (PERCENT)
 HIGHEST    78           300 AM
 LOWEST     48           200 PM
 AVERAGE    63

..........................................................


THE WICHITA MID CONTINENT CLIMATE NORMALS FOR TOMORROW
                         NORMAL    RECORD    YEAR
 MAXIMUM TEMPERATURE (F)   92       106      1980
                                             1937
 MINIMUM TEMPERATURE (F)   69        51      1972


SUNRISE AND SUNSET
JULY  4 2014..........SUNRISE   613 AM CDT   SUNSET   855 PM CDT
JULY  5 2014..........SUNRISE   614 AM CDT   SUNSET   854 PM CDT


-  INDICATES NEGATIVE NUMBERS.
R  INDICATES RECORD WAS SET OR TIED.
MM INDICATES DATA IS MISSING.
T  INDICATES TRACE AMOUNT.




$$
