000
CDUS43 KICT 170632
CLIICT


CLIMATE REPORT
NATIONAL WEATHER SERVICE WICHITA KS
1231 AM CST MON NOV 17 2014


...................................

...THE WICHITA MID CONTINENT KS CLIMATE SUMMARY FOR NOVEMBER 16 2014...

CLIMATE NORMAL PERIOD 1981 TO 2010
CLIMATE RECORD PERIOD 1888 TO 2014


WEATHER ITEM   OBSERVED TIME   RECORD YEAR NORMAL DEPARTURE LAST
                VALUE   (LST)  VALUE       VALUE  FROM      YEAR
                                                  NORMAL
..................................................................
TEMPERATURE (F)
 YESTERDAY
  MAXIMUM         32   1234 AM  77    2013  56    -24       77
                                      1952
  MINIMUM         13    936 PM  10    1955  34    -21       53
  AVERAGE         23                        45    -22       65

PRECIPITATION (IN)
  YESTERDAY        0.21          2.91 1928   0.04   0.17     0.00
  MONTH TO DATE    0.34                      0.86  -0.52     0.30
  SINCE SEP 1      2.22                      6.78  -4.56     5.38
  SINCE JAN 1     24.20                     30.87  -6.67    39.55

SNOWFALL (IN)
  YESTERDAY        1.8 R         0.5  1937   0.0    1.8      0.0
  MONTH TO DATE    1.8                       0.3    1.5      0.0
  SINCE SEP 1      1.8                       0.4    1.4       T
  SINCE JUL 1      1.8                       0.4    1.4       T
  SNOW DEPTH       2

DEGREE DAYS
 HEATING
  YESTERDAY       42                        20     22        0
  MONTH TO DATE  362                       259    103      261
  SINCE SEP 1    524                       544    -20      514
  SINCE JUL 1    525                       545    -20      515

 COOLING
  YESTERDAY        0                         0      0        0
  MONTH TO DATE    0                         0      0        0
  SINCE SEP 1    353                       257     96      365
  SINCE JAN 1   1849                      1684    165     1778
..................................................................


WIND (MPH)
  HIGHEST WIND SPEED    25   HIGHEST WIND DIRECTION     N (350)
  HIGHEST GUST SPEED    32   HIGHEST GUST DIRECTION     N (350)
  AVERAGE WIND SPEED    11.7


SKY COVER
  POSSIBLE SUNSHINE  MM
  AVERAGE SKY COVER 0.8


WEATHER CONDITIONS
 THE FOLLOWING WEATHER WAS RECORDED YESTERDAY.
  HEAVY SNOW
  SNOW
  LIGHT SNOW
  FOG
  HAZE


RELATIVE HUMIDITY (PERCENT)
 HIGHEST    88           800 AM
 LOWEST     50           200 PM
 AVERAGE    69

..........................................................


THE WICHITA MID CONTINENT KS CLIMATE NORMALS FOR TODAY
                         NORMAL    RECORD    YEAR
 MAXIMUM TEMPERATURE (F)   56        78      1999
 MINIMUM TEMPERATURE (F)   34         8      1959


SUNRISE AND SUNSET
NOVEMBER 17 2014......SUNRISE   712 AM CST   SUNSET   517 PM CST
NOVEMBER 18 2014......SUNRISE   713 AM CST   SUNSET   517 PM CST


-  INDICATES NEGATIVE NUMBERS.
R  INDICATES RECORD WAS SET OR TIED.
MM INDICATES DATA IS MISSING.
T  INDICATES TRACE AMOUNT.




$$
