000
CDUS43 KICT 020638
CLIICT


CLIMATE REPORT
NATIONAL WEATHER SERVICE WICHITA KS
1237 AM CST MON MAR 2 2015


...................................

...THE WICHITA EISENHOWER NATIONAL CLIMATE SUMMARY FOR MARCH 1 2015...

CLIMATE NORMAL PERIOD 1981 TO 2010
CLIMATE RECORD PERIOD 1888 TO 2015


WEATHER ITEM   OBSERVED TIME   RECORD YEAR NORMAL DEPARTURE LAST
                VALUE   (LST)  VALUE       VALUE  FROM      YEAR
                                                  NORMAL
..................................................................
TEMPERATURE (F)
 YESTERDAY
  MAXIMUM         32    447 PM  83    2006  53    -21       39
  MINIMUM         17   1109 PM   5    1890  31    -14       11
  AVERAGE         25                        42    -17       25

PRECIPITATION (IN)
  YESTERDAY        0.06          0.78 1953   0.06   0.00     0.02
  MONTH TO DATE    0.06                      0.06   0.00     0.02
  SINCE MAR 1      0.06                      0.06   0.00     0.02
  SINCE JAN 1      1.71                      2.07  -0.36     1.01

SNOWFALL (IN)
  YESTERDAY        0.1           3.8  1927   0.1    0.0      0.6
  MONTH TO DATE    0.1                       0.1    0.0      0.6
  SINCE MAR 1      0.1                       0.1    0.0      0.6
  SINCE JUL 1     17.0                      12.5    4.5     20.1
  SNOW DEPTH       4

DEGREE DAYS
 HEATING
  YESTERDAY       40                        23     17       40
  MONTH TO DATE   40                        23     17       40
  SINCE MAR 1     40                        23     17       40
  SINCE JUL 1   3605                      3663    -58     3959

 COOLING
  YESTERDAY        0                         0      0        0
  MONTH TO DATE    0                         0      0        0
  SINCE MAR 1      0                         0      0        0
  SINCE JAN 1      0                         0      0        0
..................................................................


WIND (MPH)
  HIGHEST WIND SPEED    15   HIGHEST WIND DIRECTION    NW (330)
  HIGHEST GUST SPEED    17   HIGHEST GUST DIRECTION    NW (330)
  AVERAGE WIND SPEED     4.4


SKY COVER
  POSSIBLE SUNSHINE  MM
  AVERAGE SKY COVER 0.8


WEATHER CONDITIONS
 THE FOLLOWING WEATHER WAS RECORDED YESTERDAY.
  LT FREEZING RAIN
  SNOW
  LIGHT SNOW
  SLEET
  FOG
  FOG W/VISIBILITY <= 1/4 MILE
  HAZE


RELATIVE HUMIDITY (PERCENT)
 HIGHEST   100           200 AM
 LOWEST     63           200 PM
 AVERAGE    82

..........................................................


THE WICHITA EISENHOWER NATIONAL CLIMATE NORMALS FOR TODAY
                         NORMAL    RECORD    YEAR
 MAXIMUM TEMPERATURE (F)   53        83      1901
 MINIMUM TEMPERATURE (F)   31         1      1922


SUNRISE AND SUNSET
MARCH  2 2015.........SUNRISE   700 AM CST   SUNSET   624 PM CST
MARCH  3 2015.........SUNRISE   659 AM CST   SUNSET   625 PM CST


-  INDICATES NEGATIVE NUMBERS.
R  INDICATES RECORD WAS SET OR TIED.
MM INDICATES DATA IS MISSING.
T  INDICATES TRACE AMOUNT.




$$
