964
CDUS43 KICT 070629
CLIICT


CLIMATE REPORT
NATIONAL WEATHER SERVICE WICHITA KS
1229 AM CST SUN FEB 7 2016


...................................

...THE WICHITA EISENHOWER NATIONAL CLIMATE SUMMARY FOR FEBRUARY 6 2016...

CLIMATE NORMAL PERIOD 1981 TO 2010
CLIMATE RECORD PERIOD 1888 TO 2016


WEATHER ITEM   OBSERVED TIME   RECORD YEAR NORMAL DEPARTURE LAST
                VALUE   (LST)  VALUE       VALUE  FROM      YEAR
                                                  NORMAL
..................................................................
TEMPERATURE (F)
 YESTERDAY
  MAXIMUM         51    418 PM  74    2009  46      5       62
                                      1904
  MINIMUM         24    751 AM -21    1982  24      0       27
  AVERAGE         38                        35      3       45

PRECIPITATION (IN)
  YESTERDAY        0.00          1.04 1892   0.03  -0.03     0.00
  MONTH TO DATE    0.55                      0.20   0.35     0.03
  SINCE DEC 1      2.96                      2.23   0.73     2.43
  SINCE JAN 1      0.74                      1.03  -0.29     1.14

SNOWFALL (IN)
  YESTERDAY        0.0           3.8  1961   0.1   -0.1      0.0
  MONTH TO DATE    0.0                       0.8   -0.8      0.1
  SINCE DEC 1      0.5                       8.6   -8.1      8.3
  SINCE JUL 1      0.8                      10.0   -9.2     10.1
  SNOW DEPTH       0

DEGREE DAYS
 HEATING
  YESTERDAY       27                        30     -3       20
  MONTH TO DATE  162                       184    -22      208
  SINCE DEC 1   1844                      2168   -324     1982
  SINCE JUL 1   2413                      3044   -631     2862

 COOLING
  YESTERDAY        0                         0      0        0
  MONTH TO DATE    0                         0      0        0
  SINCE DEC 1      0                         0      0        0
  SINCE JAN 1      0                         0      0        0
..................................................................


WIND (MPH)
  HIGHEST WIND SPEED    16   HIGHEST WIND DIRECTION     S (200)
  HIGHEST GUST SPEED    21   HIGHEST GUST DIRECTION     S (190)
  AVERAGE WIND SPEED     8.4


SKY COVER
  POSSIBLE SUNSHINE  MM
  AVERAGE SKY COVER 0.2


WEATHER CONDITIONS
 THE FOLLOWING WEATHER WAS RECORDED YESTERDAY.
  NO SIGNIFICANT WEATHER WAS OBSERVED.


RELATIVE HUMIDITY (PERCENT)
 HIGHEST    88           800 AM
 LOWEST     32           300 PM
 AVERAGE    60

..........................................................


THE WICHITA EISENHOWER NATIONAL CLIMATE NORMALS FOR TODAY
                         NORMAL    RECORD    YEAR
 MAXIMUM TEMPERATURE (F)   46        70      2009
 MINIMUM TEMPERATURE (F)   24       -13      1895


SUNRISE AND SUNSET
FEBRUARY  7 2016......SUNRISE   728 AM CST   SUNSET   600 PM CST
FEBRUARY  8 2016......SUNRISE   727 AM CST   SUNSET   601 PM CST


-  INDICATES NEGATIVE NUMBERS.
R  INDICATES RECORD WAS SET OR TIED.
MM INDICATES DATA IS MISSING.
T  INDICATES TRACE AMOUNT.




$$
