000
CDUS43 KICT 290620
CLIICT


CLIMATE REPORT
NATIONAL WEATHER SERVICE WICHITA KS
120 AM CDT FRI AUG 29 2014


...................................

...THE WICHITA MID CONTINENT KS CLIMATE SUMMARY FOR AUGUST 28 2014...

CLIMATE NORMAL PERIOD 1981 TO 2010
CLIMATE RECORD PERIOD 1888 TO 2014


WEATHER ITEM   OBSERVED TIME   RECORD YEAR NORMAL DEPARTURE LAST
                VALUE   (LST)  VALUE       VALUE  FROM      YEAR
                                                  NORMAL
..................................................................
TEMPERATURE (F)
 YESTERDAY
  MAXIMUM         81   1039 AM 107    1984  90     -9       93
  MINIMUM         68   1159 PM  53    1986  67      1       68
                                      1967
                                      1935
  AVERAGE         75                        78     -3       81

PRECIPITATION (IN)
  YESTERDAY        0.12          1.82 1991   0.12   0.00     0.00
  MONTH TO DATE    2.24                      3.33  -1.09    10.63
  SINCE JUN 1     15.77                     11.85   3.92    20.15
  SINCE JAN 1     21.84                     23.71  -1.87    34.17

SNOWFALL (IN)
  YESTERDAY        0.0           0.0  2007   0.0    0.0      0.0
  MONTH TO DATE    0.0                       0.0    0.0      0.0
  SINCE JUN 1      0.0                       0.0    0.0      0.0
  SINCE JUL 1      0.0                       0.0    0.0      0.0
  SNOW DEPTH       0

DEGREE DAYS
 HEATING
  YESTERDAY        0                         0      0        0
  MONTH TO DATE    0                         0      0        0
  SINCE JUN 1      1                         6     -5        4
  SINCE JUL 1      1                         0      1        1

 COOLING
  YESTERDAY       10                        13     -3       16
  MONTH TO DATE  457                       427     30      349
  SINCE JUN 1   1182                      1253    -71     1210
  SINCE JAN 1   1449                      1389     60     1348
..................................................................


WIND (MPH)
  HIGHEST WIND SPEED    21   HIGHEST WIND DIRECTION    SW (220)
  HIGHEST GUST SPEED    27   HIGHEST GUST DIRECTION    SW (220)
  AVERAGE WIND SPEED     9.6


SKY COVER
  POSSIBLE SUNSHINE  MM
  AVERAGE SKY COVER 0.8


WEATHER CONDITIONS
 THE FOLLOWING WEATHER WAS RECORDED YESTERDAY.
  THUNDERSTORM
  RAIN
  LIGHT RAIN
  FOG
  HAZE


RELATIVE HUMIDITY (PERCENT)
 HIGHEST    74           800 PM
 LOWEST     58          1200 AM
 AVERAGE    66

..........................................................


THE WICHITA MID CONTINENT KS CLIMATE NORMALS FOR TODAY
                         NORMAL    RECORD    YEAR
 MAXIMUM TEMPERATURE (F)   89       110      1984
 MINIMUM TEMPERATURE (F)   67        45      1893


SUNRISE AND SUNSET
AUGUST 29 2014........SUNRISE   657 AM CDT   SUNSET   803 PM CDT
AUGUST 30 2014........SUNRISE   658 AM CDT   SUNSET   802 PM CDT


-  INDICATES NEGATIVE NUMBERS.
R  INDICATES RECORD WAS SET OR TIED.
MM INDICATES DATA IS MISSING.
T  INDICATES TRACE AMOUNT.




$$
