000
CDUS43 KICT 030651
CLIICT


CLIMATE REPORT
NATIONAL WEATHER SERVICE WICHITA KS
151 AM CDT TUE MAY 3 2016


...................................

...THE WICHITA EISENHOWER NATIONAL CLIMATE SUMMARY FOR MAY 2 2016...

CLIMATE NORMAL PERIOD 1981 TO 2010
CLIMATE RECORD PERIOD 1888 TO 2016


WEATHER ITEM   OBSERVED TIME   RECORD YEAR NORMAL DEPARTURE LAST
                VALUE   (LST)  VALUE       VALUE  FROM      YEAR
                                                  NORMAL
..................................................................
TEMPERATURE (F)
 YESTERDAY
  MAXIMUM         66    459 PM  92    1968  73     -7       83
                                      1955
  MINIMUM         44   1159 PM  33    2005  50     -6       57
  AVERAGE         55                        62     -7       70

PRECIPITATION (IN)
  YESTERDAY        T             2.46 1914   0.13  -0.13      T
  MONTH TO DATE    T                         0.25  -0.25      T
  SINCE MAR 1      7.76                      5.53   2.23     2.90
  SINCE JAN 1      8.50                      7.54   0.96     4.67

SNOWFALL (IN)
  YESTERDAY        0.0           T    2013   0.0    0.0      0.0
  MONTH TO DATE    0.0                       0.0    0.0      0.0
  SINCE MAR 1      3.5                       2.5    1.0      1.1
  SINCE JUL 1      4.3                      14.9  -10.6     18.0
  SNOW DEPTH       0

DEGREE DAYS
 HEATING
  YESTERDAY       10                         5      5        0
  MONTH TO DATE   26                        10     16        0
  SINCE MAR 1    589                       878   -289      637
  SINCE JUL 1   3439                      4518  -1079     4202

 COOLING
  YESTERDAY        0                         1     -1        5
  MONTH TO DATE    0                         2     -2        6
  SINCE MAR 1     37                        28      9       34
  SINCE JAN 1     37                        28      9       34
..................................................................


WIND (MPH)
  HIGHEST WIND SPEED    18   HIGHEST WIND DIRECTION    NW (330)
  HIGHEST GUST SPEED    28   HIGHEST GUST DIRECTION     N (10)
  AVERAGE WIND SPEED     9.2


SKY COVER
  POSSIBLE SUNSHINE  MM
  AVERAGE SKY COVER 0.7


WEATHER CONDITIONS
 THE FOLLOWING WEATHER WAS RECORDED YESTERDAY.
  NO SIGNIFICANT WEATHER WAS OBSERVED.


RELATIVE HUMIDITY (PERCENT)
 HIGHEST    80          1200 AM
 LOWEST     37           500 PM
 AVERAGE    59

..........................................................


THE WICHITA EISENHOWER NATIONAL CLIMATE NORMALS FOR TODAY
                         NORMAL    RECORD    YEAR
 MAXIMUM TEMPERATURE (F)   73        96      1950
 MINIMUM TEMPERATURE (F)   51        30      1907


SUNRISE AND SUNSET
MAY  3 2016...........SUNRISE   631 AM CDT   SUNSET   822 PM CDT
MAY  4 2016...........SUNRISE   630 AM CDT   SUNSET   823 PM CDT


-  INDICATES NEGATIVE NUMBERS.
R  INDICATES RECORD WAS SET OR TIED.
MM INDICATES DATA IS MISSING.
T  INDICATES TRACE AMOUNT.




$$
