000
CDUS43 KICT 240630
CLIICT


CLIMATE REPORT
NATIONAL WEATHER SERVICE WICHITA KS
130 AM CDT FRI OCT 24 2014


...................................

...THE WICHITA MID CONTINENT KS CLIMATE SUMMARY FOR OCTOBER 23 2014...

CLIMATE NORMAL PERIOD 1981 TO 2010
CLIMATE RECORD PERIOD 1888 TO 2014


WEATHER ITEM   OBSERVED TIME   RECORD YEAR NORMAL DEPARTURE LAST
                VALUE   (LST)  VALUE       VALUE  FROM      YEAR
                                                  NORMAL
..................................................................
TEMPERATURE (F)
 YESTERDAY
  MAXIMUM         76    244 PM  91    2012  67      9       68
  MINIMUM         61    505 AM  25    1938  45     16       36
                                      1917
  AVERAGE         69                        56     13       52

PRECIPITATION (IN)
  YESTERDAY        0.03          1.00 2002   0.08  -0.05     0.00
  MONTH TO DATE    1.41                      2.20  -0.79     1.01
  SINCE SEP 1      1.88                      5.34  -3.46     3.04
  SINCE JAN 1     23.86                     29.43  -5.57    37.21

SNOWFALL (IN)
  YESTERDAY        0.0           0.0  2007   0.0    0.0      0.0
  MONTH TO DATE    0.0                       0.0    0.0       T
  SINCE SEP 1      0.0                       0.0    0.0       T
  SINCE JUL 1      0.0                       0.0    0.0       T
  SNOW DEPTH       0

DEGREE DAYS
 HEATING
  YESTERDAY        0                        10    -10       13
  MONTH TO DATE   91                       153    -62      162
  SINCE SEP 1    111                       195    -84      166
  SINCE JUL 1    112                       196    -84      167

 COOLING
  YESTERDAY        4                         0      4        0
  MONTH TO DATE   56                        35     21       51
  SINCE SEP 1    331                       257     74      365
  SINCE JAN 1   1827                      1684    143     1778
..................................................................


WIND (MPH)
  HIGHEST WIND SPEED    12   HIGHEST WIND DIRECTION     S (160)
  HIGHEST GUST SPEED    16   HIGHEST GUST DIRECTION     S (200)
  AVERAGE WIND SPEED     7.5


SKY COVER
  POSSIBLE SUNSHINE  MM
  AVERAGE SKY COVER 0.9


WEATHER CONDITIONS
 THE FOLLOWING WEATHER WAS RECORDED YESTERDAY.
  FOG
  HAZE


RELATIVE HUMIDITY (PERCENT)
 HIGHEST    90           500 AM
 LOWEST     60           300 PM
 AVERAGE    75

..........................................................


THE WICHITA MID CONTINENT KS CLIMATE NORMALS FOR TODAY
                         NORMAL    RECORD    YEAR
 MAXIMUM TEMPERATURE (F)   67        89      1939
 MINIMUM TEMPERATURE (F)   44        29      1995


SUNRISE AND SUNSET
OCTOBER 24 2014.......SUNRISE   747 AM CDT   SUNSET   640 PM CDT
OCTOBER 25 2014.......SUNRISE   748 AM CDT   SUNSET   639 PM CDT


-  INDICATES NEGATIVE NUMBERS.
R  INDICATES RECORD WAS SET OR TIED.
MM INDICATES DATA IS MISSING.
T  INDICATES TRACE AMOUNT.




$$
