000
CDUS43 KICT 240647
CLIICT

CLIMATE REPORT
NATIONAL WEATHER SERVICE WICHITA KS
147 AM CDT WED MAY 24 2017


...................................

...THE WICHITA EISENHOWER NATIONAL CLIMATE SUMMARY FOR MAY 23 2017...

CLIMATE NORMAL PERIOD 1981 TO 2010
CLIMATE RECORD PERIOD 1888 TO 2017


WEATHER ITEM   OBSERVED TIME   RECORD YEAR NORMAL DEPARTURE LAST
                VALUE   (LST)  VALUE       VALUE  FROM      YEAR
                                                  NORMAL
..................................................................
TEMPERATURE (F)
 YESTERDAY
  MAXIMUM         70    105 PM 100    1996  79     -9       73
  MINIMUM         52   1159 PM  40    1917  58     -6       61
                                      1893
  AVERAGE         61                        68     -7       67

PRECIPITATION (IN)
  YESTERDAY        T             1.98 2015   0.15  -0.15     1.68
  MONTH TO DATE    4.30                      3.28   1.02     3.58
  SINCE MAR 1     15.08                      8.56   6.52    11.34
  SINCE JAN 1     18.70                     10.57   8.13    12.08

SNOWFALL (IN)
  YESTERDAY        0.0           0.0  2007   0.0    0.0      0.0
                                      2001
  MONTH TO DATE    0.0                       0.0    0.0      0.0
  SINCE MAR 1      T                         2.5   -2.5      3.5
  SINCE JUL 1      2.0                      14.9  -12.9      4.3
  SNOW DEPTH       0

DEGREE DAYS
 HEATING
  YESTERDAY        4                         2      2        0
  MONTH TO DATE   68                        72     -4       91
  SINCE MAR 1    733                       940   -207      654
  SINCE JUL 1   3577                      4580  -1003     3504

 COOLING
  YESTERDAY        0                         5     -5        2
  MONTH TO DATE   62                        65     -3       33
  SINCE MAR 1    107                        91     16       70
  SINCE JAN 1    107                        91     16       70
..................................................................


WIND (MPH)
  HIGHEST WIND SPEED    29   HIGHEST WIND DIRECTION     N (350)
  HIGHEST GUST SPEED    38   HIGHEST GUST DIRECTION    NW (330)
  AVERAGE WIND SPEED    13.2


SKY COVER
  POSSIBLE SUNSHINE  MM
  AVERAGE SKY COVER 0.7


WEATHER CONDITIONS
 THE FOLLOWING WEATHER WAS RECORDED YESTERDAY.
  FOG


RELATIVE HUMIDITY (PERCENT)
 HIGHEST   100          1200 AM
 LOWEST     42          1200 PM
 AVERAGE    71

..........................................................


THE WICHITA EISENHOWER NATIONAL CLIMATE NORMALS FOR TODAY
                         NORMAL    RECORD    YEAR
 MAXIMUM TEMPERATURE (F)   79        97      1967
 MINIMUM TEMPERATURE (F)   58        41      1924


SUNRISE AND SUNSET
MAY 24 2017...........SUNRISE   613 AM CDT   SUNSET   840 PM CDT
MAY 25 2017...........SUNRISE   613 AM CDT   SUNSET   841 PM CDT


-  INDICATES NEGATIVE NUMBERS.
R  INDICATES RECORD WAS SET OR TIED.
MM INDICATES DATA IS MISSING.
T  INDICATES TRACE AMOUNT.




$$
