000
CDUS43 KICT 010621
CLIICT


CLIMATE REPORT
NATIONAL WEATHER SERVICE WICHITA KS
121 AM CDT TUE APR 1 2014


...................................

...THE WICHITA MID CONTINENT KS CLIMATE SUMMARY FOR MARCH 31 2014...

CLIMATE NORMAL PERIOD 1981 TO 2010
CLIMATE RECORD PERIOD 1888 TO 2014


WEATHER ITEM   OBSERVED TIME   RECORD YEAR NORMAL DEPARTURE LAST
                VALUE   (LST)  VALUE       VALUE  FROM      YEAR
                                                  NORMAL
..................................................................
TEMPERATURE (F)
 YESTERDAY
  MAXIMUM         76   1154 AM  88    1946  63     13       67
                                      1940
  MINIMUM         42   1159 PM  19    1926  39      3       44
  AVERAGE         59                        51      8       56

PRECIPITATION (IN)
  YESTERDAY        0.00          2.10 1927   0.10  -0.10     0.02
  MONTH TO DATE    0.49                      2.69  -2.20     2.11
  SINCE MAR 1      0.49                      2.69  -2.20     2.11
  SINCE JAN 1      1.48                      4.70  -3.22     5.13

SNOWFALL (IN)
  YESTERDAY        0.0           0.8  1984   0.1   -0.1      0.0
  MONTH TO DATE    3.2                       2.3    0.9      5.3
  SINCE MAR 1      3.2                       2.3    0.9      5.3
  SINCE JUL 1     22.7                      14.7    8.0     29.8
  SNOW DEPTH       0

DEGREE DAYS
 HEATING
  YESTERDAY        6                        14     -8        9
  MONTH TO DATE  677                       576    101      666
  SINCE MAR 1    677                       577    100      666
  SINCE JUL 1   4596                      4217    379     3937

 COOLING
  YESTERDAY        0                         0      0        0
  MONTH TO DATE    0                         2     -2        0
  SINCE MAR 1      0                         2     -2        0
  SINCE JAN 1      0                         2     -2        0
..................................................................


WIND (MPH)
  HIGHEST WIND SPEED    30   HIGHEST WIND DIRECTION     N (350)
  HIGHEST GUST SPEED    41   HIGHEST GUST DIRECTION    NW (320)
  AVERAGE WIND SPEED    20.9


SKY COVER
  POSSIBLE SUNSHINE  MM
  AVERAGE SKY COVER 0.4


WEATHER CONDITIONS
 THE FOLLOWING WEATHER WAS RECORDED YESTERDAY.
  HAZE


RELATIVE HUMIDITY (PERCENT)
 HIGHEST    64           800 AM
 LOWEST     14          1100 AM
 AVERAGE    39

..........................................................


THE WICHITA MID CONTINENT KS CLIMATE NORMALS FOR TODAY
                         NORMAL    RECORD    YEAR
 MAXIMUM TEMPERATURE (F)   63        89      1903
 MINIMUM TEMPERATURE (F)   40        20      1972


SUNRISE AND SUNSET
APRIL  1 2014.........SUNRISE   715 AM CDT   SUNSET   753 PM CDT
APRIL  2 2014.........SUNRISE   714 AM CDT   SUNSET   753 PM CDT


-  INDICATES NEGATIVE NUMBERS.
R  INDICATES RECORD WAS SET OR TIED.
MM INDICATES DATA IS MISSING.
T  INDICATES TRACE AMOUNT.




$$
