000
CDUS43 KICT 122304
CLIICT


CLIMATE REPORT
NATIONAL WEATHER SERVICE WICHITA KS
504 PM CST FRI DEC 12 2014


...................................

...THE WICHITA MID CONTINENT CLIMATE SUMMARY FOR DECEMBER 12 2014...
VALID TODAY AS OF 500 PM LOCAL TIME.

CLIMATE NORMAL PERIOD 1981 TO 2010
CLIMATE RECORD PERIOD 1888 TO 2014


WEATHER ITEM   OBSERVED TIME   RECORD YEAR NORMAL DEPARTURE LAST
                VALUE   (LST)  VALUE       VALUE  FROM      YEAR
                                                  NORMAL
..................................................................
TEMPERATURE (F)
 TODAY
  MAXIMUM         51    128 PM  73    1889  44      7       47
  MINIMUM         46    907 AM  -4    1932  24     22       11
  AVERAGE         49                        34     15       29

PRECIPITATION (IN)
  TODAY            0.00          0.59 1946   0.04  -0.04     0.00
  MONTH TO DATE    0.57                      0.52   0.05      T
  SINCE DEC 1      0.57                      0.52   0.05      T
  SINCE JAN 1     24.88                     31.96  -7.08    39.85

SNOWFALL (IN)
  TODAY            0.0           5.7  2003   0.2   -0.2      0.0
  MONTH TO DATE    0.0                       1.6   -1.6       T
  SINCE DEC 1      0.0                       1.6   -1.6       T
  SINCE JUL 1      1.8                       3.0   -1.2       T
  SNOW DEPTH       0

DEGREE DAYS
 HEATING
  TODAY           16                        31    -15       36
  MONTH TO DATE  292                       350    -58      453
  SINCE DEC 1    292                       350    -58      453
  SINCE JUL 1   1172                      1226    -54     1338

 COOLING
  TODAY            0                         0      0        0
  MONTH TO DATE    0                         0      0        0
  SINCE DEC 1      0                         0      0        0
  SINCE JAN 1   1849                      1686    163     1778
..................................................................


WIND (MPH)
  HIGHEST WIND SPEED    13   HIGHEST WIND DIRECTION     S (160)
  HIGHEST GUST SPEED    16   HIGHEST GUST DIRECTION     S (170)
  AVERAGE WIND SPEED     7.9


SKY COVER
  POSSIBLE SUNSHINE  MM
  AVERAGE SKY COVER 1.0


WEATHER CONDITIONS
 THE FOLLOWING WEATHER WAS RECORDED TODAY.
  FOG
  FOG W/VISIBILITY <= 1/4 MILE
  HAZE


RELATIVE HUMIDITY (PERCENT)
 HIGHEST   100          1000 AM
 LOWEST     77          1200 AM
 AVERAGE    89

..........................................................


THE WICHITA MID CONTINENT CLIMATE NORMALS FOR TOMORROW
                         NORMAL    RECORD    YEAR
 MAXIMUM TEMPERATURE (F)   44        75      1921
 MINIMUM TEMPERATURE (F)   24        -2      1961
                                             1917


SUNRISE AND SUNSET
DECEMBER 12 2014......SUNRISE   735 AM CST   SUNSET   511 PM CST
DECEMBER 13 2014......SUNRISE   736 AM CST   SUNSET   512 PM CST


-  INDICATES NEGATIVE NUMBERS.
R  INDICATES RECORD WAS SET OR TIED.
MM INDICATES DATA IS MISSING.
T  INDICATES TRACE AMOUNT.




$$

JMBW
