000
CDUS43 KICT 142205
CLIICT


CLIMATE REPORT
NATIONAL WEATHER SERVICE WICHITA KS
505 PM CDT FRI APR 14 2017


...................................

...THE WICHITA EISENHOWER NATIONAL CLIMATE SUMMARY FOR APRIL 14 2017...
VALID TODAY AS OF 500 PM LOCAL TIME.

CLIMATE NORMAL PERIOD 1981 TO 2010
CLIMATE RECORD PERIOD 1888 TO 2017


WEATHER ITEM   OBSERVED TIME   RECORD YEAR NORMAL DEPARTURE LAST
                VALUE   (LST)  VALUE       VALUE  FROM      YEAR
                                                  NORMAL
..................................................................
TEMPERATURE (F)
 TODAY
  MAXIMUM         79    252 PM  93    1936  67     12       73
  MINIMUM         57   1220 AM  25    1928  44     13       43
  AVERAGE         68                        56     12       58

PRECIPITATION (IN)
  TODAY            T             1.83 1918   0.08  -0.08     0.00
  MONTH TO DATE    1.75                      1.06   0.69     0.14
  SINCE MAR 1      5.25                      3.75   1.50     1.67
  SINCE JAN 1      8.87                      5.76   3.11     2.41

SNOWFALL (IN)
  TODAY            0.0           0.8  2007   0.0    0.0      0.0
  MONTH TO DATE    0.0                       0.2   -0.2      0.0
  SINCE MAR 1      T                         2.5   -2.5      3.5
  SINCE JUL 1      2.0                      14.9  -12.9      4.3
  SNOW DEPTH       0

DEGREE DAYS
 HEATING
  TODAY            0                        10    -10        7
  MONTH TO DATE  115                       168    -53      104
  SINCE MAR 1    544                       745   -201      493
  SINCE JUL 1   3388                      4385   -997     3343

 COOLING
  TODAY            3                         1      2        0
  MONTH TO DATE   10                         7      3       11
  SINCE MAR 1     28                         9     19       18
  SINCE JAN 1     28                         9     19       18
..................................................................


WIND (MPH)
  HIGHEST WIND SPEED    36   HIGHEST WIND DIRECTION     S (180)
  HIGHEST GUST SPEED    45   HIGHEST GUST DIRECTION     S (180)
  AVERAGE WIND SPEED    17.7


SKY COVER
  POSSIBLE SUNSHINE  MM
  AVERAGE SKY COVER 0.8


WEATHER CONDITIONS
 THE FOLLOWING WEATHER WAS RECORDED TODAY.
  LIGHT RAIN
  FOG


RELATIVE HUMIDITY (PERCENT)
 HIGHEST   100          1200 AM
 LOWEST     52           300 PM
 AVERAGE    76

..........................................................


THE WICHITA EISENHOWER NATIONAL CLIMATE NORMALS FOR TOMORROW
                         NORMAL    RECORD    YEAR
 MAXIMUM TEMPERATURE (F)   68        95      2006
 MINIMUM TEMPERATURE (F)   44        25      1983


SUNRISE AND SUNSET
APRIL 14 2017.........SUNRISE   656 AM CDT   SUNSET   805 PM CDT
APRIL 15 2017.........SUNRISE   654 AM CDT   SUNSET   806 PM CDT


-  INDICATES NEGATIVE NUMBERS.
R  INDICATES RECORD WAS SET OR TIED.
MM INDICATES DATA IS MISSING.
T  INDICATES TRACE AMOUNT.




$$
