749
CDUS43 KICT 160630
CLIICT


CLIMATE REPORT
NATIONAL WEATHER SERVICE WICHITA KS
127 AM CDT THU MAR 16 2017


...................................

...THE WICHITA EISENHOWER NATIONAL CLIMATE SUMMARY FOR MARCH 15 2017...

CLIMATE NORMAL PERIOD 1981 TO 2010
CLIMATE RECORD PERIOD 1888 TO 2017


WEATHER ITEM   OBSERVED TIME   RECORD YEAR NORMAL DEPARTURE LAST
                VALUE   (LST)  VALUE       VALUE  FROM      YEAR
                                                  NORMAL
..................................................................
TEMPERATURE (F)
 YESTERDAY
  MAXIMUM         51    513 PM  81    1914  58     -7       68
  MINIMUM         28   1202 AM  10    1895  35     -7       42
  AVERAGE         40                        46     -6       55

PRECIPITATION (IN)
  YESTERDAY        T             1.80 1919   0.09  -0.09     0.00
  MONTH TO DATE    0.02                      1.17  -1.15     0.91
  SINCE MAR 1      0.02                      1.17  -1.15     0.91
  SINCE JAN 1      3.64                      3.18   0.46     1.65

SNOWFALL (IN)
  YESTERDAY        T             3.8  1960   0.1   -0.1      0.0
  MONTH TO DATE    T                         1.3   -1.3      0.0
  SINCE MAR 1      T                         1.3   -1.3      0.0
  SINCE JUL 1      2.0                      13.7  -11.7      0.8
  SNOW DEPTH       0

DEGREE DAYS
 HEATING
  YESTERDAY       25                        19      6       10
  MONTH TO DATE  284                       315    -31      150
  SINCE MAR 1    284                       315    -31      150
  SINCE JUL 1   3128                      3955   -827     3000

 COOLING
  YESTERDAY        0                         0      0        0
  MONTH TO DATE    0                         0      0        3
  SINCE MAR 1      0                         0      0        3
  SINCE JAN 1      0                         0      0        3
..................................................................


WIND (MPH)
  HIGHEST WIND SPEED    21   HIGHEST WIND DIRECTION     S (180)
  HIGHEST GUST SPEED    25   HIGHEST GUST DIRECTION     S (160)
  AVERAGE WIND SPEED    11.4


SKY COVER
  POSSIBLE SUNSHINE  MM
  AVERAGE SKY COVER 0.7


WEATHER CONDITIONS
 THE FOLLOWING WEATHER WAS RECORDED YESTERDAY.
  LIGHT SNOW


RELATIVE HUMIDITY (PERCENT)
 HIGHEST    75          1200 AM
 LOWEST     36           400 PM
 AVERAGE    56

..........................................................


THE WICHITA EISENHOWER NATIONAL CLIMATE NORMALS FOR TODAY
                         NORMAL    RECORD    YEAR
 MAXIMUM TEMPERATURE (F)   58        83      2015
                                             1908
 MINIMUM TEMPERATURE (F)   35         9      1895


SUNRISE AND SUNSET
MARCH 16 2017.........SUNRISE   739 AM CDT   SUNSET   738 PM CDT
MARCH 17 2017.........SUNRISE   737 AM CDT   SUNSET   739 PM CDT


-  INDICATES NEGATIVE NUMBERS.
R  INDICATES RECORD WAS SET OR TIED.
MM INDICATES DATA IS MISSING.
T  INDICATES TRACE AMOUNT.




$$
