273
CDUS43 KICT 170625
CLIICT


CLIMATE REPORT
NATIONAL WEATHER SERVICE WICHITA KS
1224 AM CST FRI FEB 17 2017


...................................

...THE WICHITA EISENHOWER NATIONAL CLIMATE SUMMARY FOR FEBRUARY 16 2017...

CLIMATE NORMAL PERIOD 1981 TO 2010
CLIMATE RECORD PERIOD 1888 TO 2017


WEATHER ITEM   OBSERVED TIME   RECORD YEAR NORMAL DEPARTURE LAST
                VALUE   (LST)  VALUE       VALUE  FROM      YEAR
                                                  NORMAL
..................................................................
TEMPERATURE (F)
 YESTERDAY
  MAXIMUM         72R   356 PM  72    1898  49     23       56
  MINIMUM         29    539 AM  -6    1903  26      3       31
  AVERAGE         51                        37     14       44

PRECIPITATION (IN)
  YESTERDAY        0.00          1.86 1911   0.04  -0.04      T
  MONTH TO DATE    0.03                      0.62  -0.59     0.55
  SINCE DEC 1      3.48                      2.65   0.83     2.96
  SINCE JAN 1      2.82                      1.45   1.37     0.74

SNOWFALL (IN)
  YESTERDAY        0.0           8.8  1975   0.2   -0.2      0.0
  MONTH TO DATE    0.0                       2.2   -2.2      0.0
  SINCE DEC 1      2.0                      10.0   -8.0      0.5
  SINCE JUL 1      2.0                      11.4   -9.4      0.8
  SNOW DEPTH       0

DEGREE DAYS
 HEATING
  YESTERDAY       14                        28    -14       21
  MONTH TO DATE  349                       473   -124      402
  SINCE DEC 1   2208                      2457   -249     2084
  SINCE JUL 1   2661                      3333   -672     2653

 COOLING
  YESTERDAY        0                         0      0        0
  MONTH TO DATE    0                         0      0        0
  SINCE DEC 1      0                         0      0        0
  SINCE JAN 1      0                         0      0        0
..................................................................


WIND (MPH)
  HIGHEST WIND SPEED    26   HIGHEST WIND DIRECTION    SW (210)
  HIGHEST GUST SPEED    33   HIGHEST GUST DIRECTION     S (200)
  AVERAGE WIND SPEED    13.5


SKY COVER
  POSSIBLE SUNSHINE  MM
  AVERAGE SKY COVER 0.1


WEATHER CONDITIONS
 THE FOLLOWING WEATHER WAS RECORDED YESTERDAY.
  NO SIGNIFICANT WEATHER WAS OBSERVED.


RELATIVE HUMIDITY (PERCENT)
 HIGHEST    85           600 AM
 LOWEST     19           400 PM
 AVERAGE    52

..........................................................


THE WICHITA EISENHOWER NATIONAL CLIMATE NORMALS FOR TODAY
                         NORMAL    RECORD    YEAR
 MAXIMUM TEMPERATURE (F)   49        78      2011
 MINIMUM TEMPERATURE (F)   27        -4      1903


SUNRISE AND SUNSET
FEBRUARY 17 2017......SUNRISE   716 AM CST   SUNSET   611 PM CST
FEBRUARY 18 2017......SUNRISE   715 AM CST   SUNSET   612 PM CST


-  INDICATES NEGATIVE NUMBERS.
R  INDICATES RECORD WAS SET OR TIED.
MM INDICATES DATA IS MISSING.
T  INDICATES TRACE AMOUNT.




$$
