000
CDUS43 KICT 010639
CLIICT

CLIMATE REPORT
NATIONAL WEATHER SERVICE WICHITA KS
1237 AM CST THU DEC 1 2016

...................................

...THE WICHITA EISENHOWER NATIONAL CLIMATE SUMMARY FOR NOVEMBER 30 2016...

CLIMATE NORMAL PERIOD 1981 TO 2010
CLIMATE RECORD PERIOD 1888 TO 2016


WEATHER ITEM   OBSERVED TIME   RECORD YEAR NORMAL DEPARTURE LAST
                VALUE   (LST)  VALUE       VALUE  FROM      YEAR
                                                  NORMAL
..................................................................
TEMPERATURE (F)
 YESTERDAY
  MAXIMUM         51    341 PM  73    1995  49      2       40
  MINIMUM         24   1146 PM  10    1964  28     -4       27
                                      1896
  AVERAGE         38                        38      0       34

PRECIPITATION (IN)
  YESTERDAY        0.00          0.92 1906   0.04  -0.04     0.31
  MONTH TO DATE    0.26                      1.43  -1.17     4.17
  SINCE SEP 1     13.60                      7.35   6.25     7.38
  SINCE JAN 1     49.94                     31.44  18.50    39.80

SNOWFALL (IN)
  YESTERDAY        0.0           5.5  2006   0.1   -0.1      0.0
  MONTH TO DATE    0.0                       1.3   -1.3      0.3
  SINCE SEP 1      0.0                       1.4   -1.4      0.3
  SINCE JUL 1      0.0                       1.4   -1.4      0.3
  SNOW DEPTH       0

DEGREE DAYS
 HEATING
  YESTERDAY       27                        27      0       31
  MONTH TO DATE  363                       588   -225      444
  SINCE SEP 1    453                       875   -422      569
  SINCE JUL 1    453                       876   -423      569

 COOLING
  YESTERDAY        0                         0      0        0
  MONTH TO DATE   11                         2      9        2
  SINCE SEP 1    382                       259    123      416
  SINCE JAN 1   2054                      1686    368     1907
..................................................................


WIND (MPH)
  HIGHEST WIND SPEED    23   HIGHEST WIND DIRECTION    NW (310)
  HIGHEST GUST SPEED    34   HIGHEST GUST DIRECTION     N (340)
  AVERAGE WIND SPEED    10.7


SKY COVER
  POSSIBLE SUNSHINE  MM
  AVERAGE SKY COVER 0.2


WEATHER CONDITIONS
 THE FOLLOWING WEATHER WAS RECORDED YESTERDAY.
  NO SIGNIFICANT WEATHER WAS OBSERVED.


RELATIVE HUMIDITY (PERCENT)
 HIGHEST    78           800 AM
 LOWEST     27           400 PM
 AVERAGE    53

..........................................................


THE WICHITA EISENHOWER NATIONAL CLIMATE NORMALS FOR TODAY
                         NORMAL    RECORD    YEAR
 MAXIMUM TEMPERATURE (F)   48        71      1917
 MINIMUM TEMPERATURE (F)   28         3      2006


SUNRISE AND SUNSET
DECEMBER  1 2016......SUNRISE   726 AM CST   SUNSET   511 PM CST
DECEMBER  2 2016......SUNRISE   727 AM CST   SUNSET   511 PM CST


-  INDICATES NEGATIVE NUMBERS.
R  INDICATES RECORD WAS SET OR TIED.
MM INDICATES DATA IS MISSING.
T  INDICATES TRACE AMOUNT.

$$
