000
CDUS43 KICT 182304
CLIICT


CLIMATE REPORT
NATIONAL WEATHER SERVICE WICHITA KS
504 PM CST SAT FEB 18 2017


...................................

...THE WICHITA EISENHOWER NATIONAL CLIMATE SUMMARY FOR FEBRUARY 18 2017...
VALID TODAY AS OF 0500 PM LOCAL TIME.

CLIMATE NORMAL PERIOD 1981 TO 2010
CLIMATE RECORD PERIOD 1888 TO 2017


WEATHER ITEM   OBSERVED TIME   RECORD YEAR NORMAL DEPARTURE LAST
                VALUE   (LST)  VALUE       VALUE  FROM      YEAR
                                                  NORMAL
..................................................................
TEMPERATURE (F)
 TODAY
  MAXIMUM         73    415 PM  77    2016  49     24       77
  MINIMUM         38    742 AM  -2    1889  27     11       48
  AVERAGE         56                        38     18       63

PRECIPITATION (IN)
  TODAY            0.00          1.46 1915   0.05  -0.05     0.00
  MONTH TO DATE    0.03                      0.71  -0.68     0.55
  SINCE DEC 1      3.48                      2.74   0.74     2.96
  SINCE JAN 1      2.82                      1.54   1.28     0.74

SNOWFALL (IN)
  TODAY            0.0           6.0  1938   0.1   -0.1      0.0
  MONTH TO DATE    0.0                       2.4   -2.4      0.0
  SINCE DEC 1      2.0                      10.2   -8.2      0.5
  SINCE JUL 1      2.0                      11.6   -9.6      0.8
  SNOW DEPTH       0

DEGREE DAYS
 HEATING
  TODAY            9                        27    -18        2
  MONTH TO DATE  368                       527   -159      419
  SINCE DEC 1   2227                      2511   -284     2101
  SINCE JUL 1   2680                      3387   -707     2670

 COOLING
  TODAY            0                         0      0        0
  MONTH TO DATE    0                         0      0        0
  SINCE DEC 1      0                         0      0        0
  SINCE JAN 1      0                         0      0        0
..................................................................


WIND (MPH)
  HIGHEST WIND SPEED    15   HIGHEST WIND DIRECTION     S (190)
  HIGHEST GUST SPEED    20   HIGHEST GUST DIRECTION    SE (150)
  AVERAGE WIND SPEED     6.8


SKY COVER
  POSSIBLE SUNSHINE  MM
  AVERAGE SKY COVER 0.4


WEATHER CONDITIONS
 THE FOLLOWING WEATHER WAS RECORDED TODAY.
  FOG


RELATIVE HUMIDITY (PERCENT)
 HIGHEST   100           700 AM
 LOWEST     33           400 PM
 AVERAGE    67

..........................................................


THE WICHITA EISENHOWER NATIONAL CLIMATE NORMALS FOR TOMORROW
                         NORMAL    RECORD    YEAR
 MAXIMUM TEMPERATURE (F)   49        74      1996
                                             1930
 MINIMUM TEMPERATURE (F)   27         2      1975
                                             1903


SUNRISE AND SUNSET
FEBRUARY 18 2017......SUNRISE   715 AM CST   SUNSET   612 PM CST
FEBRUARY 19 2017......SUNRISE   714 AM CST   SUNSET   613 PM CST


-  INDICATES NEGATIVE NUMBERS.
R  INDICATES RECORD WAS SET OR TIED.
MM INDICATES DATA IS MISSING.
T  INDICATES TRACE AMOUNT.




$$
