000
CDUS43 KICT 250625
CLIICT

CLIMATE REPORT
NATIONAL WEATHER SERVICE WICHITA KS
124 AM CDT SUN JUN 25 2017


...................................

...THE WICHITA EISENHOWER NATIONAL CLIMATE SUMMARY FOR JUNE 24 2017...

CLIMATE NORMAL PERIOD 1981 TO 2010
CLIMATE RECORD PERIOD 1888 TO 2017


WEATHER ITEM   OBSERVED TIME   RECORD YEAR NORMAL DEPARTURE LAST
                VALUE   (LST)  VALUE       VALUE  FROM      YEAR
                                                  NORMAL
..................................................................
TEMPERATURE (F)
 YESTERDAY
  MAXIMUM         84    555 PM 103    1980  90     -6       93
                                      1973
                                      1954
  MINIMUM         59    518 AM  53    1940  67     -8       74
  AVERAGE         72                        78     -6       84

PRECIPITATION (IN)
  YESTERDAY        0.00          2.47 2014   0.17  -0.17     0.07
  MONTH TO DATE    3.14                      4.29  -1.15     2.36
  SINCE JUN 1      3.14                      4.29  -1.15     2.36
  SINCE JAN 1     21.98                     16.15   5.83    17.92

SNOWFALL (IN)
  YESTERDAY        0.0           0.0  2007   0.0    0.0      0.0
  MONTH TO DATE    0.0                       0.0    0.0      0.0
  SINCE JUN 1      0.0                       0.0    0.0      0.0
  SINCE JUL 1      2.0                      14.9  -12.9      4.3
  SNOW DEPTH       0

DEGREE DAYS
 HEATING
  YESTERDAY        0                         0      0        0
  MONTH TO DATE    0                         3     -3        0
  SINCE JUN 1      0                         3     -3        0
  SINCE JUL 1   3584                      4591  -1007     3504

 COOLING
  YESTERDAY        7                        13     -6       19
  MONTH TO DATE  291                       243     48      379
  SINCE JUN 1    291                       243     48      379
  SINCE JAN 1    447                       379     68      509
..................................................................


WIND (MPH)
  HIGHEST WIND SPEED    13   HIGHEST WIND DIRECTION     E (110)
  HIGHEST GUST SPEED    15   HIGHEST GUST DIRECTION    SE (120)
  AVERAGE WIND SPEED     5.3


SKY COVER
  POSSIBLE SUNSHINE  MM
  AVERAGE SKY COVER 0.5


WEATHER CONDITIONS
 THE FOLLOWING WEATHER WAS RECORDED YESTERDAY.
  NO SIGNIFICANT WEATHER WAS OBSERVED.


RELATIVE HUMIDITY (PERCENT)
 HIGHEST    78           400 AM
 LOWEST     32           600 PM
 AVERAGE    55

..........................................................


THE WICHITA EISENHOWER NATIONAL CLIMATE NORMALS FOR TODAY
                         NORMAL    RECORD    YEAR
 MAXIMUM TEMPERATURE (F)   90       107      1911
 MINIMUM TEMPERATURE (F)   68        48      1958


SUNRISE AND SUNSET
JUNE 25 2017..........SUNRISE   610 AM CDT   SUNSET   855 PM CDT
JUNE 26 2017..........SUNRISE   610 AM CDT   SUNSET   855 PM CDT


-  INDICATES NEGATIVE NUMBERS.
R  INDICATES RECORD WAS SET OR TIED.
MM INDICATES DATA IS MISSING.
T  INDICATES TRACE AMOUNT.




$$
