000
CDUS43 KICT 192304
CLIICT


CLIMATE REPORT
NATIONAL WEATHER SERVICE WICHITA KS
504 PM CST FRI DEC 19 2014


...................................

...THE WICHITA MID CONTINENT CLIMATE SUMMARY FOR DECEMBER 19 2014...
VALID TODAY AS OF 0500 PM LOCAL TIME.

CLIMATE NORMAL PERIOD 1981 TO 2010
CLIMATE RECORD PERIOD 1888 TO 2014


WEATHER ITEM   OBSERVED TIME   RECORD YEAR NORMAL DEPARTURE LAST
                VALUE   (LST)  VALUE       VALUE  FROM      YEAR
                                                  NORMAL
..................................................................
TEMPERATURE (F)
 TODAY
  MAXIMUM         37    503 PM  67    1966  42     -5       62
  MINIMUM         31    646 AM  -8    1983  23      8       36
  AVERAGE         34                        33      1       49

PRECIPITATION (IN)
  TODAY            0.00          1.89 2011   0.04  -0.04     0.00
  MONTH TO DATE    1.12                      0.80   0.32      T
  SINCE DEC 1      1.12                      0.80   0.32      T
  SINCE JAN 1     25.43                     32.24  -6.81    39.85

SNOWFALL (IN)
  TODAY            0.0           2.4  1973   0.2   -0.2      0.0
  MONTH TO DATE    2.7                       2.6    0.1       T
  SINCE DEC 1      2.7                       2.6    0.1       T
  SINCE JUL 1      4.5                       4.0    0.5       T
  SNOW DEPTH       1

DEGREE DAYS
 HEATING
  TODAY           31                        32     -1       16
  MONTH TO DATE  459                       572   -113      616
  SINCE DEC 1    459                       572   -113      616
  SINCE JUL 1   1339                      1448   -109     1501

 COOLING
  TODAY            0                         0      0        0
  MONTH TO DATE    0                         0      0        0
  SINCE DEC 1      0                         0      0        0
  SINCE JAN 1   1849                      1686    163     1778
..................................................................


WIND (MPH)
  HIGHEST WIND SPEED     9   HIGHEST WIND DIRECTION    SE (130)
  HIGHEST GUST SPEED    11   HIGHEST GUST DIRECTION    SE (150)
  AVERAGE WIND SPEED     3.6


SKY COVER
  POSSIBLE SUNSHINE  MM
  AVERAGE SKY COVER 1.0


WEATHER CONDITIONS
 THE FOLLOWING WEATHER WAS RECORDED TODAY.
  FOG
  HAZE


RELATIVE HUMIDITY (PERCENT)
 HIGHEST    92          1200 AM
 LOWEST     82          1100 AM
 AVERAGE    87

..........................................................


THE WICHITA MID CONTINENT CLIMATE NORMALS FOR TOMORROW
                         NORMAL    RECORD    YEAR
 MAXIMUM TEMPERATURE (F)   42        70      1894
 MINIMUM TEMPERATURE (F)   23        -7      1983


SUNRISE AND SUNSET
DECEMBER 19 2014......SUNRISE   740 AM CST   SUNSET   514 PM CST
DECEMBER 20 2014......SUNRISE   740 AM CST   SUNSET   514 PM CST


-  INDICATES NEGATIVE NUMBERS.
R  INDICATES RECORD WAS SET OR TIED.
MM INDICATES DATA IS MISSING.
T  INDICATES TRACE AMOUNT.




$$
