000
CDUS43 KICT 200640
CLIICT


CLIMATE REPORT
NATIONAL WEATHER SERVICE WICHITA KS
139 AM CDT FRI OCT 20 2017


...................................

...THE WICHITA EISENHOWER NATIONAL CLIMATE SUMMARY FOR OCTOBER 19 2017...

CLIMATE NORMAL PERIOD 1981 TO 2010
CLIMATE RECORD PERIOD 1888 TO 2017


WEATHER ITEM   OBSERVED TIME   RECORD YEAR NORMAL DEPARTURE LAST
                VALUE   (LST)  VALUE       VALUE  FROM      YEAR
                                                  NORMAL
..................................................................
TEMPERATURE (F)
 YESTERDAY
  MAXIMUM         80    148 PM  86    1979  69     11       78
  MINIMUM         48    442 AM  23    1917  46      2       55
  AVERAGE         64                        57      7       67

PRECIPITATION (IN)
  YESTERDAY        0.00          0.67 1908   0.09  -0.09     0.00
  MONTH TO DATE    3.01                      1.84   1.17     1.12
  SINCE SEP 1      5.35                      4.98   0.37    12.42
  SINCE JAN 1     32.70                     29.07   3.63    48.76

SNOWFALL (IN)
  YESTERDAY        0.0           0.0  2007   0.0    0.0      0.0
  MONTH TO DATE    0.0                       0.0    0.0      0.0
  SINCE SEP 1      0.0                       0.0    0.0      0.0
  SINCE JUL 1      0.0                       0.0    0.0      0.0
  SNOW DEPTH       0

DEGREE DAYS
 HEATING
  YESTERDAY        1                         8     -7        0
  MONTH TO DATE   64                       116    -52       43
  SINCE SEP 1     70                       158    -88       57
  SINCE JUL 1     70                       159    -89       57

 COOLING
  YESTERDAY        0                         1     -1        2
  MONTH TO DATE   64                        32     32       68
  SINCE SEP 1    340                       254     86      348
  SINCE JAN 1   1779                      1681     98     2020
..................................................................


WIND (MPH)
  HIGHEST WIND SPEED    22   HIGHEST WIND DIRECTION     S (170)
  HIGHEST GUST SPEED    27   HIGHEST GUST DIRECTION     S (170)
  AVERAGE WIND SPEED    12.5


SKY COVER
  POSSIBLE SUNSHINE  MM
  AVERAGE SKY COVER 0.3


WEATHER CONDITIONS
 THE FOLLOWING WEATHER WAS RECORDED YESTERDAY.
  NO SIGNIFICANT WEATHER WAS OBSERVED.


RELATIVE HUMIDITY (PERCENT)
 HIGHEST    93           400 AM
 LOWEST     32           400 PM
 AVERAGE    63

..........................................................


THE WICHITA EISENHOWER NATIONAL CLIMATE NORMALS FOR TODAY
                         NORMAL    RECORD    YEAR
 MAXIMUM TEMPERATURE (F)   68        92      1979
 MINIMUM TEMPERATURE (F)   46        21      1976


SUNRISE AND SUNSET
OCTOBER 20 2017.......SUNRISE   743 AM CDT   SUNSET   645 PM CDT
OCTOBER 21 2017.......SUNRISE   744 AM CDT   SUNSET   644 PM CDT


-  INDICATES NEGATIVE NUMBERS.
R  INDICATES RECORD WAS SET OR TIED.
MM INDICATES DATA IS MISSING.
T  INDICATES TRACE AMOUNT.




$$
