000
CDUS43 KICT 260708
CLIICT


CLIMATE REPORT
NATIONAL WEATHER SERVICE WICHITA KS
107 AM CST THU FEB 26 2015


...................................

...THE WICHITA EISENHOWER NATIONAL CLIMATE SUMMARY FOR FEBRUARY 25 2015...

CLIMATE NORMAL PERIOD 1981 TO 2010
CLIMATE RECORD PERIOD 1888 TO 2015


WEATHER ITEM   OBSERVED TIME   RECORD YEAR NORMAL DEPARTURE LAST
                VALUE   (LST)  VALUE       VALUE  FROM      YEAR
                                                  NORMAL
..................................................................
TEMPERATURE (F)
 YESTERDAY
  MAXIMUM         57    423 PM  78    1986  51      6       33
  MINIMUM         21    647 AM   3    1960  29     -8       18
  AVERAGE         39                        40     -1       26

PRECIPITATION (IN)
  YESTERDAY        0.00          1.60 1912   0.04  -0.04      T
  MONTH TO DATE    0.24                      1.03  -0.79     0.84
  SINCE DEC 1      2.64                      3.06  -0.42     1.57
  SINCE JAN 1      1.35                      1.86  -0.51     0.97

SNOWFALL (IN)
  YESTERDAY        0.0           4.8  2013   0.1   -0.1       T
  MONTH TO DATE    2.6                       3.0   -0.4     13.0
  SINCE DEC 1     10.8                      10.8    0.0     19.4
  SINCE JUL 1     12.6                      12.2    0.4     19.4
  SNOW DEPTH       0

DEGREE DAYS
 HEATING
  YESTERDAY       26                        25      1       39
  MONTH TO DATE  770                       707     63      848
  SINCE DEC 1   2544                      2691   -147     2937
  SINCE JUL 1   3424                      3567   -143     3822

 COOLING
  YESTERDAY        0                         0      0        0
  MONTH TO DATE    0                         0      0        0
  SINCE DEC 1      0                         0      0        0
  SINCE JAN 1      0                         0      0        0
..................................................................


WIND (MPH)
  HIGHEST WIND SPEED    35   HIGHEST WIND DIRECTION     N (360)
  HIGHEST GUST SPEED    50   HIGHEST GUST DIRECTION     N (10)
  AVERAGE WIND SPEED    12.6


SKY COVER
  POSSIBLE SUNSHINE  MM
  AVERAGE SKY COVER 0.4


WEATHER CONDITIONS
 THE FOLLOWING WEATHER WAS RECORDED YESTERDAY.
  FOG
  HAZE


RELATIVE HUMIDITY (PERCENT)
 HIGHEST    88           800 AM
 LOWEST     35           400 PM
 AVERAGE    62

..........................................................


THE WICHITA EISENHOWER NATIONAL CLIMATE NORMALS FOR TODAY
                         NORMAL    RECORD    YEAR
 MAXIMUM TEMPERATURE (F)   52        78      1896
 MINIMUM TEMPERATURE (F)   30         0      1934


SUNRISE AND SUNSET
FEBRUARY 26 2015......SUNRISE   705 AM CST   SUNSET   620 PM CST
FEBRUARY 27 2015......SUNRISE   704 AM CST   SUNSET   621 PM CST


-  INDICATES NEGATIVE NUMBERS.
R  INDICATES RECORD WAS SET OR TIED.
MM INDICATES DATA IS MISSING.
T  INDICATES TRACE AMOUNT.




$$
