000
CDUS43 KICT 140631
CLIICT


CLIMATE REPORT
NATIONAL WEATHER SERVICE WICHITA KS
131 AM CDT MON APR 14 2014


...................................

...THE WICHITA MID CONTINENT KS CLIMATE SUMMARY FOR APRIL 13 2014...

CLIMATE NORMAL PERIOD 1981 TO 2010
CLIMATE RECORD PERIOD 1888 TO 2014


WEATHER ITEM   OBSERVED TIME   RECORD YEAR NORMAL DEPARTURE LAST
                VALUE   (LST)  VALUE       VALUE  FROM      YEAR
                                                  NORMAL
..................................................................
TEMPERATURE (F)
 YESTERDAY
  MAXIMUM         82   1155 AM  96    2006  67     15       73
  MINIMUM         36   1116 PM  21    1950  44     -8       39
  AVERAGE         59                        55      4       56

PRECIPITATION (IN)
  YESTERDAY        0.01          1.58 2007   0.08  -0.07     0.00
  MONTH TO DATE    0.42                      0.98  -0.56     1.63
  SINCE MAR 1      0.91                      3.67  -2.76     3.74
  SINCE JAN 1      1.90                      5.68  -3.78     6.76

SNOWFALL (IN)
  YESTERDAY        0.0           0.5  2007   0.0    0.0      0.0
  MONTH TO DATE    0.0                       0.2   -0.2       T
  SINCE MAR 1      3.2                       2.5    0.7      5.3
  SINCE JUL 1     22.7                      14.9    7.8     29.8
  SNOW DEPTH       0

DEGREE DAYS
 HEATING
  YESTERDAY        6                        10     -4        9
  MONTH TO DATE  129                       158    -29      204
  SINCE MAR 1    806                       735     71      870
  SINCE JUL 1   4725                      4375    350     4141

 COOLING
  YESTERDAY        0                         1     -1        0
  MONTH TO DATE    9                         6      3        2
  SINCE MAR 1      9                         8      1        2
  SINCE JAN 1      9                         8      1        2
..................................................................


WIND (MPH)
  HIGHEST WIND SPEED    37   HIGHEST WIND DIRECTION     N (340)
  HIGHEST GUST SPEED    47   HIGHEST GUST DIRECTION     N (340)
  AVERAGE WIND SPEED    22.0


SKY COVER
  POSSIBLE SUNSHINE  MM
  AVERAGE SKY COVER 0.9


WEATHER CONDITIONS
 THE FOLLOWING WEATHER WAS RECORDED YESTERDAY.
  THUNDERSTORM
  RAIN
  LIGHT RAIN
  HAIL
  FOG
  HAZE


RELATIVE HUMIDITY (PERCENT)
 HIGHEST    82           800 PM
 LOWEST     51          1200 PM
 AVERAGE    67

..........................................................


THE WICHITA MID CONTINENT KS CLIMATE NORMALS FOR TODAY
                         NORMAL    RECORD    YEAR
 MAXIMUM TEMPERATURE (F)   67        93      1936
 MINIMUM TEMPERATURE (F)   44        25      1928


SUNRISE AND SUNSET
APRIL 14 2014.........SUNRISE   656 AM CDT   SUNSET   804 PM CDT
APRIL 15 2014.........SUNRISE   655 AM CDT   SUNSET   805 PM CDT


-  INDICATES NEGATIVE NUMBERS.
R  INDICATES RECORD WAS SET OR TIED.
MM INDICATES DATA IS MISSING.
T  INDICATES TRACE AMOUNT.




$$

JMBW
