000
CDUS43 KICT 270714
CLIICT

CLIMATE REPORT
NATIONAL WEATHER SERVICE WICHITA KS
206 AM CDT WED JUL 27 2016

...................................

...THE WICHITA EISENHOWER NATIONAL CLIMATE SUMMARY FOR JULY 26 2016...

CLIMATE NORMAL PERIOD 1981 TO 2010
CLIMATE RECORD PERIOD 1888 TO 2016


WEATHER ITEM   OBSERVED TIME   RECORD YEAR NORMAL DEPARTURE LAST
                VALUE   (LST)  VALUE       VALUE  FROM      YEAR
                                                  NORMAL
..................................................................
TEMPERATURE (F)
 YESTERDAY
  MAXIMUM         92    339 PM 105    2006  93     -1       96
                                      1952
                                      1910
  MINIMUM         74    637 AM  57    2004  70      4       79
  AVERAGE         83                        81      2       88

PRECIPITATION (IN)
  YESTERDAY        0.00          2.13 2013   0.09  -0.09      T
  MONTH TO DATE    8.54                      2.84   5.70     5.60
  SINCE JUN 1     11.37                      8.04   3.33     7.80
  SINCE JAN 1     26.93                     19.90   7.03    24.24

SNOWFALL (IN)
  YESTERDAY        0.0           0.0  2007   0.0    0.0      0.0
  MONTH TO DATE    0.0                       0.0    0.0      0.0
  SINCE JUN 1      0.0                       0.0    0.0      0.0
  SINCE JUL 1      0.0                       0.0    0.0      0.0
  SNOW DEPTH       0

DEGREE DAYS
 HEATING
  YESTERDAY        0                         0      0        0
  MONTH TO DATE    0                         0      0        0
  SINCE JUN 1      0                         6     -6        0
  SINCE JUL 1      0                         0      0        0

 COOLING
  YESTERDAY       18                        16      2       23
  MONTH TO DATE  500                       411     89      452
  SINCE JUN 1    986                       740    246      911
  SINCE JAN 1   1116                       876    240     1024
..................................................................


WIND (MPH)
  HIGHEST WIND SPEED    17   HIGHEST WIND DIRECTION     E (70)
  HIGHEST GUST SPEED    23   HIGHEST GUST DIRECTION    NE (60)
  AVERAGE WIND SPEED     8.2


SKY COVER
  POSSIBLE SUNSHINE  MM
  AVERAGE SKY COVER 0.6


WEATHER CONDITIONS
 THE FOLLOWING WEATHER WAS RECORDED YESTERDAY.
  FOG


RELATIVE HUMIDITY (PERCENT)
 HIGHEST    93           500 AM
 LOWEST     52           200 PM
 AVERAGE    73

..........................................................


THE WICHITA EISENHOWER NATIONAL CLIMATE NORMALS FOR TODAY
                         NORMAL    RECORD    YEAR
 MAXIMUM TEMPERATURE (F)   93       111      2011
 MINIMUM TEMPERATURE (F)   70        58      2005
                                             2004
                                             1994


SUNRISE AND SUNSET
JULY 27 2016..........SUNRISE   630 AM CDT   SUNSET   842 PM CDT
JULY 28 2016..........SUNRISE   631 AM CDT   SUNSET   841 PM CDT


-  INDICATES NEGATIVE NUMBERS.
R  INDICATES RECORD WAS SET OR TIED.
MM INDICATES DATA IS MISSING.
T  INDICATES TRACE AMOUNT.

$$
