000
CDUS43 KICT 282209
CLIICT


CLIMATE REPORT
NATIONAL WEATHER SERVICE WICHITA KS
508 PM CDT SUN SEP 28 2014


...................................

...THE WICHITA MID CONTINENT CLIMATE SUMMARY FOR SEPTEMBER 28 2014...
VALID TODAY AS OF 0500 PM LOCAL TIME.

CLIMATE NORMAL PERIOD 1981 TO 2010
CLIMATE RECORD PERIOD 1888 TO 2014


WEATHER ITEM   OBSERVED TIME   RECORD YEAR NORMAL DEPARTURE LAST
                VALUE   (LST)  VALUE       VALUE  FROM      YEAR
                                                  NORMAL
..................................................................
TEMPERATURE (F)
 TODAY
  MAXIMUM         86    337 PM 103    1953  77      9       78
  MINIMUM         60    519 AM  35    1967  54      6       51
  AVERAGE         73                        65      8       65

PRECIPITATION (IN)
  TODAY            0.00          1.37 1945   0.09  -0.09     0.45
  MONTH TO DATE    0.47                      2.95  -2.48     2.03
  SINCE SEP 1      0.47                      2.95  -2.48     2.03
  SINCE JAN 1     22.45                     27.04  -4.59    36.20

SNOWFALL (IN)
  TODAY            0.0           0.0  2007   0.0    0.0      0.0
  MONTH TO DATE    0.0                       0.0    0.0      0.0
  SINCE SEP 1      0.0                       0.0    0.0      0.0
  SINCE JUL 1      0.0                       0.0    0.0      0.0
  SNOW DEPTH       0

DEGREE DAYS
 HEATING
  TODAY            0                         3     -3        0
  MONTH TO DATE   20                        33    -13        0
  SINCE SEP 1     20                        33    -13        0
  SINCE JUL 1     21                        34    -13        1

 COOLING
  TODAY            8                         4      4        0
  MONTH TO DATE  255                       213     42      313
  SINCE SEP 1    255                       213     42      313
  SINCE JAN 1   1751                      1640    111     1726
..................................................................


WIND (MPH)
  HIGHEST WIND SPEED    16   HIGHEST WIND DIRECTION     S (170)
  HIGHEST GUST SPEED    20   HIGHEST GUST DIRECTION    SE (150)
  AVERAGE WIND SPEED     8.1


SKY COVER
  POSSIBLE SUNSHINE  MM
  AVERAGE SKY COVER 0.2


WEATHER CONDITIONS
 THE FOLLOWING WEATHER WAS RECORDED TODAY.
  NO SIGNIFICANT WEATHER WAS OBSERVED.


RELATIVE HUMIDITY (PERCENT)
 HIGHEST    84           600 AM
 LOWEST     29           400 PM
 AVERAGE    57

..........................................................


THE WICHITA MID CONTINENT CLIMATE NORMALS FOR TOMORROW
                         NORMAL    RECORD    YEAR
 MAXIMUM TEMPERATURE (F)   76        97      1998
                                             1994
 MINIMUM TEMPERATURE (F)   53        37      1984
                                             1972
                                             1908


SUNRISE AND SUNSET
SEPTEMBER 28 2014.....SUNRISE   723 AM CDT   SUNSET   717 PM CDT
SEPTEMBER 29 2014.....SUNRISE   723 AM CDT   SUNSET   716 PM CDT


-  INDICATES NEGATIVE NUMBERS.
R  INDICATES RECORD WAS SET OR TIED.
MM INDICATES DATA IS MISSING.
T  INDICATES TRACE AMOUNT.




$$
