000
CDUS43 KICT 280719
CLIICT

CLIMATE REPORT
NATIONAL WEATHER SERVICE WICHITA KS
217 AM CDT TUE OCT 28 2014


...................................

...THE WICHITA MID CONTINENT KS CLIMATE SUMMARY FOR OCTOBER 27 2014...

CLIMATE NORMAL PERIOD 1981 TO 2010
CLIMATE RECORD PERIOD 1888 TO 2014


WEATHER ITEM   OBSERVED TIME   RECORD YEAR NORMAL DEPARTURE LAST
                VALUE   (LST)  VALUE       VALUE  FROM      YEAR
                                                  NORMAL
..................................................................
TEMPERATURE (F)
 YESTERDAY
  MAXIMUM         72    328 PM  86    1922  66      6       67
  MINIMUM         56   1159 PM  23    1957  43     13       29
  AVERAGE         64                        54     10       48

PRECIPITATION (IN)
  YESTERDAY        0.00          1.09 2002   0.07  -0.07     0.00
  MONTH TO DATE    1.41                      2.50  -1.09     1.02
  SINCE SEP 1      1.88                      5.64  -3.76     3.05
  SINCE JAN 1     23.86                     29.73  -5.87    37.22

SNOWFALL (IN)
  YESTERDAY        0.0           0.0  2007   0.0    0.0      0.0
  MONTH TO DATE    0.0                       0.1   -0.1       T
  SINCE SEP 1      0.0                       0.1   -0.1       T
  SINCE JUL 1      0.0                       0.1   -0.1       T
  SNOW DEPTH       0

DEGREE DAYS
 HEATING
  YESTERDAY        1                        11    -10       17
  MONTH TO DATE   92                       195   -103      227
  SINCE SEP 1    112                       237   -125      231
  SINCE JUL 1    113                       238   -125      232

 COOLING
  YESTERDAY        0                         0      0        0
  MONTH TO DATE   78                        35     43       51
  SINCE SEP 1    353                       257     96      365
  SINCE JAN 1   1849                      1684    165     1778
..................................................................


WIND (MPH)
  HIGHEST WIND SPEED    28   HIGHEST WIND DIRECTION     N (350)
  HIGHEST GUST SPEED    35   HIGHEST GUST DIRECTION     N (340)
  AVERAGE WIND SPEED    13.4


SKY COVER
  POSSIBLE SUNSHINE  MM
  AVERAGE SKY COVER 0.8


WEATHER CONDITIONS
 THE FOLLOWING WEATHER WAS RECORDED YESTERDAY.
  NO SIGNIFICANT WEATHER WAS OBSERVED.


RELATIVE HUMIDITY (PERCENT)
 HIGHEST    64           700 PM
 LOWEST     38           200 PM
 AVERAGE    51

..........................................................


THE WICHITA MID CONTINENT KS CLIMATE NORMALS FOR TODAY
                         NORMAL    RECORD    YEAR
 MAXIMUM TEMPERATURE (F)   65        83      1938
 MINIMUM TEMPERATURE (F)   43        19      1925


SUNRISE AND SUNSET
OCTOBER 28 2014.......SUNRISE   751 AM CDT   SUNSET   636 PM CDT
OCTOBER 29 2014.......SUNRISE   752 AM CDT   SUNSET   635 PM CDT


-  INDICATES NEGATIVE NUMBERS.
R  INDICATES RECORD WAS SET OR TIED.
MM INDICATES DATA IS MISSING.
T  INDICATES TRACE AMOUNT.




$$
