000
CDUS43 KICT 210630
CLIICT


CLIMATE REPORT
NATIONAL WEATHER SERVICE WICHITA KS
130 AM CDT TUE MAR 21 2017


...................................

...THE WICHITA EISENHOWER NATIONAL CLIMATE SUMMARY FOR MARCH 20 2017...

CLIMATE NORMAL PERIOD 1981 TO 2010
CLIMATE RECORD PERIOD 1888 TO 2017


WEATHER ITEM   OBSERVED TIME   RECORD YEAR NORMAL DEPARTURE LAST
                VALUE   (LST)  VALUE       VALUE  FROM      YEAR
                                                  NORMAL
..................................................................
TEMPERATURE (F)
 YESTERDAY
  MAXIMUM         89R   337 PM  87    1907  59     30       50
  MINIMUM         53    644 AM  13    1965  36     17       28
  AVERAGE         71                        48     23       39

PRECIPITATION (IN)
  YESTERDAY        0.00          2.21 2007   0.09  -0.09     0.00
  MONTH TO DATE    0.02                      1.63  -1.61     0.91
  SINCE MAR 1      0.02                      1.63  -1.61     0.91
  SINCE JAN 1      3.64                      3.64   0.00     1.65

SNOWFALL (IN)
  YESTERDAY        0.0           4.1  1961   0.0    0.0      0.0
  MONTH TO DATE    T                         1.6   -1.6       T
  SINCE MAR 1      T                         1.6   -1.6       T
  SINCE JUL 1      2.0                      14.0  -12.0      0.8
  SNOW DEPTH       0

DEGREE DAYS
 HEATING
  YESTERDAY        0                        17    -17       26
  MONTH TO DATE  299                       405   -106      256
  SINCE MAR 1    299                       405   -106      256
  SINCE JUL 1   3143                      4045   -902     3106

 COOLING
  YESTERDAY        6                         0      6        0
  MONTH TO DATE   15                         0     15        3
  SINCE MAR 1     15                         0     15        3
  SINCE JAN 1     15                         0     15        3
..................................................................


WIND (MPH)
  HIGHEST WIND SPEED    22   HIGHEST WIND DIRECTION    NE (40)
  HIGHEST GUST SPEED    26   HIGHEST GUST DIRECTION    NE (40)
  AVERAGE WIND SPEED     8.9


SKY COVER
  POSSIBLE SUNSHINE  MM
  AVERAGE SKY COVER 0.4


WEATHER CONDITIONS
 THE FOLLOWING WEATHER WAS RECORDED YESTERDAY.
  FOG


RELATIVE HUMIDITY (PERCENT)
 HIGHEST   100           700 AM
 LOWEST     26           300 PM
 AVERAGE    63

..........................................................


THE WICHITA EISENHOWER NATIONAL CLIMATE NORMALS FOR TODAY
                         NORMAL    RECORD    YEAR
 MAXIMUM TEMPERATURE (F)   60        92      1916
 MINIMUM TEMPERATURE (F)   37        10      1974
                                             1913


SUNRISE AND SUNSET
MARCH 21 2017.........SUNRISE   731 AM CDT   SUNSET   743 PM CDT
MARCH 22 2017.........SUNRISE   730 AM CDT   SUNSET   744 PM CDT


-  INDICATES NEGATIVE NUMBERS.
R  INDICATES RECORD WAS SET OR TIED.
MM INDICATES DATA IS MISSING.
T  INDICATES TRACE AMOUNT.




$$
