381
CDUS43 KICT 302209
CLIICT


CLIMATE REPORT
NATIONAL WEATHER SERVICE WICHITA KS
509 PM CDT SUN APR 30 2017


...................................

...THE WICHITA EISENHOWER NATIONAL CLIMATE SUMMARY FOR APRIL 30 2017...
VALID TODAY AS OF 0500 PM LOCAL TIME.

CLIMATE NORMAL PERIOD 1981 TO 2010
CLIMATE RECORD PERIOD 1888 TO 2017


WEATHER ITEM   OBSERVED TIME   RECORD YEAR NORMAL DEPARTURE LAST
                VALUE   (LST)  VALUE       VALUE  FROM      YEAR
                                                  NORMAL
..................................................................
TEMPERATURE (F)
 TODAY
  MAXIMUM         49   1008 AM  91    1959  72    -23       64
  MINIMUM         42    402 AM  30    1907  50     -8       44
                                      1903
  AVERAGE         46                        61    -15       54

PRECIPITATION (IN)
  TODAY            0.29          2.26 1951   0.11   0.18     0.03
  MONTH TO DATE    7.25                      2.59   4.66     6.23
  SINCE MAR 1     10.75                      5.28   5.47     7.76
  SINCE JAN 1     14.37                      7.29   7.08     8.50

SNOWFALL (IN)
  TODAY           MM             0.0  2007   0.0   MM        0.0
  MONTH TO DATE    0.0                       0.2   -0.2      0.0
  SINCE MAR 1      T                         2.5   -2.5      3.5
  SINCE JUL 1      2.0                      14.9  -12.9      4.3
  SNOW DEPTH       0

DEGREE DAYS
 HEATING
  TODAY           19                         5     14       11
  MONTH TO DATE  235                       290    -55      174
  SINCE MAR 1    664                       868   -204      563
  SINCE JUL 1   3508                      4508  -1000     3413

 COOLING
  TODAY            0                         1     -1        0
  MONTH TO DATE   27                        24      3       30
  SINCE MAR 1     45                        26     19       37
  SINCE JAN 1     45                        26     19       37
..................................................................


WIND (MPH)
  HIGHEST WIND SPEED    36   HIGHEST WIND DIRECTION    NE (50)
  HIGHEST GUST SPEED    40   HIGHEST GUST DIRECTION    NE (50)
  AVERAGE WIND SPEED    15.4


SKY COVER
  POSSIBLE SUNSHINE  MM
  AVERAGE SKY COVER 1.0


WEATHER CONDITIONS
 THE FOLLOWING WEATHER WAS RECORDED TODAY.
  THUNDERSTORM
  HEAVY RAIN
  LIGHT RAIN
  FOG


RELATIVE HUMIDITY (PERCENT)
 HIGHEST   100           200 AM
 LOWEST     80          1000 AM
 AVERAGE    90

..........................................................


THE WICHITA EISENHOWER NATIONAL CLIMATE NORMALS FOR TOMORROW
                         NORMAL    RECORD    YEAR
 MAXIMUM TEMPERATURE (F)   72        91      1968
 MINIMUM TEMPERATURE (F)   50        27      1909


SUNRISE AND SUNSET
APRIL 30 2017.........SUNRISE   635 AM CDT   SUNSET   819 PM CDT
MAY  1 2017...........SUNRISE   634 AM CDT   SUNSET   820 PM CDT


-  INDICATES NEGATIVE NUMBERS.
R  INDICATES RECORD WAS SET OR TIED.
MM INDICATES DATA IS MISSING.
T  INDICATES TRACE AMOUNT.




$$
