000
CDUS43 KICT 222204
CLIICT


CLIMATE REPORT
NATIONAL WEATHER SERVICE WICHITA KS
504 PM CDT MON SEP 22 2014


...................................

...THE WICHITA MID CONTINENT CLIMATE SUMMARY FOR SEPTEMBER 22 2014...
VALID TODAY AS OF 0500 PM LOCAL TIME.

CLIMATE NORMAL PERIOD 1981 TO 2010
CLIMATE RECORD PERIOD 1888 TO 2014


WEATHER ITEM   OBSERVED TIME   RECORD YEAR NORMAL DEPARTURE LAST
                VALUE   (LST)  VALUE       VALUE  FROM      YEAR
                                                  NORMAL
..................................................................
TEMPERATURE (F)
 TODAY
  MAXIMUM         80    348 PM  97    1988  80      0       80
  MINIMUM         51    604 AM  32    1995  57     -6       53
  AVERAGE         66                        68     -2       67

PRECIPITATION (IN)
  TODAY            0.00          2.96 1968   0.11  -0.11     0.00
  MONTH TO DATE    0.17                      2.34  -2.17     1.58
  SINCE SEP 1      0.17                      2.34  -2.17     1.58
  SINCE JAN 1     22.15                     26.43  -4.28    35.75

SNOWFALL (IN)
  TODAY            0.0           0.0  2007   0.0    0.0      0.0
  MONTH TO DATE    0.0                       0.0    0.0      0.0
  SINCE SEP 1      0.0                       0.0    0.0      0.0
  SINCE JUL 1      0.0                       0.0    0.0      0.0
  SNOW DEPTH       0

DEGREE DAYS
 HEATING
  TODAY            0                         2     -2        0
  MONTH TO DATE   20                        16      4        0
  SINCE SEP 1     20                        16      4        0
  SINCE JUL 1     21                        17      4        1

 COOLING
  TODAY            1                         5     -4        2
  MONTH TO DATE  214                       187     27      275
  SINCE SEP 1    214                       187     27      275
  SINCE JAN 1   1710                      1614     96     1688
..................................................................


WIND (MPH)
  HIGHEST WIND SPEED    12   HIGHEST WIND DIRECTION    SE (140)
  HIGHEST GUST SPEED    15   HIGHEST GUST DIRECTION    SE (140)
  AVERAGE WIND SPEED     5.9


SKY COVER
  POSSIBLE SUNSHINE  MM
  AVERAGE SKY COVER 0.4


WEATHER CONDITIONS
 THE FOLLOWING WEATHER WAS RECORDED TODAY.
  NO SIGNIFICANT WEATHER WAS OBSERVED.


RELATIVE HUMIDITY (PERCENT)
 HIGHEST    77           500 AM
 LOWEST     28           200 PM
 AVERAGE    53

..........................................................


THE WICHITA MID CONTINENT CLIMATE NORMALS FOR TOMORROW
                         NORMAL    RECORD    YEAR
 MAXIMUM TEMPERATURE (F)   79        96      1933
                                             1926
 MINIMUM TEMPERATURE (F)   56        36      1995


SUNRISE AND SUNSET
SEPTEMBER 22 2014.....SUNRISE   717 AM CDT   SUNSET   727 PM CDT
SEPTEMBER 23 2014.....SUNRISE   718 AM CDT   SUNSET   725 PM CDT


-  INDICATES NEGATIVE NUMBERS.
R  INDICATES RECORD WAS SET OR TIED.
MM INDICATES DATA IS MISSING.
T  INDICATES TRACE AMOUNT.




$$
