000
CXUS53 KICT 040018 CCA
CLMICT

CLIMATE REPORT...CORRECTED NUMBER OF THUNDERSTORM DAYS
NATIONAL WEATHER SERVICE WICHITA KS
717 PM CDT WED SEP 3 2014

...................................

...THE WICHITA MID CONTINENT KS CLIMATE SUMMARY FOR THE MONTH OF AUGUST 2014...

CLIMATE NORMAL PERIOD 1981 TO 2010
CLIMATE RECORD PERIOD 1888 TO 2014

WEATHER         OBSERVED          NORMAL  DEPART  LAST YEAR`S
                 VALUE   DATE(S)  VALUE   FROM    VALUE  DATE(S)
                                          NORMAL
................................................................
TEMPERATURE (F)
RECORD
 HIGH             114   08/12/1936
 LOW               45   08/29/1893
HIGHEST           103   08/24                        103  08/31
LOWEST             59   08/12                         62  08/16
                                                          08/15
AVG. MAXIMUM     93.3              91.2     2.1     88.1
AVG. MINIMUM     68.7              68.8    -0.1     68.0
MEAN             81.0              80.0     1.0     78.1
DAYS MAX >= 90     25              17.8     7.2       14
DAYS MAX <= 32      0               0.0     0.0        0
DAYS MIN <= 32      0               0.0     0.0        0
DAYS MIN <= 0       0               0.0     0.0        0

PRECIPITATION (INCHES)
RECORD
 MAXIMUM        11.96   2005
 MINIMUM         0.00   1913
TOTALS           2.38              3.71   -1.33    10.63
DAILY AVG.       0.08              0.12   -0.04     0.34
DAYS >= .01         9               7.9     1.1       11
DAYS >= .10         6               5.1     0.9        9
DAYS >= .50         2               2.5    -0.5        7
DAYS >= 1.00        0               1.4    -1.4        5
GREATEST
 24 HR. TOTAL    0.89   08/06 TO 08/07

SNOWFALL (INCHES)
RECORDS
 TOTAL              T   2009
TOTALS            0.0               0.0     0.0      0.0
SINCE 7/1         0.0               0.0     0.0      0.0
SNOWDEPTH AVG.      0                MM      MM        0
DAYS >= 1.0         0               0.0     0.0        0
GREATEST
 SNOW DEPTH         0   MM                             0  MM
 24 HR TOTAL      0.0   08/31 TO 08/31               0.0

DEGREE_DAYS
HEATING TOTAL       0                 1      -1        0
 SINCE 7/1          1                 1       0        1
COOLING TOTAL     504               465      39      414
 SINCE 1/1       1496              1427      69     1413
.................................................................

WIND (MPH)
AVERAGE WIND SPEED              10.1
HIGHEST WIND SPEED/DIRECTION    38/170    DATE  08/31
HIGHEST GUST SPEED/DIRECTION    46/190    DATE  08/31

SKY COVER
POSSIBLE SUNSHINE (PERCENT)    0
AVERAGE SKY COVER           0.40
NUMBER OF DAYS FAIR           12
NUMBER OF DAYS PC             17
NUMBER OF DAYS CLOUDY          2

AVERAGE RH (PERCENT)     57

WEATHER CONDITIONS. NUMBER OF DAYS WITH
THUNDERSTORM             10     MIXED PRECIP               0
HEAVY RAIN                5     RAIN                      4
LIGHT RAIN               10     FREEZING RAIN              0
LT FREEZING RAIN          0     HAIL                       0
HEAVY SNOW                0     SNOW                       0
LIGHT SNOW                0     SLEET                      0
FOG                      12     FOG W/VIS <= 1/4 MILE      0
HAZE                      9

-  INDICATES NEGATIVE NUMBERS.
R  INDICATES RECORD WAS SET OR TIED.
MM INDICATES DATA IS MISSING.
T  INDICATES TRACE AMOUNT.

$$
