600
CXUS53 KICT 011140
CLMICT


CLIMATE REPORT
NATIONAL WEATHER SERVICE WICHITA KS
630 AM CDT SAT JUL 1 2017

...................................

...THE WICHITA EISENHOWER NATIONAL CLIMATE SUMMARY FOR THE MONTH OF JUNE 2017...

CLIMATE NORMAL PERIOD 1981 TO 2010
CLIMATE RECORD PERIOD 1888 TO 2017

WEATHER         OBSERVED          NORMAL  DEPART  LAST YEAR`S
                 VALUE   DATE(S)  VALUE   FROM    VALUE  DATE(S)
                                          NORMAL
................................................................
TEMPERATURE (F)
RECORD
 HIGH             110   06/30/1980
 LOW               43   06/02/1969
HIGHEST            95   06/16                        103  06/15
                        06/15
LOWEST             58   06/08                         58  06/06
AVG. MAXIMUM     88.6              86.7     1.9     92.8
AVG. MINIMUM     65.6              64.9     0.7     69.3
MEAN             77.1              75.8     1.3     81.1
DAYS MAX >= 90     15              10.5     4.5       24
DAYS MAX <= 32      0               0.0     0.0        0
DAYS MIN <= 32      0               0.0     0.0        0
DAYS MIN <= 0       0               0.0     0.0        0

PRECIPITATION (INCHES)
RECORD
 MAXIMUM        14.43   1923
 MINIMUM         0.00   1911
TOTALS           4.58              5.20   -0.62     2.83
DAILY AVG.       0.15              0.17   -0.02     0.09
DAYS >= .01        10              10.0     0.0        6
DAYS >= .10         7               7.1    -0.1        4
DAYS >= .50         4               3.7     0.3        2
DAYS >= 1.00        2               1.9     0.1        1
GREATEST
 24 HR. TOTAL    1.36   06/30 TO 06/30

SNOWFALL (INCHES)
RECORDS
 TOTAL              T   2011
                        0
                        0
TOTALS            0.0               0.0     0.0      0.0
SINCE 7/1         2.0              14.9   -12.9      4.3
SNOWDEPTH AVG.      0                 0       0        0
DAYS >= 1.0         0               0.0     0.0        0
GREATEST
 SNOW DEPTH         0   MM                             0  MM
 24 HR TOTAL      0.0   06/30 TO 06/30               0.0

DEGREE_DAYS
HEATING TOTAL       0                 6      -6        0
 SINCE 7/1       3584              4594   -1010     3504
COOLING TOTAL     370               329      41      486
 SINCE 1/1        526               465      61      616
.................................................................

WIND (MPH)
AVERAGE WIND SPEED              11.8
HIGHEST WIND SPEED/DIRECTION    44/040    DATE  06/17
HIGHEST GUST SPEED/DIRECTION    65/330    DATE  06/15

SKY COVER
POSSIBLE SUNSHINE (PERCENT)    0
AVERAGE SKY COVER           0.50
NUMBER OF DAYS FAIR            8
NUMBER OF DAYS PC             21
NUMBER OF DAYS CLOUDY          1

AVERAGE RH (PERCENT)     66

WEATHER CONDITIONS. NUMBER OF DAYS WITH
THUNDERSTORM              0     MIXED PRECIP               0
HEAVY RAIN                6     RAIN                       3
LIGHT RAIN               14     FREEZING RAIN              0
LT FREEZING RAIN          0     HAIL                       0
HEAVY SNOW                0     SNOW                       0
LIGHT SNOW                0     SLEET                      0
FOG                       8     FOG W/VIS <= 1/4 MILE      0
HAZE                      1

-  INDICATES NEGATIVE NUMBERS.
R  INDICATES RECORD WAS SET OR TIED.
MM INDICATES DATA IS MISSING.
T  INDICATES TRACE AMOUNT.

$$
