000
CXUS53 KICT 011619
CLMICT


CLIMATE REPORT
NATIONAL WEATHER SERVICE WICHITA KS
1109 AM CDT THU SEP 1 2016

...................................

...THE WICHITA EISENHOWER NATIONAL CLIMATE SUMMARY FOR THE MONTH OF AUGUST 2016...

CLIMATE NORMAL PERIOD 1981 TO 2010
CLIMATE RECORD PERIOD 1888 TO 2016

WEATHER         OBSERVED          NORMAL  DEPART  LAST YEAR`S
                 VALUE   DATE(S)  VALUE   FROM    VALUE  DATE(S)
                                          NORMAL
................................................................
TEMPERATURE (F)
RECORD
 HIGH             114   08/12/1936
 LOW               45   08/29/1893
HIGHEST           101   08/03                         MM  MM
LOWEST             57   08/21                         MM  MM
AVG. MAXIMUM     89.6              91.2    -1.6       MM
AVG. MINIMUM     70.2              68.8     1.4       MM
MEAN             79.9              80.0    -0.1       MM
DAYS MAX >= 90     14              17.8    -3.8       MM
DAYS MAX <= 32      0               0.0     0.0       MM
DAYS MIN <= 32      0               0.0     0.0       MM
DAYS MIN <= 0       0               0.0     0.0       MM

PRECIPITATION (INCHES)
RECORD
 MAXIMUM        11.96   2005
 MINIMUM         0.00   1913
TOTALS           8.28              3.71    4.57       MM
DAILY AVG.       0.27              0.12    0.15       MM
DAYS >= .01        12               7.9     4.1       MM
DAYS >= .10         5               5.1    -0.1       MM
DAYS >= .50         5               2.5     2.5       MM
DAYS >= 1.00        4               1.4     2.6       MM
GREATEST
 24 HR. TOTAL    3.45   08/07 TO 08/08

SNOWFALL (INCHES)
RECORDS
 TOTAL              T   2009
TOTALS            0.0               0.0     0.0       MM
SINCE 7/1         0.0               0.0     0.0       MM
SNOWDEPTH AVG.      0                MM      MM       MM
DAYS >= 1.0         0               0.0     0.0       MM
GREATEST
 SNOW DEPTH         0   MM                            MM  MM
 24 HR TOTAL      0.0   08/31 TO 08/31                MM

DEGREE_DAYS
HEATING TOTAL       0                 1      -1       MM
 SINCE 7/1          0                 1      -1       MM
COOLING TOTAL     468               465       3       MM
 SINCE 1/1       1672              1427     245       MM
.................................................................

WIND (MPH)
AVERAGE WIND SPEED              9.3
HIGHEST WIND SPEED/DIRECTION    31/180    DATE  08/23
HIGHEST GUST SPEED/DIRECTION    40/320    DATE  08/05

SKY COVER
POSSIBLE SUNSHINE (PERCENT)   MM
AVERAGE SKY COVER           0.50
NUMBER OF DAYS FAIR            5
NUMBER OF DAYS PC             21
NUMBER OF DAYS CLOUDY          5

AVERAGE RH (PERCENT)     70

WEATHER CONDITIONS. NUMBER OF DAYS WITH
THUNDERSTORM              0     MIXED PRECIP               0
HEAVY RAIN                5     RAIN                       6
LIGHT RAIN               13     FREEZING RAIN              0
LT FREEZING RAIN          0     HAIL                       0
HEAVY SNOW                0     SNOW                       0
LIGHT SNOW                0     SLEET                      0
FOG                       9     FOG W/VIS <= 1/4 MILE      0
HAZE                      3

-  INDICATES NEGATIVE NUMBERS.
R  INDICATES RECORD WAS SET OR TIED.
MM INDICATES DATA IS MISSING.
T  INDICATES TRACE AMOUNT.

$$
