000
CXUS53 KICT 011556
CLMICT


CLIMATE REPORT
NATIONAL WEATHER SERVICE WICHITA KS
1046 AM CDT THU AUG 1 2013

...................................

...THE WICHITA MID CONTINENT KS CLIMATE SUMMARY FOR THE MONTH OF JULY 2013...

CLIMATE NORMAL PERIOD 1981 TO 2010
CLIMATE RECORD PERIOD 1888 TO 2013

WEATHER         OBSERVED          NORMAL  DEPART  LAST YEAR`S
                 VALUE   DATE(S)  VALUE   FROM    VALUE  DATE(S)
                                          NORMAL
................................................................
TEMPERATURE (F)
RECORD
 HIGH             113   07/14/1954
 LOW               51   07/13/1975
                        07/05/1972
HIGHEST           107   07/09                        111  07/30
                                                          07/29
LOWEST             58   07/04                         69  07/13
                                                          07/12
AVG. MAXIMUM     90.4              92.3    -1.9    102.2
AVG. MINIMUM     68.6              69.8    -1.2     74.3
MEAN             79.5              81.1    -1.6     88.2
DAYS MAX >= 90     16              20.0    -4.0       31
DAYS MAX <= 32      0               0.0     0.0        0
DAYS MIN <= 32      0               0.0     0.0        0
DAYS MIN <= 0       0               0.0     0.0        0

PRECIPITATION (INCHES)
RECORD
 MAXIMUM        13.37   1950
 MINIMUM         0.05   1975
TOTALS           7.69              3.32    4.37     0.26
DAILY AVG.       0.25              0.11    0.14     0.01
DAYS >= .01        17               7.3     9.7        4
DAYS >= .10        10               5.0     5.0        1
DAYS >= .50         7               2.2     4.8        0
DAYS >= 1.00        3               1.0     2.0        0
GREATEST
 24 HR. TOTAL    2.17   07/25 TO 07/26

SNOWFALL (INCHES)
RECORDS
 TOTAL              T   2008
                        5
                        0
TOTALS            0.0               0.0     0.0      0.0
SINCE 7/1         0.0               0.0     0.0      0.0
SNOWDEPTH AVG.      0                MM      MM        0
DAYS >= 1.0         0               0.0     0.0        0
GREATEST
 SNOW DEPTH         0   MM                             0  MM
 24 HR TOTAL      0.0   07/31 TO 07/31               0.0

DEGREE_DAYS
HEATING TOTAL       1                 0       1        0
 SINCE 7/1          1                 0       1        0
COOLING TOTAL     459               497     -38      728
 SINCE 1/1        999               962      37     1551
.................................................................

WIND (MPH)
AVERAGE WIND SPEED              9.8
HIGHEST WIND SPEED/DIRECTION    41/010    DATE  07/23
HIGHEST GUST SPEED/DIRECTION    54/350    DATE  07/23

SKY COVER
POSSIBLE SUNSHINE (PERCENT)   MM
AVERAGE SKY COVER           0.60
NUMBER OF DAYS FAIR            4
NUMBER OF DAYS PC             23
NUMBER OF DAYS CLOUDY          4

AVERAGE RH (PERCENT)     66

WEATHER CONDITIONS. NUMBER OF DAYS WITH
THUNDERSTORM              0     MIXED PRECIP               0
HEAVY RAIN                7     RAIN                       6
LIGHT RAIN               19     FREEZING RAIN              0
LT FREEZING RAIN          0     HAIL                       0
HEAVY SNOW                0     SNOW                       0
LIGHT SNOW                0     SLEET                      0
FOG                      12     FOG W/VIS <= 1/4 MILE      0
HAZE                      2

-  INDICATES NEGATIVE NUMBERS.
R  INDICATES RECORD WAS SET OR TIED.
MM INDICATES DATA IS MISSING.
T  INDICATES TRACE AMOUNT.

$$
