000
CXUS53 KICT 011127
CLMICT

CLIMATE REPORT
NATIONAL WEATHER SERVICE WICHITA KS
523 AM CST TUE DEC 1 2015

...................................

...THE WICHITA EISENHOWER NATIONAL CLIMATE SUMMARY FOR THE MONTH OF NOVEMBER 2015...

CLIMATE NORMAL PERIOD 1981 TO 2010
CLIMATE RECORD PERIOD 1888 TO 2015

WEATHER         OBSERVED          NORMAL  DEPART  LAST YEAR`S
                 VALUE   DATE(S)  VALUE   FROM    VALUE  DATE(S)
                                          NORMAL
................................................................
TEMPERATURE (F)
RECORD
 HIGH              86   11/02/2012
                        11/08/2006
                        54/01/2206
 LOW                1   11/26/1975
HIGHEST            79   11/05                         77  11/10
LOWEST             24   11/22                          5  11/18
                        11/21
AVG. MAXIMUM     61.6              56.2     5.4     52.5
AVG. MINIMUM     38.4              34.6     3.8     28.9
MEAN             50.0              45.4     4.6     40.7
DAYS MAX >= 90      0               0.0     0.0        0
DAYS MAX <= 32      1               0.6     0.4        3
DAYS MIN <= 32      9              12.1    -3.1       19
DAYS MIN <= 0       0               0.0     0.0        0

PRECIPITATION (INCHES)
RECORD
 MAXIMUM         6.69   1909
 MINIMUM         0.00   1989
                        1954
                        1921
TOTALS           4.17              1.43    2.74     0.45
DAILY AVG.       0.14              0.05    0.09     0.01
DAYS >= .01         8               5.3     2.7        4
DAYS >= .10         6               2.5     3.5        2
DAYS >= .50         3               0.8     2.2        0
DAYS >= 1.00        1               0.5     0.5        0
GREATEST
 24 HR. TOTAL    2.30   11/26 TO 11/27

SNOWFALL (INCHES)
RECORDS
 TOTAL            9.0   1888
TOTALS            0.3               1.3    -1.0      1.8
SINCE 7/1         0.3               1.4    -1.1      1.8
SNOWDEPTH AVG.      0                MM      MM        0
DAYS >= 1.0         0               0.3    -0.3        1
GREATEST
 SNOW DEPTH         T   11/27                          2  11/16
 24 HR TOTAL      0.3   11/27 TO 11/27               1.8

DEGREE_DAYS
HEATING TOTAL     444               590    -146      717
 SINCE 7/1        569               876    -307      880
COOLING TOTAL       2                 2       0        0
 SINCE 1/1       1907              1686     221     1849
.................................................................

WIND (MPH)
AVERAGE WIND SPEED              12.8
HIGHEST WIND SPEED/DIRECTION    44/270    DATE  11/11
HIGHEST GUST SPEED/DIRECTION    55/280    DATE  11/11

SKY COVER
POSSIBLE SUNSHINE (PERCENT)   MM
AVERAGE SKY COVER           0.50
NUMBER OF DAYS FAIR           13
NUMBER OF DAYS PC              8
NUMBER OF DAYS CLOUDY          9

AVERAGE RH (PERCENT)     64

WEATHER CONDITIONS. NUMBER OF DAYS WITH
THUNDERSTORM              1     MIXED PRECIP               1
HEAVY RAIN                2     RAIN                       5
LIGHT RAIN                8     FREEZING RAIN              2
LT FREEZING RAIN          3     HAIL                       0
HEAVY SNOW                0     SNOW                       0
LIGHT SNOW                1     SLEET                      1
FOG                      12     FOG W/VIS <= 1/4 MILE      1
HAZE                      4

-  INDICATES NEGATIVE NUMBERS.
R  INDICATES RECORD WAS SET OR TIED.
MM INDICATES DATA IS MISSING.
T  INDICATES TRACE AMOUNT.

&&

...NOVEMBER CLIMATE HIGHLIGHTS: MILD AND WET...

WICHITA:

NOVEMBER 2015 WILL GO DOWN AS THE 12TH WARMEST NOVEMBER SINCE
RECORDS BEGAN IN 1888...TALLYING A MONTHLY AVERAGE TEMPERATURE OF
50.0 DEGREES...4.6 DEGREES WARMER THAN NORMAL. IT WAS THE WARMEST
NOVEMBER SINCE 2009. SUBTRACTING THE LATE MONTH COLD SNAP...THE
AIR CAPITAL TALLIED ITS 4TH WARMEST NOVEMBER THROUGH THE FIRST 26
DAYS. THE CITY EXPERIENCED 22 DAYS WITH HIGH TEMPERATURES 60
DEGREES OR WARMER...WHICH IS THE MOST OF ANY NOVEMBER ON
RECORD...AND ONLY 6 DAYS WERE COOLER THAN NORMAL (MOST OF THOSE
OCCURRING LATE IN THE MONTH). IN THE PRECIPITATION DEPARTMENT...IT
WAS THE 7TH WETTEST NOVEMBER ON RECORD...TALLYING 4.17 INCHES
WHICH WAS 2.74 INCHES WETTER THAN NORMAL. IT WAS THE WETTEST
NOVEMBER SINCE 1992. DAILY RECORDS SET INCLUDE A RECORD WARM LOW
TEMPERATURE OF 60 DEGREES SET ON THE 4TH...AND A PRECIPITATION
RECORD OF 2.17 INCHES ON THE 26TH. THIS WAS THE 7TH HIGHEST DAILY
PRECIPITATION TOTAL OF ANY NOVEMBER SINCE 1888.

SALINA:

NOVEMBER 2015 WILL GO DOWN AS THE 5TH WARMEST NOVEMBER SINCE
1894...TALLYING A MONTHLY AVERAGE TEMPERATURE OF 49.1
DEGREES...5.2 DEGREES WARMER THAN NORMAL. IT WAS THE WARMEST
NOVEMBER SINCE 2001. THE CITY EXPERIENCED 21 DAYS WITH HIGH
TEMPERATURES 60 DEGREES OR WARMER...WHICH IS THE 2ND MOST SINCE
1948...AND ONLY 7 DAYS WERE COOLER THAN NORMAL (MOST OF THOSE
OCCURRING LATE IN THE MONTH). IN THE PRECIPITATION DEPARTMENT...IT
WAS THE 13TH WETTEST NOVEMBER SINCE 1948...TALLYING 2.18 INCHES
WHICH WAS 0.93 INCHES WETTER THAN NORMAL. IT WAS THE WETTEST
NOVEMBER SINCE 2011. DAILY RECORDS SET INCLUDE RECORD WARM LOW
TEMPERATURES OF 60 AND 53 DEGREES SET ON THE 4TH AND
25TH...RESPECTIVELY...AND PRECIPITATION RECORDS OF 0.94 AND 0.91
INCHES ON THE 10TH AND 11TH...RESPECTIVELY.

CHANUTE:

NOVEMBER 2015 WILL GO DOWN AS THE 21ST WARMEST NOVEMBER SINCE
1894...TALLYING A MONTHLY AVERAGE TEMPERATURE OF 49.3
DEGREES...3.0 DEGREES WARMER THAN NORMAL. IT WAS THE WARMEST
NOVEMBER SINCE 2009. THE CITY EXPERIENCED 21 DAYS WITH HIGH
TEMPERATURES 60 DEGREES OR WARMER...WHICH IS TIED FOR 3RD MOST ON
RECORD...AND 9 DAYS WERE COOLER THAN NORMAL. IN THE PRECIPITATION
DEPARTMENT...IT WAS THE 12TH WETTEST NOVEMBER ON RECORD...TALLYING
5.49 INCHES WHICH WAS 2.99 INCHES WETTER THAN NORMAL. IT WAS THE
WETTEST NOVEMBER SINCE 2011. DAILY RECORDS SET INCLUDE A RECORD
WARM LOW TEMPERATURE OF 54 DEGREES...ON THE 25TH...AND A
PRECIPITATION RECORD OF 2.28 INCHES ON THE 26TH. THIS WAS THE 7TH
HIGHEST DAILY PRECIPITATION TOTAL OF ANY NOVEMBER SINCE 1894.

$$
