000
CXUS53 KICT 011230
CLMICT


CLIMATE REPORT
NATIONAL WEATHER SERVICE WICHITA KS
730 AM CDT SUN JUN 1 2014

...................................

...THE WICHITA MID CONTINENT KS CLIMATE SUMMARY FOR THE MONTH OF MAY 2014...

CLIMATE NORMAL PERIOD 1981 TO 2010
CLIMATE RECORD PERIOD 1888 TO 2014

WEATHER         OBSERVED          NORMAL  DEPART  LAST YEAR`S
                 VALUE   DATE(S)  VALUE   FROM    VALUE  DATE(S)
                                          NORMAL
................................................................
TEMPERATURE (F)
RECORD
 HIGH             102   05/04/2014
 LOW               27   05/01/1909
HIGHEST           102R  05/04                         89  05/14
LOWEST             35   05/02                         35  05/02
AVG. MAXIMUM     83.2              76.7     6.5     75.5
AVG. MINIMUM     56.9              55.2     1.7     54.4
MEAN             70.0              66.0     4.0     65.0
DAYS MAX >= 90     10               1.5     8.5        0
DAYS MAX <= 32      0               0.0     0.0        0
DAYS MIN <= 32      0               0.0     0.0        0
DAYS MIN <= 0       0               0.0     0.0        0

PRECIPITATION (INCHES)
RECORD
 MAXIMUM        13.14   2008
 MINIMUM         0.52   1973
TOTALS           4.06              4.57   -0.51     5.42
DAILY AVG.       0.13              0.15   -0.02     0.17
DAYS >= .01         9              11.4    -2.4        8
DAYS >= .10         6               7.1    -1.1        7
DAYS >= .50         3               3.2    -0.2        4
DAYS >= 1.00        1               1.4    -0.4        2
GREATEST
 24 HR. TOTAL    2.56   05/22 TO 05/23

SNOWFALL (INCHES)
RECORDS
 TOTAL              T   2013
                        2010
                        2008
TOTALS            0.0               0.0     0.0        T
SINCE 7/1        23.0              14.9     8.1     30.0
SNOWDEPTH AVG.      0                MM      MM        0
DAYS >= 1.0         0               0.0     0.0        0
GREATEST
 SNOW DEPTH         0   MM                             0  MM
 24 HR TOTAL      0.0   05/31 TO 05/31                 T

DEGREE_DAYS
HEATING TOTAL      73                80      -7      116
 SINCE 7/1       4939              4588     351     4474
COOLING TOTAL     234               110     124      122
 SINCE 1/1        267               136     131      138
.................................................................

WIND (MPH)
AVERAGE WIND SPEED              12.2
HIGHEST WIND SPEED/DIRECTION    38/180    DATE  05/19
HIGHEST GUST SPEED/DIRECTION    48/180    DATE  05/19

SKY COVER
POSSIBLE SUNSHINE (PERCENT)   MM
AVERAGE SKY COVER           0.50
NUMBER OF DAYS FAIR            6
NUMBER OF DAYS PC             19
NUMBER OF DAYS CLOUDY          6

AVERAGE RH (PERCENT)     57

WEATHER CONDITIONS. NUMBER OF DAYS WITH
THUNDERSTORM              0     MIXED PRECIP               0
HEAVY RAIN                4     RAIN                       4
LIGHT RAIN               10     FREEZING RAIN              0
LT FREEZING RAIN          0     HAIL                       0
HEAVY SNOW                0     SNOW                       0
LIGHT SNOW                0     SLEET                      0
FOG                      12     FOG W/VIS <= 1/4 MILE      0
HAZE                      8

-  INDICATES NEGATIVE NUMBERS.
R  INDICATES RECORD WAS SET OR TIED.
MM INDICATES DATA IS MISSING.
T  INDICATES TRACE AMOUNT.

$$
