000
CXUS53 KICT 021350
CLMICT

CLIMATE REPORT
NATIONAL WEATHER SERVICE WICHITA KS
850 AM CDT TUE MAY 2 2017

...................................

...THE WICHITA EISENHOWER NATIONAL CLIMATE SUMMARY FOR THE MONTH OF APRIL 2017...

CLIMATE NORMAL PERIOD 1981 TO 2010
CLIMATE RECORD PERIOD 1888 TO 2017

WEATHER         OBSERVED          NORMAL  DEPART  LAST YEAR`S
                 VALUE   DATE(S)  VALUE   FROM    VALUE  DATE(S)
                                          NORMAL
................................................................
TEMPERATURE (F)
RECORD
 HIGH              98   04/06/1893
 LOW               15   04/03/1975
                   15   04/03/1936
HIGHEST            82   04/19                         87  04/05
LOWEST             34   04/27                         27  04/02
AVG. MAXIMUM     68.2              67.7     0.5     72.4
AVG. MINIMUM     47.4              44.5     2.9     47.5
MEAN             57.8              56.1     1.7     60.0
DAYS MAX >= 90      0               0.4    -0.4        0
DAYS MAX <= 32      0               0.0     0.0        0
DAYS MIN <= 32      0               2.4    -2.4        1
DAYS MIN <= 0       0               0.0     0.0        0

PRECIPITATION (INCHES)
RECORD
 MAXIMUM        12.42   1944
 MINIMUM         0.22   1963
TOTALS           7.28              2.59    4.69     6.23
DAILY AVG.       0.24              0.09    0.15     0.21
DAYS >= .01        14               8.0     6.0        9
DAYS >= .10        11               4.9     6.1        6
DAYS >= .50         5               1.6     3.4        4
DAYS >= 1.00        3               0.6     2.4        3
GREATEST
 24 HR. TOTAL    2.05   04/16 TO 04/16
                        04/15 TO 04/16
                        04/16 TO 04/16

SNOWFALL (INCHES)
RECORDS
 TOTAL            6.5   1901
TOTALS            0.0               0.2    -0.2      0.0
SINCE 7/1         2.0              14.9   -12.9      4.3
SNOWDEPTH AVG.      0                 0       0        0
DAYS >= 1.0         0               0.0     0.0        0
GREATEST
 SNOW DEPTH         0   MM                             0  MM
 24 HR TOTAL      0.0   04/30 TO 04/30               0.0

DEGREE_DAYS
HEATING TOTAL     236               291     -55      174
 SINCE 7/1       3509              4508    -999     3413
COOLING TOTAL      27                24       3       30
 SINCE 1/1         45                26      19       37
.................................................................

WIND (MPH)
AVERAGE WIND SPEED              13.6
HIGHEST WIND SPEED/DIRECTION    37/180    DATE  04/24
HIGHEST GUST SPEED/DIRECTION    47/010    DATE  04/05

SKY COVER
POSSIBLE SUNSHINE (PERCENT)   MM
AVERAGE SKY COVER           0.70
NUMBER OF DAYS FAIR            4
NUMBER OF DAYS PC             17
NUMBER OF DAYS CLOUDY          9

AVERAGE RH (PERCENT)     73

WEATHER CONDITIONS. NUMBER OF DAYS WITH
THUNDERSTORM             11     MIXED PRECIP               0
HEAVY RAIN                7     RAIN                       8
LIGHT RAIN               21     FREEZING RAIN              0
LT FREEZING RAIN          0     HAIL                       1
HEAVY SNOW                0     SNOW                       0
LIGHT SNOW                0     SLEET                      0
FOG                      15     FOG W/VIS <= 1/4 MILE      0
HAZE                      2

-  INDICATES NEGATIVE NUMBERS.
R  INDICATES RECORD WAS SET OR TIED.
MM INDICATES DATA IS MISSING.
T  INDICATES TRACE AMOUNT.

$$

ES
