000
CXUS53 KICT 011342
CLMICT


CLIMATE REPORT
NATIONAL WEATHER SERVICE WICHITA KS
841 AM CDT SUN SEP 1 2013

...................................

...THE WICHITA MID CONTINENT KS CLIMATE SUMMARY FOR THE MONTH OF AUGUST 2013...

CLIMATE NORMAL PERIOD 1981 TO 2010
CLIMATE RECORD PERIOD 1888 TO 2013

WEATHER         OBSERVED          NORMAL  DEPART  LAST YEAR`S
                 VALUE   DATE(S)  VALUE   FROM    VALUE  DATE(S)
                                          NORMAL
................................................................
TEMPERATURE (F)
RECORD
 HIGH             114   08/12/1936
 LOW               45   08/29/1893
HIGHEST           103   08/31                        107  08/01
LOWEST             62   08/16                         54  08/20
                        08/15
AVG. MAXIMUM     88.1              91.2    -3.1     93.1
AVG. MINIMUM     68.0              68.8    -0.8     67.1
MEAN             78.1              80.0    -1.9     80.1
DAYS MAX >= 90     14              17.8    -3.8       22
DAYS MAX <= 32      0               0.0     0.0        0
DAYS MIN <= 32      0               0.0     0.0        0
DAYS MIN <= 0       0               0.0     0.0        0

PRECIPITATION (INCHES)
RECORD
 MAXIMUM        11.96   2005
 MINIMUM         0.00   1913
TOTALS          10.63              3.71    6.92     3.38
DAILY AVG.       0.34              0.12    0.22     0.11
DAYS >= .01        11               7.9     3.1        4
DAYS >= .10         9               5.1     3.9        3
DAYS >= .50         7               2.5     4.5        1
DAYS >= 1.00        5               1.4     3.6        1
GREATEST
 24 HR. TOTAL    3.46   08/03 TO 08/04

SNOWFALL (INCHES)
RECORDS
 TOTAL              T   2009
TOTALS            0.0               0.0     0.0      0.0
SINCE 7/1         0.0               0.0     0.0      0.0
SNOWDEPTH AVG.      0                MM      MM        0
DAYS >= 1.0         0               0.0     0.0        0
GREATEST
 SNOW DEPTH         0   MM                             0  MM
 24 HR TOTAL      0.0   08/31 TO 08/31               0.0

DEGREE_DAYS
HEATING TOTAL       0                 1      -1        0
 SINCE 7/1          1                 1       0        0
COOLING TOTAL     414               465     -51      477
 SINCE 1/1       1413              1427     -14     2028
.................................................................

WIND (MPH)
AVERAGE WIND SPEED              8.4
HIGHEST WIND SPEED/DIRECTION    37/290    DATE  08/06
HIGHEST GUST SPEED/DIRECTION    48/300    DATE  08/06

SKY COVER
POSSIBLE SUNSHINE (PERCENT)   MM
AVERAGE SKY COVER           0.50
NUMBER OF DAYS FAIR           12
NUMBER OF DAYS PC             13
NUMBER OF DAYS CLOUDY          6

AVERAGE RH (PERCENT)     72

WEATHER CONDITIONS. NUMBER OF DAYS WITH
THUNDERSTORM              0     MIXED PRECIP               0
HEAVY RAIN                7     RAIN                       7
LIGHT RAIN               13     FREEZING RAIN              0
LT FREEZING RAIN          0     HAIL                       0
HEAVY SNOW                0     SNOW                       0
LIGHT SNOW                0     SLEET                      0
FOG                      11     FOG W/VIS <= 1/4 MILE      0
HAZE                      0

-  INDICATES NEGATIVE NUMBERS.
R  INDICATES RECORD WAS SET OR TIED.
MM INDICATES DATA IS MISSING.
T  INDICATES TRACE AMOUNT.

$$
